{"id":713184,"date":"2025-08-27T17:04:54","date_gmt":"2025-08-27T14:04:54","guid":{"rendered":"https:\/\/roveyayinevi.com.tr\/index.php\/urun\/emperyalizm-ve-esitsiz-gelisme\/"},"modified":"2026-04-16T02:21:44","modified_gmt":"2026-04-15T23:21:44","slug":"emperyalizm-ve-esitsiz-gelisme","status":"publish","type":"product","link":"https:\/\/roveyayinevi.com.tr\/index.php\/urun\/emperyalizm-ve-esitsiz-gelisme\/","title":{"rendered":"Emperyalizm ve E\u015fitsiz Geli\u015fme"},"content":{"rendered":"<p>Samir Amin\u2019in 40 k\u00fcsur y\u0131l \u00f6nce yay\u0131mlad\u0131\u011f\u0131 Emperyalizm ve E\u015fitsiz Geli\u015fme, y\u0131llar i\u00e7erisinde \u00e7a\u011fda\u015f Marksizmin klasik eserleri aras\u0131na kat\u0131lm\u0131\u015f, \u00e7ok\u00e7a tart\u0131\u015f\u0131lm\u0131\u015f, konu hakk\u0131nda ba\u015fka kitap ve makalelere esin kayna\u011f\u0131 olmu\u015ftur.  Emperyalizm ve E\u015fitsiz Geli\u015fme, yazar\u0131n s\u00f6zleriyle \u201cEkonomizme ve Bat\u0131-merkezli bak\u0131\u015f a\u00e7\u0131s\u0131na kar\u015f\u0131 olan ilk \u00e7al\u0131\u015fman\u0131n d\u00fc\u015f\u00fcnce \u00e7izgisini izlemekte; antiemperyalist m\u00fccadelelerin radikalle\u015fmesinin bir sonucu olan Marksizmin yeniden do\u011fu\u015fu genel perspektifi i\u00e7inde yer almaktad\u0131r.\u201d D\u00f6nemin Stalinizm, Tro\u00e7kizm ve \u00c7in Devrimi kutupla\u015fmalar\u0131 i\u00e7erisinde siyasi tavr\u0131n\u0131 da belirterek yola \u00e7\u0131kan Amin, bu \u00f6nemli \u00e7al\u0131\u015fmas\u0131na mikroekonominin ele\u015ftirisi ile ba\u015flamakta ve ard\u0131ndan tar\u0131m ve toprak rant\u0131 sorununa e\u011filerek, kapitalist \u00fcretim tarz\u0131n\u0131n tar\u0131m \u00fczerinde kurdu\u011fu egemenli\u011fi anlatmakta ve azgeli\u015fmi\u015flik sorununa uzanmaktad\u0131r.  Azgeli\u015fmi\u015flik olgusunu, emperyalizmin farkl\u0131 evreleri ve bunal\u0131mlar\u0131 ba\u011flam\u0131nda de\u011ferlendiren Amin, bir d\u00f6nem \u00f6nemli tart\u0131\u015fmalar uyand\u0131ran merkez-\u00e7evre \u00fclkeleri ayr\u0131m\u0131na ve uluslararas\u0131 ticaretin rol\u00fcne de de\u011finerek ge\u00e7i\u015f sorunlar\u0131 ve sosyalizmin in\u015fas\u0131 konular\u0131n\u0131 ele almaktad\u0131r. Samir Amin, Emperyalizm ve E\u015fitsiz Geli\u015fme\u2019de teknoloji transferi, e\u011fitimin i\u015flevi, \u00fccretin belirlenmesi, e\u015fitsiz de\u011fi\u015fim ve e\u015fitsiz geli\u015fme gibi temel konular\u0131n\u0131 kapsaml\u0131 bir \u015fekilde tart\u0131\u015f\u0131rken, son b\u00f6l\u00fcmde \u201cde\u011ferlerin fiyatlara d\u00f6n\u00fc\u015f\u00fcm\u00fc\u201d ve \u201ck\u00e2r oranlar\u0131n\u0131n d\u00fc\u015f\u00fc\u015f\u00fc\u201d gibi Marx\u2019\u0131n Kapital\u2019inden hareketle s\u0131k\u00e7a tart\u0131\u015f\u0131lan sorun alanlar\u0131na da girmektedir.  Emperyalizm ve E\u015fitsiz Geli\u015fme, Ba\u011f\u0131ml\u0131l\u0131k Okulu\u2019nun kurucular\u0131ndan ve \u00e7a\u011fda\u015f Marksizmin en \u00f6nemli yazarlar\u0131ndan Samir Amin\u2019in muhakkak okunmas\u0131 gereken klasik bir yap\u0131t\u0131d\u0131r\u2026 <\/p>\n","protected":false},"excerpt":{"rendered":"<p>Samir Amin\u2019in 40 k\u00fcsur y\u0131l \u00f6nce yay\u0131mlad\u0131\u011f\u0131 Emperyalizm ve E\u015fitsiz Geli\u015fme, y\u0131llar i\u00e7erisinde \u00e7a\u011fda\u015f Marksizmin klasik eserleri aras\u0131na kat\u0131lm\u0131\u015f, \u00e7ok\u00e7a tart\u0131\u015f\u0131lm\u0131\u015f, konu hakk\u0131nda ba\u015fka kitap ve<span class=\"excerpt-hellip\"> [\u2026]<\/span><\/p>\n","protected":false},"featured_media":0,"template":"","meta":{"_monsterinsights_skip_tracking":false,"_monsterinsights_sitenote_active":false,"_monsterinsights_sitenote_note":"","_monsterinsights_sitenote_category":0},"product_brand":[],"product_cat":[12305,12304],"product_tag":[],"class_list":{"0":"post-713184","1":"product","2":"type-product","3":"status-publish","5":"product_cat-dunya-tarihi","6":"product_cat-tarih","7":"pa_cilt-ciltsiz","8":"pa_tur-kitap","9":"pa_yayinevi-yordam-kitap","10":"pa_yazar-samir-amin","12":"first","13":"instock","14":"sale","15":"shipping-taxable","16":"purchasable","17":"product-type-simple"},"_links":{"self":[{"href":"https:\/\/roveyayinevi.com.tr\/index.php\/wp-json\/wp\/v2\/product\/713184","targetHints":{"allow":["GET"]}}],"collection":[{"href":"https:\/\/roveyayinevi.com.tr\/index.php\/wp-json\/wp\/v2\/product"}],"about":[{"href":"https:\/\/roveyayinevi.com.tr\/index.php\/wp-json\/wp\/v2\/types\/product"}],"wp:attachment":[{"href":"https:\/\/roveyayinevi.com.tr\/index.php\/wp-json\/wp\/v2\/media?parent=713184"}],"wp:term":[{"taxonomy":"product_brand","embeddable":true,"href":"https:\/\/roveyayinevi.com.tr\/index.php\/wp-json\/wp\/v2\/product_brand?post=713184"},{"taxonomy":"product_cat","embeddable":true,"href":"https:\/\/roveyayinevi.com.tr\/index.php\/wp-json\/wp\/v2\/product_cat?post=713184"},{"taxonomy":"product_tag","embeddable":true,"href":"https:\/\/roveyayinevi.com.tr\/index.php\/wp-json\/wp\/v2\/product_tag?post=713184"}],"curies":[{"name":"wp","href":"https:\/\/api.w.org\/{rel}","templated":true}]}}