{"id":713176,"date":"2025-08-27T17:04:49","date_gmt":"2025-08-27T14:04:49","guid":{"rendered":"https:\/\/roveyayinevi.com.tr\/index.php\/urun\/eski-insanlar-eski-evler\/"},"modified":"2026-04-16T02:21:44","modified_gmt":"2026-04-15T23:21:44","slug":"eski-insanlar-eski-evler","status":"publish","type":"product","link":"https:\/\/roveyayinevi.com.tr\/index.php\/urun\/eski-insanlar-eski-evler\/","title":{"rendered":"Eski \u0130nsanlar Eski Evler"},"content":{"rendered":"<p>Eski \u0130nsanlar Eski Evler: 19. Y\u00fczy\u0131lda Beyo\u011flu\u2019nun Sosyal Topo\u011frafyas\u0131, Taksim Meydan\u2019\u0131ndan T\u00fcnel\u2019e kadar uzanan d\u00fcn\u00fcn Cadde-i Kebir\u2019i \u00fczerine yaz\u0131lm\u0131\u015f,19. Y\u00fczy\u0131l \u0130stanbul\u2019unda ticaret burjuvazisinin yerle\u015fim \u00e7evrelerini ele alan de\u011ferli bir kaynak. Said Naum-Duhani , bug\u00fcn bir \u201cta\u015f\u201dtan ibaret olan yap\u0131lar\u0131n ve o mekanlar\u0131n i\u00e7indeki \u201cinsanlar\u0131n\u201dhikayesini kap\u0131 kap\u0131 dola\u015farak birinci elden aktar\u0131yor.Bunu yaparken de bir \u201ckentsel atardamar\u201d olarak tan\u0131mlad\u0131\u011f\u0131 \u0130stiklal Caddesi\u2019ni \u00fc\u00e7 farkl\u0131 g\u00fczergahtan dola\u015farak Beyo\u011flu ve \u00e7evresindeki bat\u0131l\u0131la\u015fma d\u00f6nemi mimarl\u0131\u011f\u0131n\u0131n kentsek envanterini \u00e7\u0131kar\u0131yor.Cemal S\u00fcreyya\u2019n\u0131n usta \u00e7evirisiyle ve \u00c7elik G\u00fclersoy\u2019un e\u015fine az rastlan\u0131r portre yaz\u0131s\u0131 e\u015fli\u011finde\u2026 <\/p>\n","protected":false},"excerpt":{"rendered":"<p>Eski \u0130nsanlar Eski Evler: 19. Y\u00fczy\u0131lda Beyo\u011flu\u2019nun Sosyal Topo\u011frafyas\u0131, Taksim Meydan\u2019\u0131ndan T\u00fcnel\u2019e kadar uzanan d\u00fcn\u00fcn Cadde-i Kebir\u2019i \u00fczerine yaz\u0131lm\u0131\u015f,19. Y\u00fczy\u0131l \u0130stanbul\u2019unda ticaret burjuvazisinin yerle\u015fim \u00e7evrelerini ele<span class=\"excerpt-hellip\"> [\u2026]<\/span><\/p>\n","protected":false},"featured_media":0,"template":"","meta":{"_monsterinsights_skip_tracking":false,"_monsterinsights_sitenote_active":false,"_monsterinsights_sitenote_note":"","_monsterinsights_sitenote_category":0},"product_brand":[],"product_cat":[18545,12291],"product_tag":[],"class_list":{"0":"post-713176","1":"product","2":"type-product","3":"status-publish","5":"product_cat-anlati","6":"product_cat-edebiyat","7":"pa_cilt-ciltsiz","8":"pa_tur-kitap","9":"pa_yayinevi-kirmizi-kedi-yayinevi","10":"pa_yazar-said-naum-duhani","12":"first","13":"instock","14":"sale","15":"shipping-taxable","16":"purchasable","17":"product-type-simple"},"_links":{"self":[{"href":"https:\/\/roveyayinevi.com.tr\/index.php\/wp-json\/wp\/v2\/product\/713176","targetHints":{"allow":["GET"]}}],"collection":[{"href":"https:\/\/roveyayinevi.com.tr\/index.php\/wp-json\/wp\/v2\/product"}],"about":[{"href":"https:\/\/roveyayinevi.com.tr\/index.php\/wp-json\/wp\/v2\/types\/product"}],"wp:attachment":[{"href":"https:\/\/roveyayinevi.com.tr\/index.php\/wp-json\/wp\/v2\/media?parent=713176"}],"wp:term":[{"taxonomy":"product_brand","embeddable":true,"href":"https:\/\/roveyayinevi.com.tr\/index.php\/wp-json\/wp\/v2\/product_brand?post=713176"},{"taxonomy":"product_cat","embeddable":true,"href":"https:\/\/roveyayinevi.com.tr\/index.php\/wp-json\/wp\/v2\/product_cat?post=713176"},{"taxonomy":"product_tag","embeddable":true,"href":"https:\/\/roveyayinevi.com.tr\/index.php\/wp-json\/wp\/v2\/product_tag?post=713176"}],"curies":[{"name":"wp","href":"https:\/\/api.w.org\/{rel}","templated":true}]}}