{"id":713175,"date":"2025-08-27T17:04:49","date_gmt":"2025-08-27T14:04:49","guid":{"rendered":"https:\/\/roveyayinevi.com.tr\/index.php\/urun\/dogu-bati-82-sayi-faunaya-agit-hayvan\/"},"modified":"2026-04-16T02:21:44","modified_gmt":"2026-04-15T23:21:44","slug":"dogu-bati-82-sayi-faunaya-agit-hayvan","status":"publish","type":"product","link":"https:\/\/roveyayinevi.com.tr\/index.php\/urun\/dogu-bati-82-sayi-faunaya-agit-hayvan\/","title":{"rendered":"Do\u011fu-Bat\u0131 82. Say\u0131 Fauna&#8217;ya A\u011f\u0131t : Hayvan"},"content":{"rendered":"<p>G\u0130R\u0130\u015e EZG\u0130 BURGAN Bir \u201cBo\u011fa Sald\u0131r\u0131s\u0131\u201dndan \u201cAdam \u00d6ld\u00fcren Bo\u011fa\u201dya FELSEFE EMRE KOYUNCU Ac\u0131 \u00c7ekebilmek: Hayvan Meselesi Ba\u011flam\u0131nda Duyumsama Yetisinin Ahl\u00e2ki Yank\u0131lar\u0131   BURAK ESEN Kant Felsefesi ve Hayvan Haklar\u0131   CAN BATUKAN Hayvanlar\u0131n Diliyle Konu\u015fan \u0130nsan NAZ\u0130LE KALAYCI Hayvan: T\u00fcr m\u00fc Birey mi? EMRAH PEKSOY \u0130nsan, Hayvan, Ta\u015f: Nesne, Nesne, Nesne Hayvan Haklar\u0131na Yeni Bir Bak\u0131\u015f: Nesne Y\u00f6nelimli Ontoloji HAYVAN \u00d6ZG\u00dcRL\u00dc\u011e\u00dc CANSU \u00d6ZGE \u00d6ZMEN Bireylere Empati, Kitlelere \u00d6l\u00fcm S\u0130NAN AKILLI &amp; ADEM BALCI Biz Kim Oluyoruz?: Hayvan Haklar\u0131\/\u00d6zg\u00fcrl\u00fc\u011f\u00fc Savunuculu\u011fu ve \u0130nsanmerkezcilik Paradoksu SEZEN ERG\u0130N ZENG\u0130N \u0130nsan-Merkezcili\u011fin Y\u00fckseli\u015fi: Avc\u0131-Toplay\u0131c\u0131l\u0131ktanG\u00fcn\u00fcm\u00fcze Hayvan\u0131n De\u011fi\u015fen Stat\u00fcs\u00fc HAYVAN HAKLARI EROL KUYURTAR Hayvan Haklar\u0131 ve S\u0131na\u00ee \u00c7iftlikler   ENG\u0130N ARIKAN Etkile\u015fimde Oldu\u011fumuz Hayvanlar\u0131n Y\u00fczde 95\u2019i: End\u00fcstriyel \u00c7iftlik Hayvanlar\u0131n\u0131n Durumu, Etik Tart\u0131\u015fmalar ve \u00c7\u00f6z\u00fcm Yakla\u015f\u0131mlar\u0131 BURAK \u00d6ZG\u00dcNER Hayvan Soyk\u0131r\u0131m\u0131ndaki Pay\u0131m\u0131z\u0131n Fark\u0131nda m\u0131y\u0131z? EDEB\u0130YAT FAT\u0130H ALTU\u011e \u0130hv\u00e2n-\u0131 Saf\u00e2\u2019da Zoopolis ve Kozmopolis Kar\u015f\u0131 Kar\u015f\u0131ya NURAY TEK\u0130N Edebiyatta Hayvan Temsili: Yokluk Olarak Varolu\u015f HANDE SONS\u00d6Z Aynan\u0131n \u0130\u00e7inden: Nas\u0131l Bakarsak \u00d6yle G\u00f6r\u00fcr\u00fcz OYA BAYILTMI\u015e \u00d6\u011e\u00dcTC\u00dc Orta\u00e7a\u011f El Yazmalar\u0131nda Konu\u015fan Hayvanlar <\/p>\n","protected":false},"excerpt":{"rendered":"<p>G\u0130R\u0130\u015e EZG\u0130 BURGAN Bir \u201cBo\u011fa Sald\u0131r\u0131s\u0131\u201dndan \u201cAdam \u00d6ld\u00fcren Bo\u011fa\u201dya FELSEFE EMRE KOYUNCU Ac\u0131 \u00c7ekebilmek: Hayvan Meselesi Ba\u011flam\u0131nda Duyumsama Yetisinin Ahl\u00e2ki Yank\u0131lar\u0131 BURAK ESEN Kant Felsefesi ve<span class=\"excerpt-hellip\"> [\u2026]<\/span><\/p>\n","protected":false},"featured_media":0,"template":"","meta":{"_monsterinsights_skip_tracking":false,"_monsterinsights_sitenote_active":false,"_monsterinsights_sitenote_note":"","_monsterinsights_sitenote_category":0},"product_brand":[],"product_cat":[13527],"product_tag":[],"class_list":{"0":"post-713175","1":"product","2":"type-product","3":"status-publish","5":"product_cat-sureli-yayinlar","6":"pa_cilt-ciltsiz","7":"pa_tur-dergi","8":"pa_yayinevi-dogu-bati-dergileri","9":"pa_yazar-kollektif","11":"first","12":"instock","13":"sale","14":"shipping-taxable","15":"purchasable","16":"product-type-simple"},"_links":{"self":[{"href":"https:\/\/roveyayinevi.com.tr\/index.php\/wp-json\/wp\/v2\/product\/713175","targetHints":{"allow":["GET"]}}],"collection":[{"href":"https:\/\/roveyayinevi.com.tr\/index.php\/wp-json\/wp\/v2\/product"}],"about":[{"href":"https:\/\/roveyayinevi.com.tr\/index.php\/wp-json\/wp\/v2\/types\/product"}],"wp:attachment":[{"href":"https:\/\/roveyayinevi.com.tr\/index.php\/wp-json\/wp\/v2\/media?parent=713175"}],"wp:term":[{"taxonomy":"product_brand","embeddable":true,"href":"https:\/\/roveyayinevi.com.tr\/index.php\/wp-json\/wp\/v2\/product_brand?post=713175"},{"taxonomy":"product_cat","embeddable":true,"href":"https:\/\/roveyayinevi.com.tr\/index.php\/wp-json\/wp\/v2\/product_cat?post=713175"},{"taxonomy":"product_tag","embeddable":true,"href":"https:\/\/roveyayinevi.com.tr\/index.php\/wp-json\/wp\/v2\/product_tag?post=713175"}],"curies":[{"name":"wp","href":"https:\/\/api.w.org\/{rel}","templated":true}]}}