{"id":713173,"date":"2025-08-27T17:04:48","date_gmt":"2025-08-27T14:04:48","guid":{"rendered":"https:\/\/roveyayinevi.com.tr\/index.php\/urun\/bir-metamorfoz-oykusu-1980ler-ve-basin\/"},"modified":"2026-04-16T02:21:43","modified_gmt":"2026-04-15T23:21:43","slug":"bir-metamorfoz-oykusu-1980ler-ve-basin","status":"publish","type":"product","link":"https:\/\/roveyayinevi.com.tr\/index.php\/urun\/bir-metamorfoz-oykusu-1980ler-ve-basin\/","title":{"rendered":"Bir Metamorfoz \u00d6yk\u00fcs\u00fc &#8211; 1980\u2019ler Ve Bas\u0131n"},"content":{"rendered":"<p>1980\u2019lerle birlikte bas\u0131n gerek i\u00e7 yap\u0131sal,gerekse bas\u0131n iktidar ve okuyucu ili\u015fkileri a\u00e7\u0131s\u0131ndan \u00f6nemli bir ba\u015fkala\u015f\u0131m s\u00fcrecine girdi.Gazeteci haber ve genel olarak gzete kavramlar\u0131n\u0131 sorgulamam\u0131z\u0131 gerektiren bu s\u00fcre\u00e7 1990 lar t\u00fcrkiyesinin gazete protipini olu\u015fturdu her \u00e7a\u011f nas\u0131l kendi edebiyat\u0131n\u0131 \u015fiirini yarat\u0131yorsa 1980 lerden ba\u015flayarak T\u00fcrkiyedeki pek \u00e7ok de\u011fi\u015fim ve d\u00f6n\u00fc\u015f\u00fcm yeni okuyucu ve gazete tipinin olu\u015fmas\u0131na neden oldu. <\/p>\n","protected":false},"excerpt":{"rendered":"<p>1980\u2019lerle birlikte bas\u0131n gerek i\u00e7 yap\u0131sal,gerekse bas\u0131n iktidar ve okuyucu ili\u015fkileri a\u00e7\u0131s\u0131ndan \u00f6nemli bir ba\u015fkala\u015f\u0131m s\u00fcrecine girdi.Gazeteci haber ve genel olarak gzete kavramlar\u0131n\u0131 sorgulamam\u0131z\u0131 gerektiren bu<span class=\"excerpt-hellip\"> [\u2026]<\/span><\/p>\n","protected":false},"featured_media":0,"template":"","meta":{"_monsterinsights_skip_tracking":false,"_monsterinsights_sitenote_active":false,"_monsterinsights_sitenote_note":"","_monsterinsights_sitenote_category":0},"product_brand":[],"product_cat":[15983,13488],"product_tag":[],"class_list":{"0":"post-713173","1":"product","2":"type-product","3":"status-publish","5":"product_cat-iletisim-ve-medya","6":"product_cat-toplum-ve-insan","7":"pa_cilt-ciltsiz","8":"pa_tur-kitap","9":"pa_yayinevi-bilgin-kultur-sanat","10":"pa_yazar-sidika-yilmaz","12":"first","13":"instock","14":"sale","15":"shipping-taxable","16":"purchasable","17":"product-type-simple"},"_links":{"self":[{"href":"https:\/\/roveyayinevi.com.tr\/index.php\/wp-json\/wp\/v2\/product\/713173","targetHints":{"allow":["GET"]}}],"collection":[{"href":"https:\/\/roveyayinevi.com.tr\/index.php\/wp-json\/wp\/v2\/product"}],"about":[{"href":"https:\/\/roveyayinevi.com.tr\/index.php\/wp-json\/wp\/v2\/types\/product"}],"wp:attachment":[{"href":"https:\/\/roveyayinevi.com.tr\/index.php\/wp-json\/wp\/v2\/media?parent=713173"}],"wp:term":[{"taxonomy":"product_brand","embeddable":true,"href":"https:\/\/roveyayinevi.com.tr\/index.php\/wp-json\/wp\/v2\/product_brand?post=713173"},{"taxonomy":"product_cat","embeddable":true,"href":"https:\/\/roveyayinevi.com.tr\/index.php\/wp-json\/wp\/v2\/product_cat?post=713173"},{"taxonomy":"product_tag","embeddable":true,"href":"https:\/\/roveyayinevi.com.tr\/index.php\/wp-json\/wp\/v2\/product_tag?post=713173"}],"curies":[{"name":"wp","href":"https:\/\/api.w.org\/{rel}","templated":true}]}}