{"id":713165,"date":"2025-08-27T17:04:43","date_gmt":"2025-08-27T14:04:43","guid":{"rendered":"https:\/\/roveyayinevi.com.tr\/index.php\/urun\/usta-ve-margarita\/"},"modified":"2026-04-16T02:21:43","modified_gmt":"2026-04-15T23:21:43","slug":"usta-ve-margarita","status":"publish","type":"product","link":"https:\/\/roveyayinevi.com.tr\/index.php\/urun\/usta-ve-margarita\/","title":{"rendered":"Usta ve Margarita"},"content":{"rendered":"<p>1930\u2019lu y\u0131llarda Moskova\u2019da s\u0131cak bir bahar g\u00fcn\u00fc\u2026 G\u00fcnbat\u0131m\u0131na yak\u0131n saatlerde \u015eeytan, iyi giyimli ve yabanc\u0131 g\u00f6r\u00fcn\u00fcml\u00fc bir beyefendi k\u0131l\u0131\u011f\u0131nda \u015fehre iner ve kendini kara b\u00fcy\u00fc uzman\u0131 Profes\u00f6r Woland olarak tan\u0131t\u0131r. Onun garip maiyetiyle birlikte geli\u015fini, Sovyet ba\u015fkentini kas\u0131p kavuran bir dizi esrarengiz ve tekinsiz olay izler. Bulgakov 20. y\u00fczy\u0131l Rus edebiyat\u0131nda \u00e7\u0131\u011f\u0131r a\u00e7an roman\u0131nda, biri 1930\u2019lar\u0131n Moskova\u2019s\u0131nda, di\u011feri eski Kud\u00fcs\u2019te ge\u00e7en iki ayr\u0131 hik\u00e2ye aras\u0131nda ba\u015f d\u00f6nd\u00fcr\u00fcc\u00fc zikzaklar \u00e7izerek s\u00fcrd\u00fcr\u00fcr anlat\u0131s\u0131n\u0131. Stalin rejiminin en karanl\u0131k g\u00fcnlerinde yaz\u0131lan Usta ve Margarita, Sovyet ya\u015fam tarz\u0131na y\u00f6nelik keskin bir hiciv, dinsel bir alegori, komik bir fantezi oldu\u011fu kadar, dokunakl\u0131 bir a\u015fk \u00f6yk\u00fcs\u00fcd\u00fcr de ayn\u0131 zamanda. Bulgakov\u2019un ya\u015fam\u0131n\u0131n son g\u00fcnlerine dek \u00fczerinde \u00e7al\u0131\u015ft\u0131\u011f\u0131 roman, uzun s\u00fcre yasaklanm\u0131\u015f, yazar\u0131n \u00f6l\u00fcm\u00fcnden y\u0131llar sonra, \u00fcstelik sans\u00fcrlenmi\u015f haliyle 1966\u2019da yay\u0131mlanabilmi\u015ftir ancak. \ufffc<\/p>\n","protected":false},"excerpt":{"rendered":"<p>1930\u2019lu y\u0131llarda Moskova\u2019da s\u0131cak bir bahar g\u00fcn\u00fc\u2026 G\u00fcnbat\u0131m\u0131na yak\u0131n saatlerde \u015eeytan, iyi giyimli ve yabanc\u0131 g\u00f6r\u00fcn\u00fcml\u00fc bir beyefendi k\u0131l\u0131\u011f\u0131nda \u015fehre iner ve kendini kara b\u00fcy\u00fc uzman\u0131<span class=\"excerpt-hellip\"> [\u2026]<\/span><\/p>\n","protected":false},"featured_media":0,"template":"","meta":{"_monsterinsights_skip_tracking":false,"_monsterinsights_sitenote_active":false,"_monsterinsights_sitenote_note":"","_monsterinsights_sitenote_category":0},"product_brand":[],"product_cat":[12291,26797],"product_tag":[],"class_list":{"0":"post-713165","1":"product","2":"type-product","3":"status-publish","5":"product_cat-edebiyat","6":"product_cat-modern-klasikler","7":"pa_cilt-ciltsiz","8":"pa_tur-kitap","9":"pa_yayinevi-is-bankasi-kultur-yayinlari","10":"pa_yazar-mihail-bulgakov","12":"first","13":"instock","14":"sale","15":"shipping-taxable","16":"purchasable","17":"product-type-simple"},"_links":{"self":[{"href":"https:\/\/roveyayinevi.com.tr\/index.php\/wp-json\/wp\/v2\/product\/713165","targetHints":{"allow":["GET"]}}],"collection":[{"href":"https:\/\/roveyayinevi.com.tr\/index.php\/wp-json\/wp\/v2\/product"}],"about":[{"href":"https:\/\/roveyayinevi.com.tr\/index.php\/wp-json\/wp\/v2\/types\/product"}],"wp:attachment":[{"href":"https:\/\/roveyayinevi.com.tr\/index.php\/wp-json\/wp\/v2\/media?parent=713165"}],"wp:term":[{"taxonomy":"product_brand","embeddable":true,"href":"https:\/\/roveyayinevi.com.tr\/index.php\/wp-json\/wp\/v2\/product_brand?post=713165"},{"taxonomy":"product_cat","embeddable":true,"href":"https:\/\/roveyayinevi.com.tr\/index.php\/wp-json\/wp\/v2\/product_cat?post=713165"},{"taxonomy":"product_tag","embeddable":true,"href":"https:\/\/roveyayinevi.com.tr\/index.php\/wp-json\/wp\/v2\/product_tag?post=713165"}],"curies":[{"name":"wp","href":"https:\/\/api.w.org\/{rel}","templated":true}]}}