{"id":713162,"date":"2025-08-27T17:04:42","date_gmt":"2025-08-27T14:04:42","guid":{"rendered":"https:\/\/roveyayinevi.com.tr\/index.php\/urun\/galata\/"},"modified":"2026-01-20T02:39:53","modified_gmt":"2026-01-19T23:39:53","slug":"galata","status":"publish","type":"product","link":"https:\/\/roveyayinevi.com.tr\/index.php\/urun\/galata\/","title":{"rendered":"Galata"},"content":{"rendered":"<p>&#8220;Matrak\u00e7\u0131 Nasuh&#8217;un bir minyat\u00fcr\u00fcnde \u00fc\u00e7gene \u00e7al\u0131yor Galata. \u00dc\u00e7gen bir tepeye. Dik, engebeli, girintili, \u00e7\u0131k\u0131nt\u0131l\u0131. Sanki \u0130stanbul&#8217;a \u00f6zeniyordur, onun gibi k\u00f6rfezler, burunlar, koylar \u00e7\u0131k\u0131p, tepeler, vadiler inecektir. Hem bunun i\u00e7in de bir buruna benzemek isteyecek midir? H\u0131zla uzun, dik yollar ge\u00e7ip, a\u00e7\u0131k kapal\u0131 a\u00e7\u0131lar d\u00fc\u015f\u00fcr\u00fcp, hendekler, surlar kaz\u0131p, sonra da birden d\u00fc\u015fecektir: \u0130ncecik g\u00f6lgeler b\u0131rak\u0131p arkas\u0131nda: GALATA diye yazmak i\u00e7in ad\u0131n\u0131. Kendi dilinde.&#8221; \u0130lhan Berk&#8217;in Galata&#8217;s\u0131 ilk kez 1985&#8217;te yay\u0131mlanm\u0131\u015ft\u0131. Berk, kitab\u0131n\u0131 bir kez daha g\u00f6zden ge\u00e7irip t\u00fcm sesleri, ara ve arka sokaklar\u0131, eski yeni t\u00fcm kokular\u0131 ve sakinleriyle Galata&#8217;s\u0131n\u0131 bir kez daha okurun eline b\u0131rak\u0131yor. \ufffc<\/p>\n","protected":false},"excerpt":{"rendered":"<p>&#8220;Matrak\u00e7\u0131 Nasuh&#8217;un bir minyat\u00fcr\u00fcnde \u00fc\u00e7gene \u00e7al\u0131yor Galata. \u00dc\u00e7gen bir tepeye. Dik, engebeli, girintili, \u00e7\u0131k\u0131nt\u0131l\u0131. Sanki \u0130stanbul&#8217;a \u00f6zeniyordur, onun gibi k\u00f6rfezler, burunlar, koylar \u00e7\u0131k\u0131p, tepeler, vadiler inecektir.<span class=\"excerpt-hellip\"> [\u2026]<\/span><\/p>\n","protected":false},"featured_media":0,"template":"","meta":{"_monsterinsights_skip_tracking":false,"_monsterinsights_sitenote_active":false,"_monsterinsights_sitenote_note":"","_monsterinsights_sitenote_category":0},"product_brand":[],"product_cat":[13054,20153],"product_tag":[],"class_list":{"0":"post-713162","1":"product","2":"type-product","3":"status-publish","5":"product_cat-gezi-ve-rehber-kitaplari","6":"product_cat-istanbul-rehberi","7":"pa_cilt-ciltsiz","8":"pa_tur-kitap","9":"pa_yayinevi-yapi-kredi-yayinlari","10":"pa_yazar-ilhan-berk","12":"first","13":"instock","14":"sale","15":"shipping-taxable","16":"purchasable","17":"product-type-simple"},"_links":{"self":[{"href":"https:\/\/roveyayinevi.com.tr\/index.php\/wp-json\/wp\/v2\/product\/713162","targetHints":{"allow":["GET"]}}],"collection":[{"href":"https:\/\/roveyayinevi.com.tr\/index.php\/wp-json\/wp\/v2\/product"}],"about":[{"href":"https:\/\/roveyayinevi.com.tr\/index.php\/wp-json\/wp\/v2\/types\/product"}],"wp:attachment":[{"href":"https:\/\/roveyayinevi.com.tr\/index.php\/wp-json\/wp\/v2\/media?parent=713162"}],"wp:term":[{"taxonomy":"product_brand","embeddable":true,"href":"https:\/\/roveyayinevi.com.tr\/index.php\/wp-json\/wp\/v2\/product_brand?post=713162"},{"taxonomy":"product_cat","embeddable":true,"href":"https:\/\/roveyayinevi.com.tr\/index.php\/wp-json\/wp\/v2\/product_cat?post=713162"},{"taxonomy":"product_tag","embeddable":true,"href":"https:\/\/roveyayinevi.com.tr\/index.php\/wp-json\/wp\/v2\/product_tag?post=713162"}],"curies":[{"name":"wp","href":"https:\/\/api.w.org\/{rel}","templated":true}]}}