{"id":713153,"date":"2025-08-27T17:04:36","date_gmt":"2025-08-27T14:04:36","guid":{"rendered":"https:\/\/roveyayinevi.com.tr\/index.php\/urun\/maymun-kadar-aklim-olsa\/"},"modified":"2026-04-16T02:21:43","modified_gmt":"2026-04-15T23:21:43","slug":"maymun-kadar-aklim-olsa","status":"publish","type":"product","link":"https:\/\/roveyayinevi.com.tr\/index.php\/urun\/maymun-kadar-aklim-olsa\/","title":{"rendered":"Maymun Kadar Akl\u0131m Olsa"},"content":{"rendered":"<p>\u201cHararetle tavsiyemdir! \u00c7ok e\u011flenceli ve zihin a\u00e7\u0131c\u0131.\u201d \u2014AlexBoese, Kafas\u0131 G\u00fczel Filler\u2019in yazar\u0131 B\u00dcY\u00dcK \u0130LG\u0130 G\u00d6REN PSY-Q\u2019NUN YAZARINDAN! Toplan\u0131n! Profes\u00f6r Ben Ambridge\u2019in Psikoloji Sirki \u015fehre geldi!   Ak\u0131ll\u0131 kapu\u00e7inler! Psi\u015fik k\u00f6pekler! Solak filler! Dilbilimci yunuslar! Duygusal amipler! Ve evrimin daha nice ola\u011fan\u00fcst\u00fc \u00f6rne\u011fi! Psikologlar, zooloji biliminin s\u0131n\u0131rlar\u0131n\u0131 zorlayarak k\u00f6pekler i\u00e7in ki\u015filik testleri ve g\u00fcvercinler i\u00e7in mant\u0131k bulmacalar\u0131 haz\u0131rl\u0131yorlar; bal\u0131klara uzamsal mant\u0131k y\u00fcr\u00fctme problemleri veriyor, papa\u011fanlardan ritim tutmalar\u0131n\u0131 istiyorlar. Ben Ambridge bundan bir ad\u0131m ileri gidiyor. Maymun Kadar Akl\u0131m Olsa, onlarca interaktif bulmaca, test, oyun ve soru \u00fczerinden do\u011fan\u0131n harikalar\u0131na kar\u015f\u0131 kendinizi s\u0131nama f\u0131rsat\u0131 sunuyor! \u0130 Hayvanlar \u00e2lemindeki yerinize dair yarg\u0131lar\u0131n\u0131z\u0131 g\u00f6zden ge\u00e7irmeye \u2013ve bunu yaparken fazlas\u0131yla e\u011flenmeye\u2013 haz\u0131r m\u0131s\u0131n\u0131z? <\/p>\n","protected":false},"excerpt":{"rendered":"<p>\u201cHararetle tavsiyemdir! \u00c7ok e\u011flenceli ve zihin a\u00e7\u0131c\u0131.\u201d \u2014AlexBoese, Kafas\u0131 G\u00fczel Filler\u2019in yazar\u0131 B\u00dcY\u00dcK \u0130LG\u0130 G\u00d6REN PSY-Q\u2019NUN YAZARINDAN! Toplan\u0131n! Profes\u00f6r Ben Ambridge\u2019in Psikoloji Sirki \u015fehre geldi! Ak\u0131ll\u0131<span class=\"excerpt-hellip\"> [\u2026]<\/span><\/p>\n","protected":false},"featured_media":0,"template":"","meta":{"_monsterinsights_skip_tracking":false,"_monsterinsights_sitenote_active":false,"_monsterinsights_sitenote_note":"","_monsterinsights_sitenote_category":0},"product_brand":[],"product_cat":[13005,13006],"product_tag":[],"class_list":{"0":"post-713153","1":"product","2":"type-product","3":"status-publish","5":"product_cat-bilim-muhendislik","6":"product_cat-populer-bilim","7":"pa_cilt-ciltsiz","8":"pa_tur-kitap","9":"pa_yayinevi-domingo-yayinevi","10":"pa_yazar-ben-ambridge","12":"first","13":"instock","14":"sale","15":"shipping-taxable","16":"purchasable","17":"product-type-simple"},"_links":{"self":[{"href":"https:\/\/roveyayinevi.com.tr\/index.php\/wp-json\/wp\/v2\/product\/713153","targetHints":{"allow":["GET"]}}],"collection":[{"href":"https:\/\/roveyayinevi.com.tr\/index.php\/wp-json\/wp\/v2\/product"}],"about":[{"href":"https:\/\/roveyayinevi.com.tr\/index.php\/wp-json\/wp\/v2\/types\/product"}],"wp:attachment":[{"href":"https:\/\/roveyayinevi.com.tr\/index.php\/wp-json\/wp\/v2\/media?parent=713153"}],"wp:term":[{"taxonomy":"product_brand","embeddable":true,"href":"https:\/\/roveyayinevi.com.tr\/index.php\/wp-json\/wp\/v2\/product_brand?post=713153"},{"taxonomy":"product_cat","embeddable":true,"href":"https:\/\/roveyayinevi.com.tr\/index.php\/wp-json\/wp\/v2\/product_cat?post=713153"},{"taxonomy":"product_tag","embeddable":true,"href":"https:\/\/roveyayinevi.com.tr\/index.php\/wp-json\/wp\/v2\/product_tag?post=713153"}],"curies":[{"name":"wp","href":"https:\/\/api.w.org\/{rel}","templated":true}]}}