{"id":713148,"date":"2025-08-27T17:04:34","date_gmt":"2025-08-27T14:04:34","guid":{"rendered":"https:\/\/roveyayinevi.com.tr\/index.php\/urun\/sevdigim-kadin-adlari-gibi\/"},"modified":"2026-04-16T02:21:43","modified_gmt":"2026-04-15T23:21:43","slug":"sevdigim-kadin-adlari-gibi","status":"publish","type":"product","link":"https:\/\/roveyayinevi.com.tr\/index.php\/urun\/sevdigim-kadin-adlari-gibi\/","title":{"rendered":"Sevdi\u011fim Kad\u0131n Adlar\u0131 Gibi"},"content":{"rendered":"<p>\u0130rem da\u011f\u0131lan bir ilkokulun zili gibi bak bana * seni kimse anlam\u0131yor Duygu * Yasemin a\u015fkt\u0131 aral\u0131k kap\u0131lara anlatt\u0131\u011f\u0131n * \u00e7antanda bir s\u00fcr\u00fc anahtar var Lale * gemilerin y\u0131ld\u0131zlar\u0131 seyrediyor Arzu * bir g\u00f6kta\u015f\u0131n\u0131n t\u00fcyleri olsayd\u0131 Esin * bir \u0131rmak seni \u00e7a\u011f\u0131r\u0131yor Ay\u015feg\u00fcl * bir \u00e7ocu\u011fun denize f\u0131rlatt\u0131\u011f\u0131 bembeyaz mart\u0131 Pelin * her \u015feye yeniden ba\u015fla Leyla * araya r\u00fczg\u00e2rlar girse de Bur\u00e7ak * r\u00fczg\u00e2rda a\u00e7\u0131lan sa\u00e7\u0131n g\u00fczelli\u011fisin Ebru * b\u00fct\u00fcn o yollardan tek ba\u015f\u0131na ge\u00e7tim Naz * denize d\u00fc\u015fen y\u0131ld\u0131r\u0131m da sensin Alev * bu gece bu nehri korkmadan ge\u00e7men gerek Ece * ekmekle suyun \u00e7al\u0131nmad\u0131\u011f\u0131 yerde uyursun Burcu * \u00f6rt\u00fcs\u00fc alev alm\u0131\u015f masan\u0131n \u00fczerinde duran bir bardak su J\u00fclide * Zeynep neden a\u00e7may\u0131p yakt\u0131n sevgilinin g\u00f6nderdi\u011fi mektubu * Ay\u00e7a a\u011flay\u0131nca Hindistan\u2019a benziyorsun * dilimimi gagas\u0131 k\u0131r\u0131k bir mart\u0131yla payla\u015ft\u0131m Eyl\u00fcl * hep ba\u015fka birini bekledin Nisan * g\u00f6zlerine gitmiyor bindi\u011fim hi\u00e7bir vapur Deniz * gittik bir k\u0131r kahvesine oturduk Berna * sa\u00e7lar\u0131ndan bir adam d\u00fc\u015f\u00fcyordu Asl\u0131 * annen derin bir yara izi gibi uyuyor \u0130dil * soruyu dalg\u0131nl\u0131\u011f\u0131ma ver Nil\u00fcfer * \u201cg\u00f6z\u00fcmde bi\u2019 \u015fey var\u201d deyince sen Sevda * d\u00fc\u015fmemek i\u00e7in sa\u00e7lar\u0131na tutundu d\u00fcnya Elif * beni bu kentten g\u00f6t\u00fcr diyorsun Bahar * s\u0131k\u0131lan beyaz bir eldiven gibi yollar\u0131 kapad\u0131 kar Hale* Beg\u00fcm kanat takm\u0131\u015f saat senin ad\u0131n * Ya\u011fmur kimi zaman yanl\u0131\u015f yolcuyu al\u0131p giden bir trendir a\u015fk * anlars\u0131n yery\u00fcz\u00fc sestir Selin * annenin sesi \u00f6yle g\u00fczeldi ki Dilara * sevgilini gece da\u011f\u0131tt\u0131n kahvalt\u0131dan \u00f6nce toplamal\u0131s\u0131n R\u00fcya * Mine bir makas\u0131n a\u011fz\u0131ndan ald\u0131m seni * Eros sana da ok atm\u0131\u015f dediler Beliz * \u015eehrazat ad\u0131n f\u0131s\u0131ldan\u0131yor t\u00fcts\u00fcler yak\u0131lan bir sarayda <\/p>\n","protected":false},"excerpt":{"rendered":"<p>\u0130rem da\u011f\u0131lan bir ilkokulun zili gibi bak bana * seni kimse anlam\u0131yor Duygu * Yasemin a\u015fkt\u0131 aral\u0131k kap\u0131lara anlatt\u0131\u011f\u0131n * \u00e7antanda bir s\u00fcr\u00fc anahtar var Lale<span class=\"excerpt-hellip\"> [\u2026]<\/span><\/p>\n","protected":false},"featured_media":0,"template":"","meta":{"_monsterinsights_skip_tracking":false,"_monsterinsights_sitenote_active":false,"_monsterinsights_sitenote_note":"","_monsterinsights_sitenote_category":0},"product_brand":[],"product_cat":[12291,12509],"product_tag":[],"class_list":{"0":"post-713148","1":"product","2":"type-product","3":"status-publish","5":"product_cat-edebiyat","6":"product_cat-siir","7":"pa_cilt-ciltsiz","8":"pa_tur-kitap","9":"pa_yayinevi-kara-karga-yayinlari","10":"pa_yazar-akgun-akova","12":"first","13":"instock","14":"sale","15":"shipping-taxable","16":"purchasable","17":"product-type-simple"},"_links":{"self":[{"href":"https:\/\/roveyayinevi.com.tr\/index.php\/wp-json\/wp\/v2\/product\/713148","targetHints":{"allow":["GET"]}}],"collection":[{"href":"https:\/\/roveyayinevi.com.tr\/index.php\/wp-json\/wp\/v2\/product"}],"about":[{"href":"https:\/\/roveyayinevi.com.tr\/index.php\/wp-json\/wp\/v2\/types\/product"}],"wp:attachment":[{"href":"https:\/\/roveyayinevi.com.tr\/index.php\/wp-json\/wp\/v2\/media?parent=713148"}],"wp:term":[{"taxonomy":"product_brand","embeddable":true,"href":"https:\/\/roveyayinevi.com.tr\/index.php\/wp-json\/wp\/v2\/product_brand?post=713148"},{"taxonomy":"product_cat","embeddable":true,"href":"https:\/\/roveyayinevi.com.tr\/index.php\/wp-json\/wp\/v2\/product_cat?post=713148"},{"taxonomy":"product_tag","embeddable":true,"href":"https:\/\/roveyayinevi.com.tr\/index.php\/wp-json\/wp\/v2\/product_tag?post=713148"}],"curies":[{"name":"wp","href":"https:\/\/api.w.org\/{rel}","templated":true}]}}