{"id":713145,"date":"2025-08-27T17:04:32","date_gmt":"2025-08-27T14:04:32","guid":{"rendered":"https:\/\/roveyayinevi.com.tr\/index.php\/urun\/baba-bana-bagirma\/"},"modified":"2026-04-03T02:27:25","modified_gmt":"2026-04-02T23:27:25","slug":"baba-bana-bagirma","status":"publish","type":"product","link":"https:\/\/roveyayinevi.com.tr\/index.php\/urun\/baba-bana-bagirma\/","title":{"rendered":"Baba Bana Ba\u011f\u0131rma"},"content":{"rendered":"<p>hi\u00e7 kimse yan\u0131mda kal demiyorsa sana oltaya tak\u0131l\u0131r gibi vard\u0131\u011f\u0131n deniz kentleri bulutlarla evlenmi\u015f da\u011f yollar\u0131 a\u011f\u0131zlara s\u0131cak ekmek da\u011f\u0131tan \u015fu g\u00fczelim sabah hi\u00e7biri kal demiyorsa sana k\u0131rlar\u0131n kokusu, yol tutkusu, sonsuzluk duygusu a\u015fka d\u00fc\u015ft\u00fc\u011f\u00fcnde g\u00f6zlerinde biriken deliler kal demiyorsa birdenbire bir k\u0131rlang\u0131\u00e7 \u00e7akan \u015fim\u015fe\u011fin i\u00e7inden ge\u00e7erken kal demiyorsa senden h\u0131zl\u0131 k\u00fc\u00e7\u00fclen g\u00f6lgen k\u0131vr\u0131lan merdivenlere benzeyen kediler ve yaban otlar\u0131, ruhunun \u00fczerinde biten gel benimle kal demiyorsa bir zamanlar sana deli divane olan kad\u0131nlar karasevda gibi demlenmi\u015f \u00e7ay kumdan kalelere konan mart\u0131lar bunca zaman neredeydin neden ge\u00e7 geldin demektir bu sessizce anla <\/p>\n","protected":false},"excerpt":{"rendered":"<p>hi\u00e7 kimse yan\u0131mda kal demiyorsa sana oltaya tak\u0131l\u0131r gibi vard\u0131\u011f\u0131n deniz kentleri bulutlarla evlenmi\u015f da\u011f yollar\u0131 a\u011f\u0131zlara s\u0131cak ekmek da\u011f\u0131tan \u015fu g\u00fczelim sabah hi\u00e7biri kal demiyorsa<span class=\"excerpt-hellip\"> [\u2026]<\/span><\/p>\n","protected":false},"featured_media":0,"template":"","meta":{"_monsterinsights_skip_tracking":false,"_monsterinsights_sitenote_active":false,"_monsterinsights_sitenote_note":"","_monsterinsights_sitenote_category":0},"product_brand":[],"product_cat":[12291,12509],"product_tag":[],"class_list":{"0":"post-713145","1":"product","2":"type-product","3":"status-publish","5":"product_cat-edebiyat","6":"product_cat-siir","7":"pa_cilt-ciltsiz","8":"pa_tur-kitap","9":"pa_yayinevi-kara-karga-yayinlari","10":"pa_yazar-akgun-akova","12":"first","13":"instock","14":"sale","15":"shipping-taxable","16":"purchasable","17":"product-type-simple"},"_links":{"self":[{"href":"https:\/\/roveyayinevi.com.tr\/index.php\/wp-json\/wp\/v2\/product\/713145","targetHints":{"allow":["GET"]}}],"collection":[{"href":"https:\/\/roveyayinevi.com.tr\/index.php\/wp-json\/wp\/v2\/product"}],"about":[{"href":"https:\/\/roveyayinevi.com.tr\/index.php\/wp-json\/wp\/v2\/types\/product"}],"wp:attachment":[{"href":"https:\/\/roveyayinevi.com.tr\/index.php\/wp-json\/wp\/v2\/media?parent=713145"}],"wp:term":[{"taxonomy":"product_brand","embeddable":true,"href":"https:\/\/roveyayinevi.com.tr\/index.php\/wp-json\/wp\/v2\/product_brand?post=713145"},{"taxonomy":"product_cat","embeddable":true,"href":"https:\/\/roveyayinevi.com.tr\/index.php\/wp-json\/wp\/v2\/product_cat?post=713145"},{"taxonomy":"product_tag","embeddable":true,"href":"https:\/\/roveyayinevi.com.tr\/index.php\/wp-json\/wp\/v2\/product_tag?post=713145"}],"curies":[{"name":"wp","href":"https:\/\/api.w.org\/{rel}","templated":true}]}}