{"id":713137,"date":"2025-08-27T17:04:27","date_gmt":"2025-08-27T14:04:27","guid":{"rendered":"https:\/\/roveyayinevi.com.tr\/index.php\/urun\/renklerle-muzik-ve-keman-egitimi-oyunlarla-ogreniyorum\/"},"modified":"2026-04-16T02:21:43","modified_gmt":"2026-04-15T23:21:43","slug":"renklerle-muzik-ve-keman-egitimi-oyunlarla-ogreniyorum","status":"publish","type":"product","link":"https:\/\/roveyayinevi.com.tr\/index.php\/urun\/renklerle-muzik-ve-keman-egitimi-oyunlarla-ogreniyorum\/","title":{"rendered":"Renklerle M\u00fczik ve Keman E\u011fitimi Oyunlarla \u00d6\u011freniyorum"},"content":{"rendered":"<p>Renklerle M\u00fczik ve Keman E\u011fitimi Oyunlarla \u00d6\u011freniyorum \u201cB\u00fct\u00fcn d\u00fcnyan\u0131n ortak dili olan m\u00fczik dili ile ba\u015fka k\u00fclt\u00fcrdeki insanlarla kolayl\u0131kla anla\u015fabilir, duygular\u0131n\u0131z\u0131 aktarabilirsiniz.\u201d Erg\u00fcn \u00c7a\u011flar  Ba\u015far\u0131larla dolu m\u00fczik hayat\u0131na 1980 y\u0131l\u0131nda Hacettepe \u00dcniversitesi Devlet Konservatuvar\u0131n\u0131n a\u00e7m\u0131\u015f oldu\u011fu yetenek s\u0131nav\u0131n\u0131 kazanarak Cumhurba\u015fkanl\u0131\u011f\u0131 Senfoni Orkestras\u0131 konzertmeisteri Prof. Dr. Murat Tamer\u2019in \u00f6\u011frencisi olarak ba\u015flayan Erg\u00fcn \u00c7a\u011flar, m\u00fczik d\u00fcnyas\u0131nda pek \u00e7ok \u00fcnl\u00fc isim ile \u00e7al\u0131\u015fm\u0131\u015ft\u0131r. Bale ve operetlerde konzertmeisterlik yapm\u0131\u015f olan keman sanat\u00e7\u0131s\u0131, yurtd\u0131\u015f\u0131nda da \u00fclkemizi temsil etmi\u015ftir. \u015eimdi ise 2004 y\u0131l\u0131nda kurmu\u015f oldu\u011fu \u00c7a\u011flar \u00c7ocuk Senfonisi Orkestras\u0131\u2019yla hem yurti\u00e7inde hem de yurtd\u0131\u015f\u0131nda \u00e7al\u0131\u015fmalar yapmakta, konserler vermektedir. Yazar halen \u00c7a\u011flar M\u00fczik Kursu\u2019nda e\u011fitim vermeye devam etmektedir. Erg\u00fcn \u00c7a\u011flar\u2019\u0131n uzu y\u0131llara dayal\u0131 bilgi birikimi ve deneyiminin sonucunda ortaya \u00e7\u0131kan bu kitap sayesinde \u00e7ocuklar m\u00fczik ve keman\u0131n renkli d\u00fcnyas\u0131na giri\u015f yapacak. M\u00fczik yaz\u0131m\u0131nda kullan\u0131lan i\u015faret ve sembolleri oyunlar ve bulmacalarla kavrayacak olan \u00e7ocuklar, notalar\u0131n renklerle e\u015fle\u015ftirilerek i\u015flenmesi ve kitab\u0131n sonundaki renk \u00e7\u0131kartmalar\u0131 sayesinde, notalar\u0131 ve keman \u00e7almay\u0131 \u00e7ok kolay ve e\u011flenceli bir bi\u00e7imde \u00f6\u011frenecek. <\/p>\n","protected":false},"excerpt":{"rendered":"<p>Renklerle M\u00fczik ve Keman E\u011fitimi Oyunlarla \u00d6\u011freniyorum \u201cB\u00fct\u00fcn d\u00fcnyan\u0131n ortak dili olan m\u00fczik dili ile ba\u015fka k\u00fclt\u00fcrdeki insanlarla kolayl\u0131kla anla\u015fabilir, duygular\u0131n\u0131z\u0131 aktarabilirsiniz.\u201d Erg\u00fcn \u00c7a\u011flar Ba\u015far\u0131larla dolu<span class=\"excerpt-hellip\"> [\u2026]<\/span><\/p>\n","protected":false},"featured_media":0,"template":"","meta":{"_monsterinsights_skip_tracking":false,"_monsterinsights_sitenote_active":false,"_monsterinsights_sitenote_note":"","_monsterinsights_sitenote_category":0},"product_brand":[],"product_cat":[14556,14557],"product_tag":[],"class_list":{"0":"post-713137","1":"product","2":"type-product","3":"status-publish","5":"product_cat-muzik","6":"product_cat-nota-kitaplari","7":"pa_cilt-ciltsiz","8":"pa_tur-kitap","9":"pa_yayinevi-arkadas-yayinlari-muzik-kitaplari","10":"pa_yazar-ergun-cagar","12":"first","13":"instock","14":"sale","15":"shipping-taxable","16":"purchasable","17":"product-type-simple"},"_links":{"self":[{"href":"https:\/\/roveyayinevi.com.tr\/index.php\/wp-json\/wp\/v2\/product\/713137","targetHints":{"allow":["GET"]}}],"collection":[{"href":"https:\/\/roveyayinevi.com.tr\/index.php\/wp-json\/wp\/v2\/product"}],"about":[{"href":"https:\/\/roveyayinevi.com.tr\/index.php\/wp-json\/wp\/v2\/types\/product"}],"wp:attachment":[{"href":"https:\/\/roveyayinevi.com.tr\/index.php\/wp-json\/wp\/v2\/media?parent=713137"}],"wp:term":[{"taxonomy":"product_brand","embeddable":true,"href":"https:\/\/roveyayinevi.com.tr\/index.php\/wp-json\/wp\/v2\/product_brand?post=713137"},{"taxonomy":"product_cat","embeddable":true,"href":"https:\/\/roveyayinevi.com.tr\/index.php\/wp-json\/wp\/v2\/product_cat?post=713137"},{"taxonomy":"product_tag","embeddable":true,"href":"https:\/\/roveyayinevi.com.tr\/index.php\/wp-json\/wp\/v2\/product_tag?post=713137"}],"curies":[{"name":"wp","href":"https:\/\/api.w.org\/{rel}","templated":true}]}}