{"id":713125,"date":"2025-08-27T17:04:20","date_gmt":"2025-08-27T14:04:20","guid":{"rendered":"https:\/\/roveyayinevi.com.tr\/index.php\/urun\/hukukbilimin-politikasi-hukuk-felsefesine-elestirel-bir-giris\/"},"modified":"2026-04-16T02:21:42","modified_gmt":"2026-04-15T23:21:42","slug":"hukukbilimin-politikasi-hukuk-felsefesine-elestirel-bir-giris","status":"publish","type":"product","link":"https:\/\/roveyayinevi.com.tr\/index.php\/urun\/hukukbilimin-politikasi-hukuk-felsefesine-elestirel-bir-giris\/","title":{"rendered":"Hukukbilimin Politikas\u0131 &#8211; Hukuk Felsefesine Ele\u015ftirel Bir Giri\u015f"},"content":{"rendered":"<p>\u201cHer hukuk \u00f6\u011frencisi, konuya dair metinler ve tart\u0131\u015fmalar \u00fczerine ele\u015ftirel bir yorum i\u00e7eren bu kitab\u0131 okumaya te\u015fvik edilmelidir\u2026 Hukuk felsefesi metinlerinin farkl\u0131 yorumlar\u0131 daha \u00f6nce ileri s\u00fcr\u00fclm\u00fc\u015f olsalar da, Cotterrell\u2019in sentezi ve tefsiri en g\u00fc\u00e7l\u00fc ve en etkileyici yorumu sunuyor\u2026 [Cotterrell] hukukbilim alan\u0131n\u0131n politik bir ba\u011flamda anla\u015f\u0131lmas\u0131 gerekti\u011fi tezini ortaya koyuyor ve ufuk a\u00e7\u0131c\u0131 bi\u00e7imde savunuyor.\u201d International Journal of the Sociology of Law \u201cCotterrell\u2019in kitab\u0131, hukukbilime yeni ba\u015flayan yetkin hukuk \u00f6\u011frencilerinden tutun, hukuk\u00e7ulara, politikan\u0131n ve politika felsefesinin hukuki ve\u00e7heleriyle ilgilenen sorgulay\u0131c\u0131 zihinlere kadar uzanan bir okur yelpazesi i\u00e7in ciddi bir ilgi konusu olmal\u0131d\u0131r\u2026 Kitap hukuk teorilerini \u00f6yle ilgin\u00e7, al\u0131\u015f\u0131lmad\u0131k ve anla\u015f\u0131l\u0131r bir tarzda taray\u0131p sunuyor ki, okunmas\u0131n\u0131 zorunlu k\u0131l\u0131yor.\u201d Legal Studies Hukukbilimin Politikas\u0131 &#8211; Hukuk Felsefesine Ele\u015ftirel Bir Giri\u015f, hukukbilimin ne hakk\u0131nda oldu\u011funu, ne yapmaya \u00e7al\u0131\u015ft\u0131\u011f\u0131n\u0131, bunu nas\u0131l yapt\u0131\u011f\u0131n\u0131 ve -en \u00f6nemlisi- sonu\u00e7lar\u0131n\u0131n hukuk prati\u011finin g\u00fcndelik sorunlar\u0131yla ve b\u00fcy\u00fck sosyal, ahl\u00e2ki ve politik meselelerle nas\u0131l ilgili hale getirilebilece\u011fini ara\u015ft\u0131r\u0131yor. Hukuk teorisine y\u00f6nelik genel yakla\u015f\u0131mlar\u0131 \u00f6rneklemek ve s\u00f6z konusu teorinin profesyonel ve politik bak\u0131mdan kullan\u0131ma sokulma bi\u00e7imlerini ara\u015ft\u0131rmak \u00fczere kaynaklar\u0131 se\u00e7ime tabi tutuyor.<\/p>\n","protected":false},"excerpt":{"rendered":"<p>\u201cHer hukuk \u00f6\u011frencisi, konuya dair metinler ve tart\u0131\u015fmalar \u00fczerine ele\u015ftirel bir yorum i\u00e7eren bu kitab\u0131 okumaya te\u015fvik edilmelidir\u2026 Hukuk felsefesi metinlerinin farkl\u0131 yorumlar\u0131 daha \u00f6nce ileri<span class=\"excerpt-hellip\"> [\u2026]<\/span><\/p>\n","protected":false},"featured_media":0,"template":"","meta":{"_monsterinsights_skip_tracking":false,"_monsterinsights_sitenote_active":false,"_monsterinsights_sitenote_note":"","_monsterinsights_sitenote_category":0},"product_brand":[],"product_cat":[15350,17602],"product_tag":[],"class_list":{"0":"post-713125","1":"product","2":"type-product","3":"status-publish","5":"product_cat-hukuk","6":"product_cat-hukuk-uzerine","7":"pa_cilt-ciltsiz","8":"pa_tur-kitap","9":"pa_yayinevi-pinhan-yayincilik","10":"pa_yazar-roger-cotterrell","12":"first","13":"instock","14":"sale","15":"shipping-taxable","16":"purchasable","17":"product-type-simple"},"_links":{"self":[{"href":"https:\/\/roveyayinevi.com.tr\/index.php\/wp-json\/wp\/v2\/product\/713125","targetHints":{"allow":["GET"]}}],"collection":[{"href":"https:\/\/roveyayinevi.com.tr\/index.php\/wp-json\/wp\/v2\/product"}],"about":[{"href":"https:\/\/roveyayinevi.com.tr\/index.php\/wp-json\/wp\/v2\/types\/product"}],"wp:attachment":[{"href":"https:\/\/roveyayinevi.com.tr\/index.php\/wp-json\/wp\/v2\/media?parent=713125"}],"wp:term":[{"taxonomy":"product_brand","embeddable":true,"href":"https:\/\/roveyayinevi.com.tr\/index.php\/wp-json\/wp\/v2\/product_brand?post=713125"},{"taxonomy":"product_cat","embeddable":true,"href":"https:\/\/roveyayinevi.com.tr\/index.php\/wp-json\/wp\/v2\/product_cat?post=713125"},{"taxonomy":"product_tag","embeddable":true,"href":"https:\/\/roveyayinevi.com.tr\/index.php\/wp-json\/wp\/v2\/product_tag?post=713125"}],"curies":[{"name":"wp","href":"https:\/\/api.w.org\/{rel}","templated":true}]}}