{"id":713108,"date":"2025-08-27T17:04:11","date_gmt":"2025-08-27T14:04:11","guid":{"rendered":"https:\/\/roveyayinevi.com.tr\/index.php\/urun\/gokcenin-yolu\/"},"modified":"2026-04-16T02:21:42","modified_gmt":"2026-04-15T23:21:42","slug":"gokcenin-yolu","status":"publish","type":"product","link":"https:\/\/roveyayinevi.com.tr\/index.php\/urun\/gokcenin-yolu\/","title":{"rendered":"G\u00f6k\u00e7e&#8217;nin Yolu"},"content":{"rendered":"<p>\u00d6d\u00fcll\u00fc K\u00f6pr\u00fc Kitaplar koleksiyonun 21. kitab\u0131n\u0131 Ahmet B\u00fcke yazd\u0131!Do\u011fan\u0131n bir par\u00e7as\u0131 oldu\u011funu hissettik\u00e7e b\u00fcy\u00fcr \u00e7ocuklar.Edit\u00f6rl\u00fc\u011f\u00fcn\u00fc Semih G\u00fcm\u00fc\u015f&#8217;\u00fcn \u00fcstlendi\u011fi K\u00f6pr\u00fc Kitaplar koleksiyonu 21. kitaba ula\u015ft\u0131. Bir gencin orman\u0131n derinliklerinden ge\u00e7ip y\u00fcre\u011fine ula\u015fan yolculu\u011funu anlatan \u00f6d\u00fcll\u00fc \u00f6yk\u00fcc\u00fc Ahmet B\u00fcke, do\u011fan\u0131n iyile\u015ftirici g\u00fcc\u00fcn\u00fc b\u00fcy\u00fcl\u00fc ger\u00e7ek\u00e7i bir dille hat\u0131rlat\u0131yor. Avc\u0131l\u0131\u011f\u0131, \u00e7ocuk edebiyat\u0131m\u0131zda \u00f6rne\u011fine rastlanmayan incelikle ele\u015ftiren roman, kadim bilgileri y\u00fcceltiyor. Do\u011fayla i\u00e7 i\u00e7e, ba\u015fka bir hayat\u0131n m\u00fcmk\u00fcn oldu\u011funu her ya\u015ftan okura d\u00fc\u015f\u00fcnd\u00fcr\u00fcyor.Anne ve babas\u0131 y\u00fcz\u00fcnden akl\u0131 kar\u0131\u015fan G\u00f6k\u00e7e, yaz tatilini Maya Hala&#8217;n\u0131n yan\u0131nda ge\u00e7irmek i\u00e7in yola \u00e7\u0131kar. Bir orman k\u00f6y\u00fcnde, telefon ve internet olmadan ya\u015famak zorunlulu\u011fu can\u0131n\u0131 s\u0131ksa da, halan\u0131n dillere destan ki\u015fili\u011fi onu cezbetmektedir. G\u00f6k\u00e7e, g\u00fcnler ge\u00e7tik\u00e7e, yazlar\u0131 \u00e7obanl\u0131k yapan Ayhan&#8217;dan a\u011fa\u00e7lar\u0131n, y\u0131ld\u0131zlar\u0131n ad\u0131n\u0131 \u00f6\u011frenmeye ba\u015flar. Gizemli ormanda gezintiye \u00e7\u0131kt\u0131klar\u0131nda, Maya Hala&#8217;ya neden &#8220;Leylek Kad\u0131n&#8221; dendi\u011fini de anlayacakt\u0131r&#8230;&#8221;G\u00f6k\u00e7e&#8217;nin Yolu ne anlat\u0131yor? Bana kal\u0131rsa, hayat\u0131n bilinmezlerine giden kap\u0131lar\u0131n nas\u0131l a\u00e7\u0131laca\u011f\u0131n\u0131.&#8221;-Semih G\u00fcm\u00fc\u015f <\/p>\n","protected":false},"excerpt":{"rendered":"<p>\u00d6d\u00fcll\u00fc K\u00f6pr\u00fc Kitaplar koleksiyonun 21. kitab\u0131n\u0131 Ahmet B\u00fcke yazd\u0131!Do\u011fan\u0131n bir par\u00e7as\u0131 oldu\u011funu hissettik\u00e7e b\u00fcy\u00fcr \u00e7ocuklar.Edit\u00f6rl\u00fc\u011f\u00fcn\u00fc Semih G\u00fcm\u00fc\u015f&#8217;\u00fcn \u00fcstlendi\u011fi K\u00f6pr\u00fc Kitaplar koleksiyonu 21. kitaba ula\u015ft\u0131. Bir gencin<span class=\"excerpt-hellip\"> [\u2026]<\/span><\/p>\n","protected":false},"featured_media":0,"template":"","meta":{"_monsterinsights_skip_tracking":false,"_monsterinsights_sitenote_active":false,"_monsterinsights_sitenote_note":"","_monsterinsights_sitenote_category":0},"product_brand":[],"product_cat":[12291,15117],"product_tag":[],"class_list":{"0":"post-713108","1":"product","2":"type-product","3":"status-publish","5":"product_cat-edebiyat","6":"product_cat-genclik-edebiyati","7":"pa_cilt-ciltsiz","8":"pa_tur-kitap","9":"pa_yayinevi-gunisigi-kitapligi","10":"pa_yazar-ahmet-buke","12":"first","13":"instock","14":"sale","15":"shipping-taxable","16":"purchasable","17":"product-type-simple"},"_links":{"self":[{"href":"https:\/\/roveyayinevi.com.tr\/index.php\/wp-json\/wp\/v2\/product\/713108","targetHints":{"allow":["GET"]}}],"collection":[{"href":"https:\/\/roveyayinevi.com.tr\/index.php\/wp-json\/wp\/v2\/product"}],"about":[{"href":"https:\/\/roveyayinevi.com.tr\/index.php\/wp-json\/wp\/v2\/types\/product"}],"wp:attachment":[{"href":"https:\/\/roveyayinevi.com.tr\/index.php\/wp-json\/wp\/v2\/media?parent=713108"}],"wp:term":[{"taxonomy":"product_brand","embeddable":true,"href":"https:\/\/roveyayinevi.com.tr\/index.php\/wp-json\/wp\/v2\/product_brand?post=713108"},{"taxonomy":"product_cat","embeddable":true,"href":"https:\/\/roveyayinevi.com.tr\/index.php\/wp-json\/wp\/v2\/product_cat?post=713108"},{"taxonomy":"product_tag","embeddable":true,"href":"https:\/\/roveyayinevi.com.tr\/index.php\/wp-json\/wp\/v2\/product_tag?post=713108"}],"curies":[{"name":"wp","href":"https:\/\/api.w.org\/{rel}","templated":true}]}}