{"id":713100,"date":"2025-08-27T17:04:07","date_gmt":"2025-08-27T14:04:07","guid":{"rendered":"https:\/\/roveyayinevi.com.tr\/index.php\/urun\/kompleksite-ve-iktisat\/"},"modified":"2026-04-16T02:21:42","modified_gmt":"2026-04-15T23:21:42","slug":"kompleksite-ve-iktisat","status":"publish","type":"product","link":"https:\/\/roveyayinevi.com.tr\/index.php\/urun\/kompleksite-ve-iktisat\/","title":{"rendered":"Kompleksite ve \u0130ktisat"},"content":{"rendered":"<p>Ayd\u0131nlanma \u00e7a\u011f\u0131 ile birlikte ortaya \u00e7\u0131kan modern bilim anlay\u0131\u015f\u0131, insan\u0131n do\u011fa ile olan kadim m\u00fccadelesinde b\u00fcy\u00fck ba\u015far\u0131lar kazanmas\u0131n\u0131 sa\u011flad\u0131. Bunun verdi\u011fi g\u00fcvenle i\u00e7inde ya\u015fad\u0131\u011f\u0131 \u201csaat gibi i\u015fleyen\u201d evrenin kurallar\u0131n\u0131 bir g\u00fcn tam olarak ke\u015ffederek, ge\u00e7mi\u015f ve gelecekteki t\u00fcm olaylar\u0131 sonsuz bir kesinlikle belirleyebilece\u011fini d\u00fc\u015f\u00fcnmeye ba\u015flad\u0131. Ancak bir yandan kuantum mekani\u011fi ve kaosun ke\u015ffi, insan\u0131n \u201cmutlak determinizm\u201d hayalini suya d\u00fc\u015f\u00fcr\u00fcrken; \u00f6te yandan beynimizdeki n\u00f6ronlar\u0131n etkile\u015fimi sonucunda ortaya \u00e7\u0131kan \u201cbilin\u00e7\u201din veya kar\u0131ncalar\u0131n bir araya gelerek olu\u015fturdu\u011fu kolonilerin son derece kompleks davran\u0131\u015flar sergilemesi gibi olgular\u0131n a\u00e7\u0131klanmas\u0131nda yetersiz kalmas\u0131, olgular\u0131 bile\u015fenlerine ay\u0131rarak inceleyen \u201cindirgemeci\u201d bilim anlay\u0131\u015f\u0131n\u0131n yan\u0131nda, b\u00fct\u00fcnc\u00fcl olarak ele alan yeni bir bilim anlay\u0131\u015f\u0131n\u0131n gereklili\u011fini ortaya koydu. B\u00f6ylece, bir\u00e7ok bilim dal\u0131nda birbirinden ba\u011f\u0131ms\u0131z ger\u00e7ekle\u015fen bulu\u015flar\u0131n sonucunda; bile\u015fenler aras\u0131ndaki etkile\u015fimlerle\u201ckendili\u011finden organize olan\u201d ve \u201cbeliren\u201d yap\u0131lar\u0131 ve davran\u0131\u015flar\u0131n\u0131 inceleyen \u201ckompleksite bilimi\u201d ortaya \u00e7\u0131kt\u0131.Kompleksite biliminin getirdi\u011fi yeni ara\u00e7lar, di\u011fer t\u00fcm kompleks adaptif sistemler gibi, ekonominin de incelenmesi ve anla\u015f\u0131lmas\u0131 i\u00e7in yeni olanaklar sa\u011fl\u0131yor. Bu kitapta, kompleksite bilimi ve iktisad\u0131n kesi\u015fim noktalar\u0131 ortaya konularak, bu ara\u00e7lar\u0131n ekonomiyi incelemekte nas\u0131l kullan\u0131labilece\u011fi a\u00e7\u0131klan\u0131yor. <\/p>\n","protected":false},"excerpt":{"rendered":"<p>Ayd\u0131nlanma \u00e7a\u011f\u0131 ile birlikte ortaya \u00e7\u0131kan modern bilim anlay\u0131\u015f\u0131, insan\u0131n do\u011fa ile olan kadim m\u00fccadelesinde b\u00fcy\u00fck ba\u015far\u0131lar kazanmas\u0131n\u0131 sa\u011flad\u0131. Bunun verdi\u011fi g\u00fcvenle i\u00e7inde ya\u015fad\u0131\u011f\u0131 \u201csaat gibi<span class=\"excerpt-hellip\"> [\u2026]<\/span><\/p>\n","protected":false},"featured_media":0,"template":"","meta":{"_monsterinsights_skip_tracking":false,"_monsterinsights_sitenote_active":false,"_monsterinsights_sitenote_note":"","_monsterinsights_sitenote_category":0},"product_brand":[],"product_cat":[12573,12566],"product_tag":[],"class_list":{"0":"post-713100","1":"product","2":"type-product","3":"status-publish","5":"product_cat-akademik-kitaplar","6":"product_cat-egitim","7":"pa_cilt-ciltsiz","8":"pa_tur-kitap","9":"pa_yayinevi-efil-yayinevi","10":"pa_yazar-ercan-eren","12":"first","13":"instock","14":"sale","15":"shipping-taxable","16":"purchasable","17":"product-type-simple"},"_links":{"self":[{"href":"https:\/\/roveyayinevi.com.tr\/index.php\/wp-json\/wp\/v2\/product\/713100","targetHints":{"allow":["GET"]}}],"collection":[{"href":"https:\/\/roveyayinevi.com.tr\/index.php\/wp-json\/wp\/v2\/product"}],"about":[{"href":"https:\/\/roveyayinevi.com.tr\/index.php\/wp-json\/wp\/v2\/types\/product"}],"wp:attachment":[{"href":"https:\/\/roveyayinevi.com.tr\/index.php\/wp-json\/wp\/v2\/media?parent=713100"}],"wp:term":[{"taxonomy":"product_brand","embeddable":true,"href":"https:\/\/roveyayinevi.com.tr\/index.php\/wp-json\/wp\/v2\/product_brand?post=713100"},{"taxonomy":"product_cat","embeddable":true,"href":"https:\/\/roveyayinevi.com.tr\/index.php\/wp-json\/wp\/v2\/product_cat?post=713100"},{"taxonomy":"product_tag","embeddable":true,"href":"https:\/\/roveyayinevi.com.tr\/index.php\/wp-json\/wp\/v2\/product_tag?post=713100"}],"curies":[{"name":"wp","href":"https:\/\/api.w.org\/{rel}","templated":true}]}}