{"id":713095,"date":"2025-08-27T17:04:04","date_gmt":"2025-08-27T14:04:04","guid":{"rendered":"https:\/\/roveyayinevi.com.tr\/index.php\/urun\/darmadagin-ciltli\/"},"modified":"2026-04-16T02:21:42","modified_gmt":"2026-04-15T23:21:42","slug":"darmadagin-ciltli","status":"publish","type":"product","link":"https:\/\/roveyayinevi.com.tr\/index.php\/urun\/darmadagin-ciltli\/","title":{"rendered":"Darmada\u011f\u0131n (Ciltli)"},"content":{"rendered":"<p>Will Trent, Grant County\u2019ye ula\u015ft\u0131\u011f\u0131nda, kar\u015f\u0131s\u0131nda kendisini korumaya kararl\u0131 bir polis te\u015fkilat\u0131 bulur. Polis memuresi Lena Adams\u2019\u0131n saklad\u0131\u011f\u0131 s\u0131rlar\u0131n yan\u0131s\u0131ra, te\u015fkilat\u0131n g\u00f6zde polis \u015fefinin \u00f6l\u00fcm\u00fcn\u00fcn \u00fczerindeki ku\u015fkular hen\u00fcz da\u011f\u0131lmam\u0131\u015ft\u0131r. \u015eefin \u00f6l\u00fcm\u00fcyle dul kalan ve y\u0131llar sonra \u015e\u00fckran G\u00fcn\u00fc tatilinde ailesini g\u00f6rmeye kasabaya geri d\u00f6nen Dr. Sara Linton, g\u00f6zalt\u0131nda ya\u015fanan bir \u00f6l\u00fcm vakas\u0131n\u0131 \u00e7\u00f6zmek i\u00e7in Will Trent\u2019in yard\u0131m\u0131na ihtiya\u00e7 duyar. G\u00fcvenlik g\u00fc\u00e7leri bir yandan donmu\u015f g\u00f6lden \u00e7\u0131kar\u0131lan bir gen\u00e7 k\u0131z cesediyle ilgili soru\u015fturmay\u0131 y\u00fcr\u00fct\u00fcrken, Will Trent de kasaban\u0131n polis te\u015fkilat\u0131n\u0131 san\u0131k sandalyesine oturtur. Kararl\u0131 ve karma\u015f\u0131k iki kad\u0131n aras\u0131ndaki ki\u015fisel m\u00fccadelenin ortas\u0131nda kalan \u00f6zel ajan Will Trent, polis \u015fefi Tolliver\u2019\u0131n \u00f6l\u00fcm\u00fcne ili\u015fkin ger\u00e7ekleri ortaya \u00e7\u0131karmaya \u00e7al\u0131\u015f\u0131rken \u00e7ok daha tehlikeli, \u00f6l\u00fcmc\u00fcl bir s\u0131r perdesini aralayacakt\u0131r. D\u00fcnya \u00e7ap\u0131nda y\u00fcksek sat\u0131\u015f rakamlar\u0131 yakalayan usta polisiyeci Karin Slaughter\u2019\u0131n, \u00f6zel ajan Will Trent karakteri etraf\u0131nda geli\u015fen s\u00fcr\u00fckleyici serisi, Parampar\u00e7a ve Ac\u0131mas\u0131z\u2019dan sonra \u015fimdi de Darmada\u011f\u0131n\u2019la K\u0131rm\u0131z\u0131 Kedi taraf\u0131ndan yay\u0131mlanmaya devam ediyor. \u201cSlaughter duygusal gerilimi su\u0308rekli u\u0308st \u00e7izgide tutuyor.\u201d Publishers Weekly \u201cSlaughter gu\u0308nu\u0308mu\u0308zu\u0308n belki de en bu\u0308yu\u0308k kad\u0131n polisiye yazar\u0131.\u201d Library Journal Gen\u00e7 ku\u015fa\u011f\u0131n en sevilen polisiye yazarlar\u0131ndan olan Karin Slaughter\u2019\u0131n kitaplar\u0131 du\u0308nya \u00e7ap\u0131nda 32 dile \u00e7evrildi, 30 milyon okura ula\u015ft\u0131. Darmada\u011f\u0131n, t\u0131pk\u0131 Parampar\u00e7a ve Ac\u0131mas\u0131z gibi \u0130ngiltere ve Hollanda\u2019da \u00e7ok satanlar listesine bir numaradan girdi ve haftalarca kald\u0131. <\/p>\n","protected":false},"excerpt":{"rendered":"<p>Will Trent, Grant County\u2019ye ula\u015ft\u0131\u011f\u0131nda, kar\u015f\u0131s\u0131nda kendisini korumaya kararl\u0131 bir polis te\u015fkilat\u0131 bulur. Polis memuresi Lena Adams\u2019\u0131n saklad\u0131\u011f\u0131 s\u0131rlar\u0131n yan\u0131s\u0131ra, te\u015fkilat\u0131n g\u00f6zde polis \u015fefinin \u00f6l\u00fcm\u00fcn\u00fcn \u00fczerindeki<span class=\"excerpt-hellip\"> [\u2026]<\/span><\/p>\n","protected":false},"featured_media":0,"template":"","meta":{"_monsterinsights_skip_tracking":false,"_monsterinsights_sitenote_active":false,"_monsterinsights_sitenote_note":"","_monsterinsights_sitenote_category":0},"product_brand":[],"product_cat":[12291,15445],"product_tag":[],"class_list":{"0":"post-713095","1":"product","2":"type-product","3":"status-publish","5":"product_cat-edebiyat","6":"product_cat-polisiye","7":"pa_cilt-ciltli","8":"pa_tur-kitap","9":"pa_yayinevi-kirmizi-kedi-yayinevi","10":"pa_yazar-karin-slaughter","12":"first","13":"instock","14":"sale","15":"shipping-taxable","16":"purchasable","17":"product-type-simple"},"_links":{"self":[{"href":"https:\/\/roveyayinevi.com.tr\/index.php\/wp-json\/wp\/v2\/product\/713095","targetHints":{"allow":["GET"]}}],"collection":[{"href":"https:\/\/roveyayinevi.com.tr\/index.php\/wp-json\/wp\/v2\/product"}],"about":[{"href":"https:\/\/roveyayinevi.com.tr\/index.php\/wp-json\/wp\/v2\/types\/product"}],"wp:attachment":[{"href":"https:\/\/roveyayinevi.com.tr\/index.php\/wp-json\/wp\/v2\/media?parent=713095"}],"wp:term":[{"taxonomy":"product_brand","embeddable":true,"href":"https:\/\/roveyayinevi.com.tr\/index.php\/wp-json\/wp\/v2\/product_brand?post=713095"},{"taxonomy":"product_cat","embeddable":true,"href":"https:\/\/roveyayinevi.com.tr\/index.php\/wp-json\/wp\/v2\/product_cat?post=713095"},{"taxonomy":"product_tag","embeddable":true,"href":"https:\/\/roveyayinevi.com.tr\/index.php\/wp-json\/wp\/v2\/product_tag?post=713095"}],"curies":[{"name":"wp","href":"https:\/\/api.w.org\/{rel}","templated":true}]}}