{"id":713094,"date":"2025-08-27T17:04:03","date_gmt":"2025-08-27T14:04:03","guid":{"rendered":"https:\/\/roveyayinevi.com.tr\/index.php\/urun\/hayalim-neymar-1-evsiz-adam-ve-ne\/"},"modified":"2026-04-16T02:21:42","modified_gmt":"2026-04-15T23:21:42","slug":"hayalim-neymar-1-evsiz-adam-ve-ne","status":"publish","type":"product","link":"https:\/\/roveyayinevi.com.tr\/index.php\/urun\/hayalim-neymar-1-evsiz-adam-ve-ne\/","title":{"rendered":"Hayalim Neymar 1- Evsiz Adam ve Ne"},"content":{"rendered":"<p>Ko\u015fullar her ne olursa olsun hayal kurmaktan geri durmayan Neymar hayran\u0131 ne\u015feli, yoksul bir \u00e7ocuk. Ge\u00e7mi\u015fi hatalar silsilesiyle dolu mutsuz, evsiz bir adam. Bu ikilinin yollar\u0131 bir g\u00fcn kesi\u015firse neler olabilece\u011fini tahmin bile edemezsiniz. Hayalim Neymar 1 \u2013 Evsiz Adam ve NE. E\u011flenceli, komik, co\u015fkulu, duygusal ve de s\u00fcr\u00fckleyici&#8230; \ufffcTan\u0131t\u0131m Metni<\/p>\n","protected":false},"excerpt":{"rendered":"<p>Ko\u015fullar her ne olursa olsun hayal kurmaktan geri durmayan Neymar hayran\u0131 ne\u015feli, yoksul bir \u00e7ocuk. Ge\u00e7mi\u015fi hatalar silsilesiyle dolu mutsuz, evsiz bir adam. Bu ikilinin yollar\u0131<span class=\"excerpt-hellip\"> [\u2026]<\/span><\/p>\n","protected":false},"featured_media":0,"template":"","meta":{"_monsterinsights_skip_tracking":false,"_monsterinsights_sitenote_active":false,"_monsterinsights_sitenote_note":"","_monsterinsights_sitenote_category":0},"product_brand":[],"product_cat":[12275,12274],"product_tag":[],"class_list":{"0":"post-713094","1":"product","2":"type-product","3":"status-publish","5":"product_cat-6-12-yas-kitaplari","6":"product_cat-cocuk-ve-genclik-kitaplari","7":"pa_cilt-ciltsiz","8":"pa_tur-kitap","9":"pa_yayinevi-pinus-kitap","10":"pa_yazar-erkan-iseri","12":"first","13":"instock","14":"sale","15":"shipping-taxable","16":"purchasable","17":"product-type-simple"},"_links":{"self":[{"href":"https:\/\/roveyayinevi.com.tr\/index.php\/wp-json\/wp\/v2\/product\/713094","targetHints":{"allow":["GET"]}}],"collection":[{"href":"https:\/\/roveyayinevi.com.tr\/index.php\/wp-json\/wp\/v2\/product"}],"about":[{"href":"https:\/\/roveyayinevi.com.tr\/index.php\/wp-json\/wp\/v2\/types\/product"}],"wp:attachment":[{"href":"https:\/\/roveyayinevi.com.tr\/index.php\/wp-json\/wp\/v2\/media?parent=713094"}],"wp:term":[{"taxonomy":"product_brand","embeddable":true,"href":"https:\/\/roveyayinevi.com.tr\/index.php\/wp-json\/wp\/v2\/product_brand?post=713094"},{"taxonomy":"product_cat","embeddable":true,"href":"https:\/\/roveyayinevi.com.tr\/index.php\/wp-json\/wp\/v2\/product_cat?post=713094"},{"taxonomy":"product_tag","embeddable":true,"href":"https:\/\/roveyayinevi.com.tr\/index.php\/wp-json\/wp\/v2\/product_tag?post=713094"}],"curies":[{"name":"wp","href":"https:\/\/api.w.org\/{rel}","templated":true}]}}