{"id":713089,"date":"2025-08-27T17:04:00","date_gmt":"2025-08-27T14:04:00","guid":{"rendered":"https:\/\/roveyayinevi.com.tr\/index.php\/urun\/seytan-prens-javelin\/"},"modified":"2026-04-16T02:21:42","modified_gmt":"2026-04-15T23:21:42","slug":"seytan-prens-javelin","status":"publish","type":"product","link":"https:\/\/roveyayinevi.com.tr\/index.php\/urun\/seytan-prens-javelin\/","title":{"rendered":"\u015eeytan Prens Javelin"},"content":{"rendered":"<p>Ba\u015f Azrail melek birden silah\u0131n\u0131 g\u00f6ky\u00fcz\u00fcne kald\u0131rd\u0131. V\u00fccudunda yay\u0131lan enerji yo\u011funlu\u011fu artt\u0131k\u00e7a artt\u0131 ve g\u00f6\u011fe y\u00fckseldi.Y\u0131ld\u0131zlar h\u0131zla g\u00f6zden kaybolmaya ba\u015flad\u0131. Dolunay olan ay ile d\u00fcnya aras\u0131na koyu renkteki bulutlar girdi. \u015eim\u015fekler art ard\u0131na \u00e7ak\u0131yordu.Ankara\u2019n\u0131n \u00fcst\u00fc f\u0131rt\u0131na bulutlar\u0131 ile kaplanm\u0131\u015ft\u0131.R\u00fczg\u00e2r\u0131n h\u0131z\u0131 artt\u0131k\u00e7a art\u0131yordu.****\u0130kisi, g\u00f6ky\u00fcz\u00fcnde \u00e7akan \u015fim\u015feklerin ve g\u00f6k g\u00fcr\u00fclt\u00fclerinin aras\u0131nda \u00e7arp\u0131\u015fmaya ba\u015flad\u0131lar.Ba\u015f Azrail mele\u011finin ora\u011f\u0131, Javelin\u2019in siyah k\u0131l\u0131c\u0131na kar\u015f\u0131\u2026 <\/p>\n","protected":false},"excerpt":{"rendered":"<p>Ba\u015f Azrail melek birden silah\u0131n\u0131 g\u00f6ky\u00fcz\u00fcne kald\u0131rd\u0131. V\u00fccudunda yay\u0131lan enerji yo\u011funlu\u011fu artt\u0131k\u00e7a artt\u0131 ve g\u00f6\u011fe y\u00fckseldi.Y\u0131ld\u0131zlar h\u0131zla g\u00f6zden kaybolmaya ba\u015flad\u0131. Dolunay olan ay ile d\u00fcnya aras\u0131na<span class=\"excerpt-hellip\"> [\u2026]<\/span><\/p>\n","protected":false},"featured_media":0,"template":"","meta":{"_monsterinsights_skip_tracking":false,"_monsterinsights_sitenote_active":false,"_monsterinsights_sitenote_note":"","_monsterinsights_sitenote_category":0},"product_brand":[],"product_cat":[12291,14777],"product_tag":[],"class_list":{"0":"post-713089","1":"product","2":"type-product","3":"status-publish","5":"product_cat-edebiyat","6":"product_cat-fantastik","7":"pa_cilt-ciltsiz","8":"pa_tur-kitap","9":"pa_yayinevi-kozmostar","10":"pa_yazar-sevilay-kaya","12":"first","13":"instock","14":"sale","15":"shipping-taxable","16":"purchasable","17":"product-type-simple"},"_links":{"self":[{"href":"https:\/\/roveyayinevi.com.tr\/index.php\/wp-json\/wp\/v2\/product\/713089","targetHints":{"allow":["GET"]}}],"collection":[{"href":"https:\/\/roveyayinevi.com.tr\/index.php\/wp-json\/wp\/v2\/product"}],"about":[{"href":"https:\/\/roveyayinevi.com.tr\/index.php\/wp-json\/wp\/v2\/types\/product"}],"wp:attachment":[{"href":"https:\/\/roveyayinevi.com.tr\/index.php\/wp-json\/wp\/v2\/media?parent=713089"}],"wp:term":[{"taxonomy":"product_brand","embeddable":true,"href":"https:\/\/roveyayinevi.com.tr\/index.php\/wp-json\/wp\/v2\/product_brand?post=713089"},{"taxonomy":"product_cat","embeddable":true,"href":"https:\/\/roveyayinevi.com.tr\/index.php\/wp-json\/wp\/v2\/product_cat?post=713089"},{"taxonomy":"product_tag","embeddable":true,"href":"https:\/\/roveyayinevi.com.tr\/index.php\/wp-json\/wp\/v2\/product_tag?post=713089"}],"curies":[{"name":"wp","href":"https:\/\/api.w.org\/{rel}","templated":true}]}}