{"id":713079,"date":"2025-08-27T17:03:55","date_gmt":"2025-08-27T14:03:55","guid":{"rendered":"https:\/\/roveyayinevi.com.tr\/index.php\/urun\/ali-kopter-2-okulun-gozde-ogrencisiyim\/"},"modified":"2026-04-16T02:21:41","modified_gmt":"2026-04-15T23:21:41","slug":"ali-kopter-2-okulun-gozde-ogrencisiyim","status":"publish","type":"product","link":"https:\/\/roveyayinevi.com.tr\/index.php\/urun\/ali-kopter-2-okulun-gozde-ogrencisiyim\/","title":{"rendered":"Ali Kopter 2 &#8211; Okulun G\u00f6zde \u00d6\u011frencisiyim"},"content":{"rendered":"<p>Okul gazetesine haber yapacakt\u0131m ve ben bunu unutmu\u015ftum. Annemin ak\u015fam yapt\u0131\u011f\u0131 \u0131spana\u011f\u0131 yiyince akl\u0131ma geldi.Ne yapsayd\u0131m acaba? En iyisi k\u00e2\u011f\u0131t kalemimi al\u0131p mahalleye inmekti. \u0130lk hedefim Bakkal Ali Amca oldu.Ali Amca, okul gazetesi i\u00e7in sizinle r\u00f6portaj yapmak istiyorum, dedim.Peki, sor bakal\u0131m sorular\u0131n\u0131, dedi.Ispanak nedir?Ali Amca garip garip y\u00fcz\u00fcme bakt\u0131.Ispanak \u0131spanakt\u0131r o\u011flum. Bir bakkala neden bu soruyu soruyorsun? Manava sor sebzeyle ilgili bir \u015feyse\u2026Bu konu nereden tak\u0131ld\u0131 akl\u0131ma? Ispanak meselesine nereden tak\u0131ld\u0131m ben.Allah\u2019tan hik\u00e2ye b\u00f6yle ilerlemedi. Ali amca tak\u0131ld\u0131\u011f\u0131m yerden beni kurtard\u0131 ve bana harika bir r\u00f6portaj verdi.Sonras\u0131nda ne mi oldu? R\u00f6portaj\u0131m okulun g\u00fcndemine bomba gibi d\u00fc\u015ft\u00fc. Bir anda okulun en g\u00f6zde \u00f6\u011frencisi oldum. <\/p>\n","protected":false},"excerpt":{"rendered":"<p>Okul gazetesine haber yapacakt\u0131m ve ben bunu unutmu\u015ftum. Annemin ak\u015fam yapt\u0131\u011f\u0131 \u0131spana\u011f\u0131 yiyince akl\u0131ma geldi.Ne yapsayd\u0131m acaba? En iyisi k\u00e2\u011f\u0131t kalemimi al\u0131p mahalleye inmekti. \u0130lk hedefim<span class=\"excerpt-hellip\"> [\u2026]<\/span><\/p>\n","protected":false},"featured_media":0,"template":"","meta":{"_monsterinsights_skip_tracking":false,"_monsterinsights_sitenote_active":false,"_monsterinsights_sitenote_note":"","_monsterinsights_sitenote_category":0},"product_brand":[],"product_cat":[12274,12284],"product_tag":[],"class_list":{"0":"post-713079","1":"product","2":"type-product","3":"status-publish","5":"product_cat-cocuk-ve-genclik-kitaplari","6":"product_cat-hikayeler","7":"pa_cilt-ciltsiz","8":"pa_tur-kitap","9":"pa_yayinevi-ugurbocegi-yayinlari","10":"pa_yazar-sebnem-guler-karacan","12":"first","13":"instock","14":"sale","15":"shipping-taxable","16":"purchasable","17":"product-type-simple"},"_links":{"self":[{"href":"https:\/\/roveyayinevi.com.tr\/index.php\/wp-json\/wp\/v2\/product\/713079","targetHints":{"allow":["GET"]}}],"collection":[{"href":"https:\/\/roveyayinevi.com.tr\/index.php\/wp-json\/wp\/v2\/product"}],"about":[{"href":"https:\/\/roveyayinevi.com.tr\/index.php\/wp-json\/wp\/v2\/types\/product"}],"wp:attachment":[{"href":"https:\/\/roveyayinevi.com.tr\/index.php\/wp-json\/wp\/v2\/media?parent=713079"}],"wp:term":[{"taxonomy":"product_brand","embeddable":true,"href":"https:\/\/roveyayinevi.com.tr\/index.php\/wp-json\/wp\/v2\/product_brand?post=713079"},{"taxonomy":"product_cat","embeddable":true,"href":"https:\/\/roveyayinevi.com.tr\/index.php\/wp-json\/wp\/v2\/product_cat?post=713079"},{"taxonomy":"product_tag","embeddable":true,"href":"https:\/\/roveyayinevi.com.tr\/index.php\/wp-json\/wp\/v2\/product_tag?post=713079"}],"curies":[{"name":"wp","href":"https:\/\/api.w.org\/{rel}","templated":true}]}}