{"id":713069,"date":"2025-08-27T17:03:49","date_gmt":"2025-08-27T14:03:49","guid":{"rendered":"https:\/\/roveyayinevi.com.tr\/index.php\/urun\/aman-dikkat-zeka-bulmacalari-7-fasikul-1000-bulmaca\/"},"modified":"2026-04-16T02:21:41","modified_gmt":"2026-04-15T23:21:41","slug":"aman-dikkat-zeka-bulmacalari-7-fasikul-1000-bulmaca","status":"publish","type":"product","link":"https:\/\/roveyayinevi.com.tr\/index.php\/urun\/aman-dikkat-zeka-bulmacalari-7-fasikul-1000-bulmaca\/","title":{"rendered":"Aman Dikkat! &#8211; Zeka Bulmacalar\u0131 7 Fasik\u00fcl &#8211; 1000 Bulmaca"},"content":{"rendered":"<p>Pes Etme! Fasik\u00fcllerindeki bulmacalar: Apartmanlar, Kakuro, Kare Karalamaca, K\u00f6\u015fegenler, Lambalar, \u00dc\u00e7l\u00fc Bloklar, Karma Bulmacalar.Zeka oyunlar\u0131 ve sorular\u0131 yazar\u0131 Ahmet Bilal Yaprakdal&#8217;\u0131n yeni bulmaca serisi Pes Etme!, Aman Dikkat! ve Ha Gayret! isimlerinde \u00fc\u00e7 ayr\u0131 kutudan olu\u015fuyor.Her bir kutuda 7 fasik\u00fcl, 6 farkl\u0131 bulmaca t\u00fcr\u00fc ve toplamda 1000 zeka bulmacas\u0131 var.G\u00fcnde 1 saatinizi ay\u0131rsan\u0131z bile, 1 y\u0131lda ancak 1 kutuyu bitirebiliyorsunuz!Sivri zekalar i\u00e7in ger\u00e7ek bir meydan okuma!- Tar\u0131k Uslu (Acayip \u015eeyler Dizisi&#8217;nin yazar\u0131) <\/p>\n","protected":false},"excerpt":{"rendered":"<p>Pes Etme! Fasik\u00fcllerindeki bulmacalar: Apartmanlar, Kakuro, Kare Karalamaca, K\u00f6\u015fegenler, Lambalar, \u00dc\u00e7l\u00fc Bloklar, Karma Bulmacalar.Zeka oyunlar\u0131 ve sorular\u0131 yazar\u0131 Ahmet Bilal Yaprakdal&#8217;\u0131n yeni bulmaca serisi Pes Etme!,<span class=\"excerpt-hellip\"> [\u2026]<\/span><\/p>\n","protected":false},"featured_media":0,"template":"","meta":{"_monsterinsights_skip_tracking":false,"_monsterinsights_sitenote_active":false,"_monsterinsights_sitenote_note":"","_monsterinsights_sitenote_category":0},"product_brand":[],"product_cat":[12274,24599],"product_tag":[],"class_list":{"0":"post-713069","1":"product","2":"type-product","3":"status-publish","5":"product_cat-cocuk-ve-genclik-kitaplari","6":"product_cat-zeka-gelisimi","7":"pa_cilt-set","8":"pa_tur-kitap","9":"pa_yayinevi-ugurbocegi-yayinlari","10":"pa_yazar-ahmet-bilal-yaprakdal","12":"first","13":"instock","14":"sale","15":"shipping-taxable","16":"purchasable","17":"product-type-simple"},"_links":{"self":[{"href":"https:\/\/roveyayinevi.com.tr\/index.php\/wp-json\/wp\/v2\/product\/713069","targetHints":{"allow":["GET"]}}],"collection":[{"href":"https:\/\/roveyayinevi.com.tr\/index.php\/wp-json\/wp\/v2\/product"}],"about":[{"href":"https:\/\/roveyayinevi.com.tr\/index.php\/wp-json\/wp\/v2\/types\/product"}],"wp:attachment":[{"href":"https:\/\/roveyayinevi.com.tr\/index.php\/wp-json\/wp\/v2\/media?parent=713069"}],"wp:term":[{"taxonomy":"product_brand","embeddable":true,"href":"https:\/\/roveyayinevi.com.tr\/index.php\/wp-json\/wp\/v2\/product_brand?post=713069"},{"taxonomy":"product_cat","embeddable":true,"href":"https:\/\/roveyayinevi.com.tr\/index.php\/wp-json\/wp\/v2\/product_cat?post=713069"},{"taxonomy":"product_tag","embeddable":true,"href":"https:\/\/roveyayinevi.com.tr\/index.php\/wp-json\/wp\/v2\/product_tag?post=713069"}],"curies":[{"name":"wp","href":"https:\/\/api.w.org\/{rel}","templated":true}]}}