{"id":713067,"date":"2025-08-27T17:03:47","date_gmt":"2025-08-27T14:03:47","guid":{"rendered":"https:\/\/roveyayinevi.com.tr\/index.php\/urun\/ali-kopter-4-hayat-okulunda-ogrenciyim\/"},"modified":"2026-04-16T02:21:41","modified_gmt":"2026-04-15T23:21:41","slug":"ali-kopter-4-hayat-okulunda-ogrenciyim","status":"publish","type":"product","link":"https:\/\/roveyayinevi.com.tr\/index.php\/urun\/ali-kopter-4-hayat-okulunda-ogrenciyim\/","title":{"rendered":"Ali Kopter 4 &#8211; Hayat Okulunda \u00d6\u011frenciyim"},"content":{"rendered":"<p>\u201cHayat Okulu\u201d diye bir \u015fey oldu\u011funu duymu\u015ftum. Anlad\u0131\u011f\u0131m kadar\u0131yla okula gitmiyordun ama ya\u015farken \u00f6\u011freniyordun. Bence okulda bo\u015fa vakit harcamaktan iyiydi.Dedemden bana bir i\u015f bulmas\u0131n\u0131 rica ettim.Ve art\u0131k bir tamirci \u00e7\u0131ra\u011f\u0131yd\u0131m.\u0130\u015fe ba\u015flar ba\u015flamaz usta:\u2013 \u015eu yerleri s\u00fcp\u00fcr bakal\u0131m Helikopter, dedi.\u0130yi de yerleri s\u00fcp\u00fcrmek miydi benim g\u00f6revim? Hani ben araba tamiri \u00f6\u011frenecektim?S\u00fcp\u00fcrmeye ba\u015flad\u0131m. Sonra m\u00fc\u015fteriler geldi, \u00f6b\u00fcr mahalledeki \u00e7ayc\u0131dan \u00e7ay s\u00f6yledim. Telefon etseydik olmaz m\u0131yd\u0131? Her seferinde \u00f6b\u00fcr mahalleye ko\u015fmam normal miydi?\u00d6\u011fleye do\u011fru ayaklar\u0131m tutmamaya ba\u015flad\u0131. Bir de ac\u0131km\u0131\u015ft\u0131m. \u00d6\u011flen olmu\u015ftu ama biz h\u00e2l\u00e2 bir \u015fey yememi\u015ftik. Bu hayat okulunda yemek yok muydu acaba?\u0130lk g\u00fcn\u00fcn sonunda bir araban\u0131n koltu\u011funa y\u0131\u011f\u0131l\u0131p kalm\u0131\u015ft\u0131m. Arabas\u0131n\u0131 tamirciden alan amca beni fark etmemi\u015f, al\u0131p g\u00f6t\u00fcrm\u00fc\u015ft\u00fc. <\/p>\n","protected":false},"excerpt":{"rendered":"<p>\u201cHayat Okulu\u201d diye bir \u015fey oldu\u011funu duymu\u015ftum. Anlad\u0131\u011f\u0131m kadar\u0131yla okula gitmiyordun ama ya\u015farken \u00f6\u011freniyordun. Bence okulda bo\u015fa vakit harcamaktan iyiydi.Dedemden bana bir i\u015f bulmas\u0131n\u0131 rica ettim.Ve<span class=\"excerpt-hellip\"> [\u2026]<\/span><\/p>\n","protected":false},"featured_media":0,"template":"","meta":{"_monsterinsights_skip_tracking":false,"_monsterinsights_sitenote_active":false,"_monsterinsights_sitenote_note":"","_monsterinsights_sitenote_category":0},"product_brand":[],"product_cat":[12274,12284],"product_tag":[],"class_list":{"0":"post-713067","1":"product","2":"type-product","3":"status-publish","5":"product_cat-cocuk-ve-genclik-kitaplari","6":"product_cat-hikayeler","7":"pa_cilt-ciltsiz","8":"pa_tur-kitap","9":"pa_yayinevi-ugurbocegi-yayinlari","10":"pa_yazar-sebnem-guler-karacan","12":"first","13":"instock","14":"sale","15":"shipping-taxable","16":"purchasable","17":"product-type-simple"},"_links":{"self":[{"href":"https:\/\/roveyayinevi.com.tr\/index.php\/wp-json\/wp\/v2\/product\/713067","targetHints":{"allow":["GET"]}}],"collection":[{"href":"https:\/\/roveyayinevi.com.tr\/index.php\/wp-json\/wp\/v2\/product"}],"about":[{"href":"https:\/\/roveyayinevi.com.tr\/index.php\/wp-json\/wp\/v2\/types\/product"}],"wp:attachment":[{"href":"https:\/\/roveyayinevi.com.tr\/index.php\/wp-json\/wp\/v2\/media?parent=713067"}],"wp:term":[{"taxonomy":"product_brand","embeddable":true,"href":"https:\/\/roveyayinevi.com.tr\/index.php\/wp-json\/wp\/v2\/product_brand?post=713067"},{"taxonomy":"product_cat","embeddable":true,"href":"https:\/\/roveyayinevi.com.tr\/index.php\/wp-json\/wp\/v2\/product_cat?post=713067"},{"taxonomy":"product_tag","embeddable":true,"href":"https:\/\/roveyayinevi.com.tr\/index.php\/wp-json\/wp\/v2\/product_tag?post=713067"}],"curies":[{"name":"wp","href":"https:\/\/api.w.org\/{rel}","templated":true}]}}