{"id":713061,"date":"2025-08-27T17:03:44","date_gmt":"2025-08-27T14:03:44","guid":{"rendered":"https:\/\/roveyayinevi.com.tr\/index.php\/urun\/bulbul-korusunun-gizemi\/"},"modified":"2026-04-08T02:28:08","modified_gmt":"2026-04-07T23:28:08","slug":"bulbul-korusunun-gizemi","status":"publish","type":"product","link":"https:\/\/roveyayinevi.com.tr\/index.php\/urun\/bulbul-korusunun-gizemi\/","title":{"rendered":"B\u00fclb\u00fcl Korusu&#8217;nun Gizemi"},"content":{"rendered":"<p>Birinci D\u00fcnya Sava\u015f\u0131\u2019n\u0131n hemen sonras\u0131nda on iki ya\u015f\u0131ndaki Henrietta (Henry) babas\u0131n\u0131n i\u015fi dolay\u0131s\u0131yla ailesiyle birlikte Londra\u2019dan ta\u015fraya, Umut Evi ad\u0131 verilen gizemli, b\u00fcy\u00fck bir eve ta\u015f\u0131n\u0131r. Henry\u2019nin \u00e7ok sevdi\u011fi kitap kahramanlar\u0131 d\u0131\u015f\u0131nda arkada\u015f\u0131 yoktur. Ailesi Henry\u2019nin a\u011fabeyi Robert\u2019\u0131n \u00f6l\u00fcm\u00fcn\u00fcn etkisinde ve yas tutmaktad\u0131r. Annesi hastad\u0131r. Umut Evi onlar i\u00e7in yeni bir ba\u015flang\u0131\u00e7 olacakt\u0131r. Henry kendini burada giderek daha yaln\u0131z hissetmeye ba\u015flar. Bir g\u00fcn evi \u00e7evreleyen karanl\u0131k orman\u0131n derinliklerine kadar gider. Burada bir cad\u0131ya benzetti\u011fi, tuhaf ve gizemli bir kad\u0131nla kar\u015f\u0131la\u015f\u0131r. S\u00f6ylentiye g\u00f6re ormanda bir cad\u0131 ya\u015famaktad\u0131r! Annesinin de hastal\u0131\u011f\u0131 ilerlemi\u015ftir yani Henry iyice yaln\u0131zla\u015fm\u0131\u015ft\u0131r. Tekrar ormana gitti\u011finde bu kez \u201ccad\u0131\u201dyla ger\u00e7ekten tan\u0131\u015f\u0131r, bu \u00e7ok g\u00fczel ve iyi kalpli bir kad\u0131nd\u0131r. Ad\u0131 Moth\u2019tur, eski bir hem\u015firedir. Babas\u0131 \u00fclke d\u0131\u015f\u0131na \u00e7\u0131k\u0131nca annesini tedavisi i\u00e7in doktora emanet eder. Henry sevdi\u011fi herkesi kaybetmek istemiyorsa doktorun maskesini d\u00fc\u015f\u00fcrmek zorundad\u0131r. Henry, Moth\u2019tan yard\u0131m ister. Ak\u0131c\u0131 bir anlat\u0131m\u0131, s\u00fcr\u00fckleyici bir kurgusu olan B\u00fclb\u00fcl Korusu\u2019nun Gizemi Lucy Strange\u2019in ilk roman\u0131. Dokunakl\u0131 ve yer yer \u015fiirsel anlat\u0131m\u0131 olan kitap 10 ya\u015f \u00fcst\u00fc \u00e7ocuklara hitap ediyor. <\/p>\n","protected":false},"excerpt":{"rendered":"<p>Birinci D\u00fcnya Sava\u015f\u0131\u2019n\u0131n hemen sonras\u0131nda on iki ya\u015f\u0131ndaki Henrietta (Henry) babas\u0131n\u0131n i\u015fi dolay\u0131s\u0131yla ailesiyle birlikte Londra\u2019dan ta\u015fraya, Umut Evi ad\u0131 verilen gizemli, b\u00fcy\u00fck bir eve ta\u015f\u0131n\u0131r.<span class=\"excerpt-hellip\"> [\u2026]<\/span><\/p>\n","protected":false},"featured_media":0,"template":"","meta":{"_monsterinsights_skip_tracking":false,"_monsterinsights_sitenote_active":false,"_monsterinsights_sitenote_note":"","_monsterinsights_sitenote_category":0},"product_brand":[],"product_cat":[12275,12274],"product_tag":[],"class_list":{"0":"post-713061","1":"product","2":"type-product","3":"status-publish","5":"product_cat-6-12-yas-kitaplari","6":"product_cat-cocuk-ve-genclik-kitaplari","7":"pa_cilt-ciltsiz","8":"pa_tur-kitap","9":"pa_yayinevi-hep-kitap","10":"pa_yazar-lucy-strange","12":"first","13":"instock","14":"sale","15":"shipping-taxable","16":"purchasable","17":"product-type-simple"},"_links":{"self":[{"href":"https:\/\/roveyayinevi.com.tr\/index.php\/wp-json\/wp\/v2\/product\/713061","targetHints":{"allow":["GET"]}}],"collection":[{"href":"https:\/\/roveyayinevi.com.tr\/index.php\/wp-json\/wp\/v2\/product"}],"about":[{"href":"https:\/\/roveyayinevi.com.tr\/index.php\/wp-json\/wp\/v2\/types\/product"}],"wp:attachment":[{"href":"https:\/\/roveyayinevi.com.tr\/index.php\/wp-json\/wp\/v2\/media?parent=713061"}],"wp:term":[{"taxonomy":"product_brand","embeddable":true,"href":"https:\/\/roveyayinevi.com.tr\/index.php\/wp-json\/wp\/v2\/product_brand?post=713061"},{"taxonomy":"product_cat","embeddable":true,"href":"https:\/\/roveyayinevi.com.tr\/index.php\/wp-json\/wp\/v2\/product_cat?post=713061"},{"taxonomy":"product_tag","embeddable":true,"href":"https:\/\/roveyayinevi.com.tr\/index.php\/wp-json\/wp\/v2\/product_tag?post=713061"}],"curies":[{"name":"wp","href":"https:\/\/api.w.org\/{rel}","templated":true}]}}