{"id":713036,"date":"2025-08-27T17:02:56","date_gmt":"2025-08-27T14:02:56","guid":{"rendered":"https:\/\/roveyayinevi.com.tr\/index.php\/urun\/yazim-kilavuzu-4\/"},"modified":"2026-04-16T02:21:40","modified_gmt":"2026-04-15T23:21:40","slug":"yazim-kilavuzu-4","status":"publish","type":"product","link":"https:\/\/roveyayinevi.com.tr\/index.php\/urun\/yazim-kilavuzu-4\/","title":{"rendered":"Yaz\u0131m K\u0131lavuzu"},"content":{"rendered":"<p>Yaz\u0131m k\u0131lavuzunun 11. Bask\u0131s\u0131na ula\u015ft\u0131k. Yap\u0131t\u0131n bu bask\u0131s\u0131nda da kurallarla dizinin k\u00f6kl\u00fc de\u011fi\u015fiklik yap\u0131lmam\u0131\u015f; yakla\u015f\u0131k y\u00fczy\u0131ll\u0131k yaz\u0131m gelene\u011fimiz , b\u00fcy\u00fck \u00f6l\u00e7\u00fcde yerle\u015fmi\u015f olan yaz\u0131m bi\u00e7imlerimiz korunmu\u015ftur.Nas\u0131l ki ba\u015fka bilim dallar\u0131n\u0131n uzun u\u011fra\u015fla sonucu kazan\u0131lm\u0131\u015f sonu\u00e7lar\u0131yla kurallar\u0131na sayg\u0131 duyuluyorsa dilin de bilimi oldu\u011fu unutulmamal\u0131d\u0131r.Bu nedenle dilcilerin dilin ses bi\u00e7im anlam \u00f6zelliklerini ve mant\u0131\u011f\u0131n\u0131 g\u00f6z ard\u0131 etmeden , uzun ara\u015ft\u0131rma ve deneyimlerle elde etti\u011fi sonu\u00e7lar , &#8220;Bana g\u00f6re &#8221; \u00f6znel yakla\u015f\u0131m\u0131yla de\u011ferlendirilmelidir. Her yazar , her birey dilin olanaklar\u0131n\u0131 kullanarak kendi bi\u00e7imini yarat\u0131r; ancak yaz\u0131m kurallar\u0131 yazardan yazara , ki\u015fiden ki\u015fiye de\u011fi\u015fmemelidir.\u00c7\u00fcnk\u00fc ortak yaz\u0131m\u0131 ya da yaz\u0131m birli\u011fini korumak salt dilcilerin g\u00f6revi de\u011fildir.Bu yaz\u0131m K\u0131lavuzu&#8217;ndaki kurallar , 1928&#8217;den bug\u00fcne uzanan zaman diliminde , b\u00fct\u00fcn yaz\u0131l\u0131 kaynaklar\u0131n izlenip taranmas\u0131yla elde edilen sonu\u00e7larla belirlenmi\u015ftir.\u00d6rne\u011fin az da olsa kimi kurallar zaman zaman dilbilimsel verilerle \u00e7eli\u015fir ve yayg\u0131nla\u015fan bi\u00e7imler kuralla\u015f\u0131r.Do\u011fru yazman\u0131n ko\u015fullar\u0131ndan biri , ortak yaz\u0131m\u0131 izleyerek koruyan sa\u011fl\u0131kl\u0131 bir k\u0131lavuz kullanmaktad\u0131r.Bu k\u0131lavuzun , 1928&#8217;den bu yana dildeki geli\u015fmeyi ,yaz\u0131mdaki a\u015famalar\u0131 \u00f6zenle izleyen onlarca dilcinin eme\u011fini ta\u015f\u0131yor.Dil Derne\u011fi&#8217;nin y\u0131llar \u00f6nce \u00f6l\u00e7\u00fcnl\u00fc dile sahip \u00e7\u0131kmak i\u00e7in yapt\u0131\u011f\u0131 &#8216;T\u00fcrk\u00e7esi varken&#8217;&#8230; \u00e7a\u011fr\u0131s\u0131 , b\u00fct\u00fcn \u00fclkelerde yank\u0131 bulmu\u015ftur.Yaz\u0131m K\u0131lavuzu&#8217;nun 11. Bask\u0131s\u0131yla bir kez daha g\u00fcven tazaleyece\u011fimize , &#8216;Do\u011fru yazmak varken&#8217;&#8230; \u00e7a\u011fr\u0131m\u0131za b\u00fct\u00fcn dilseverlerin kulak verece\u011fine inan\u0131yoruz.<\/p>\n","protected":false},"excerpt":{"rendered":"<p>Yaz\u0131m k\u0131lavuzunun 11. Bask\u0131s\u0131na ula\u015ft\u0131k. Yap\u0131t\u0131n bu bask\u0131s\u0131nda da kurallarla dizinin k\u00f6kl\u00fc de\u011fi\u015fiklik yap\u0131lmam\u0131\u015f; yakla\u015f\u0131k y\u00fczy\u0131ll\u0131k yaz\u0131m gelene\u011fimiz , b\u00fcy\u00fck \u00f6l\u00e7\u00fcde yerle\u015fmi\u015f olan yaz\u0131m bi\u00e7imlerimiz korunmu\u015ftur.Nas\u0131l<span class=\"excerpt-hellip\"> [\u2026]<\/span><\/p>\n","protected":false},"featured_media":0,"template":"","meta":{"_monsterinsights_skip_tracking":false,"_monsterinsights_sitenote_active":false,"_monsterinsights_sitenote_note":"","_monsterinsights_sitenote_category":0},"product_brand":[],"product_cat":[12566,13611,21471],"product_tag":[],"class_list":{"0":"post-713036","1":"product","2":"type-product","3":"status-publish","5":"product_cat-egitim","6":"product_cat-sozlukler-ve-konusma-kilavuzlari","7":"product_cat-yazim-kilavuzlari","8":"pa_cilt-ciltsiz","9":"pa_tur-kitap","10":"pa_yayinevi-dil-dernegi","11":"pa_yazar-kollektif","13":"first","14":"instock","15":"sale","16":"shipping-taxable","17":"purchasable","18":"product-type-simple"},"_links":{"self":[{"href":"https:\/\/roveyayinevi.com.tr\/index.php\/wp-json\/wp\/v2\/product\/713036","targetHints":{"allow":["GET"]}}],"collection":[{"href":"https:\/\/roveyayinevi.com.tr\/index.php\/wp-json\/wp\/v2\/product"}],"about":[{"href":"https:\/\/roveyayinevi.com.tr\/index.php\/wp-json\/wp\/v2\/types\/product"}],"wp:attachment":[{"href":"https:\/\/roveyayinevi.com.tr\/index.php\/wp-json\/wp\/v2\/media?parent=713036"}],"wp:term":[{"taxonomy":"product_brand","embeddable":true,"href":"https:\/\/roveyayinevi.com.tr\/index.php\/wp-json\/wp\/v2\/product_brand?post=713036"},{"taxonomy":"product_cat","embeddable":true,"href":"https:\/\/roveyayinevi.com.tr\/index.php\/wp-json\/wp\/v2\/product_cat?post=713036"},{"taxonomy":"product_tag","embeddable":true,"href":"https:\/\/roveyayinevi.com.tr\/index.php\/wp-json\/wp\/v2\/product_tag?post=713036"}],"curies":[{"name":"wp","href":"https:\/\/api.w.org\/{rel}","templated":true}]}}