{"id":713033,"date":"2025-08-27T17:02:54","date_gmt":"2025-08-27T14:02:54","guid":{"rendered":"https:\/\/roveyayinevi.com.tr\/index.php\/urun\/ask-i-muhabbet-sevda-gece-gelen-olum-butun-oykuleri-1\/"},"modified":"2026-04-16T02:21:40","modified_gmt":"2026-04-15T23:21:40","slug":"ask-i-muhabbet-sevda-gece-gelen-olum-butun-oykuleri-1","status":"publish","type":"product","link":"https:\/\/roveyayinevi.com.tr\/index.php\/urun\/ask-i-muhabbet-sevda-gece-gelen-olum-butun-oykuleri-1\/","title":{"rendered":"A\u015fk-\u0131 Muhabbet Sevda &#8211; Gece Gelen \u00d6l\u00fcm &#8211; B\u00fct\u00fcn \u00d6yk\u00fcleri 1"},"content":{"rendered":"<p>Derin g\u00f6zlem g\u00fcc\u00fc, insan\u0131 ele al\u0131\u015f\u0131ndaki b\u00fct\u00fcnc\u00fc yakla\u015f\u0131m\u0131, durumlar\u0131 olanca ger\u00e7ekli\u011fiyle ortaya koyu\u015fu, s\u00fcsten uzak, yal\u0131n ve etkileyici \u00fcslubuyla Erhan Bener\u2019in B\u00fct\u00fcn \u00d6yk\u00fcleri\u2019nin bu ilk cildinde, Yunus Nadi \u00d6yk\u00fc \u00d6d\u00fcl\u00fc\u2019n\u00fc kazanan ve Haldun Taner \u00d6yk\u00fc \u00d6d\u00fcl\u00fc\u2019ne de\u011fer g\u00f6r\u00fclen \u00f6yk\u00fcs\u00fc \u201cAlabal\u0131k\u201d\u0131n da i\u00e7inde yer ald\u0131\u011f\u0131 A\u015fk-\u0131 Muhabbet Sevda ile Gece Gelen \u00d6l\u00fcm bulu\u015fuyor. Erhan Bener, T\u00fcrk edebiyat\u0131n\u0131n b\u00fcy\u00fck ustalar\u0131ndan biri. <\/p>\n","protected":false},"excerpt":{"rendered":"<p>Derin g\u00f6zlem g\u00fcc\u00fc, insan\u0131 ele al\u0131\u015f\u0131ndaki b\u00fct\u00fcnc\u00fc yakla\u015f\u0131m\u0131, durumlar\u0131 olanca ger\u00e7ekli\u011fiyle ortaya koyu\u015fu, s\u00fcsten uzak, yal\u0131n ve etkileyici \u00fcslubuyla Erhan Bener\u2019in B\u00fct\u00fcn \u00d6yk\u00fcleri\u2019nin bu ilk cildinde,<span class=\"excerpt-hellip\"> [\u2026]<\/span><\/p>\n","protected":false},"featured_media":0,"template":"","meta":{"_monsterinsights_skip_tracking":false,"_monsterinsights_sitenote_active":false,"_monsterinsights_sitenote_note":"","_monsterinsights_sitenote_category":0},"product_brand":[],"product_cat":[12291,12292],"product_tag":[],"class_list":{"0":"post-713033","1":"product","2":"type-product","3":"status-publish","5":"product_cat-edebiyat","6":"product_cat-turk-edebiyati","7":"pa_cilt-ciltsiz","8":"pa_tur-kitap","9":"pa_yayinevi-kirmizi-kedi-yayinevi","10":"pa_yazar-erhan-bener","12":"first","13":"instock","14":"sale","15":"shipping-taxable","16":"purchasable","17":"product-type-simple"},"_links":{"self":[{"href":"https:\/\/roveyayinevi.com.tr\/index.php\/wp-json\/wp\/v2\/product\/713033","targetHints":{"allow":["GET"]}}],"collection":[{"href":"https:\/\/roveyayinevi.com.tr\/index.php\/wp-json\/wp\/v2\/product"}],"about":[{"href":"https:\/\/roveyayinevi.com.tr\/index.php\/wp-json\/wp\/v2\/types\/product"}],"wp:attachment":[{"href":"https:\/\/roveyayinevi.com.tr\/index.php\/wp-json\/wp\/v2\/media?parent=713033"}],"wp:term":[{"taxonomy":"product_brand","embeddable":true,"href":"https:\/\/roveyayinevi.com.tr\/index.php\/wp-json\/wp\/v2\/product_brand?post=713033"},{"taxonomy":"product_cat","embeddable":true,"href":"https:\/\/roveyayinevi.com.tr\/index.php\/wp-json\/wp\/v2\/product_cat?post=713033"},{"taxonomy":"product_tag","embeddable":true,"href":"https:\/\/roveyayinevi.com.tr\/index.php\/wp-json\/wp\/v2\/product_tag?post=713033"}],"curies":[{"name":"wp","href":"https:\/\/api.w.org\/{rel}","templated":true}]}}