{"id":713016,"date":"2025-08-27T17:02:44","date_gmt":"2025-08-27T14:02:44","guid":{"rendered":"https:\/\/roveyayinevi.com.tr\/index.php\/urun\/kayip-cennet-12-adalar\/"},"modified":"2026-04-16T02:21:40","modified_gmt":"2026-04-15T23:21:40","slug":"kayip-cennet-12-adalar","status":"publish","type":"product","link":"https:\/\/roveyayinevi.com.tr\/index.php\/urun\/kayip-cennet-12-adalar\/","title":{"rendered":"Kay\u0131p Cennet 12 Adalar"},"content":{"rendered":"<p>12 Adalar, y\u00fczy\u0131llard\u0131r pek \u00e7ok devlet taraf\u0131ndan fethedilmi\u015f, u\u011fruna sava\u015flar yap\u0131lm\u0131\u015f, jeopolitik olarak \u00f6nemli yere sahip bir konumdad\u0131r. Osmanl\u0131 \u0130mparatorlu\u011fu da bu \u00f6neme binaen Adalar\u2019a pek \u00e7ok sefer d\u00fczenlemi\u015f, b\u00f6lgeyi fethetmi\u015ftir. Fakat daha sonra Bat\u0131l\u0131 devletlerin t\u00fcrl\u00fc planlar\u0131yla \u00f6nce \u0130talya\u2019ya sonra ise Yunanistan\u2019a verilmi\u015ftir. Tarih\u00e7i-Yazar Y\u0131lmaz Altunsoy, belgeler \u0131\u015f\u0131\u011f\u0131nda 12 Adalar\u2019\u0131n tarihini ve g\u00fcn\u00fcm\u00fczdeki siyasi \u00f6nemini inceliyor, bar\u0131\u015f eksenli bir \u00e7\u00f6z\u00fcm re\u00e7etesi sunuyor. <\/p>\n","protected":false},"excerpt":{"rendered":"<p>12 Adalar, y\u00fczy\u0131llard\u0131r pek \u00e7ok devlet taraf\u0131ndan fethedilmi\u015f, u\u011fruna sava\u015flar yap\u0131lm\u0131\u015f, jeopolitik olarak \u00f6nemli yere sahip bir konumdad\u0131r. Osmanl\u0131 \u0130mparatorlu\u011fu da bu \u00f6neme binaen Adalar\u2019a pek<span class=\"excerpt-hellip\"> [\u2026]<\/span><\/p>\n","protected":false},"featured_media":0,"template":"","meta":{"_monsterinsights_skip_tracking":false,"_monsterinsights_sitenote_active":false,"_monsterinsights_sitenote_note":"","_monsterinsights_sitenote_category":0},"product_brand":[],"product_cat":[12370,12304],"product_tag":[],"class_list":{"0":"post-713016","1":"product","2":"type-product","3":"status-publish","5":"product_cat-arastirma-inceleme","6":"product_cat-tarih","7":"pa_cilt-ciltsiz","8":"pa_tur-kitap","9":"pa_yayinevi-nesil-yayinlari","10":"pa_yazar-yilmaz-altunsoy","12":"first","13":"instock","14":"sale","15":"shipping-taxable","16":"purchasable","17":"product-type-simple"},"_links":{"self":[{"href":"https:\/\/roveyayinevi.com.tr\/index.php\/wp-json\/wp\/v2\/product\/713016","targetHints":{"allow":["GET"]}}],"collection":[{"href":"https:\/\/roveyayinevi.com.tr\/index.php\/wp-json\/wp\/v2\/product"}],"about":[{"href":"https:\/\/roveyayinevi.com.tr\/index.php\/wp-json\/wp\/v2\/types\/product"}],"wp:attachment":[{"href":"https:\/\/roveyayinevi.com.tr\/index.php\/wp-json\/wp\/v2\/media?parent=713016"}],"wp:term":[{"taxonomy":"product_brand","embeddable":true,"href":"https:\/\/roveyayinevi.com.tr\/index.php\/wp-json\/wp\/v2\/product_brand?post=713016"},{"taxonomy":"product_cat","embeddable":true,"href":"https:\/\/roveyayinevi.com.tr\/index.php\/wp-json\/wp\/v2\/product_cat?post=713016"},{"taxonomy":"product_tag","embeddable":true,"href":"https:\/\/roveyayinevi.com.tr\/index.php\/wp-json\/wp\/v2\/product_tag?post=713016"}],"curies":[{"name":"wp","href":"https:\/\/api.w.org\/{rel}","templated":true}]}}