{"id":713002,"date":"2025-08-27T17:02:36","date_gmt":"2025-08-27T14:02:36","guid":{"rendered":"https:\/\/roveyayinevi.com.tr\/index.php\/urun\/vatan-ve-fuhrer-icin-1-ss-panzer-tumeninden-bir-askerin-anilari\/"},"modified":"2026-04-16T02:21:40","modified_gmt":"2026-04-15T23:21:40","slug":"vatan-ve-fuhrer-icin-1-ss-panzer-tumeninden-bir-askerin-anilari","status":"publish","type":"product","link":"https:\/\/roveyayinevi.com.tr\/index.php\/urun\/vatan-ve-fuhrer-icin-1-ss-panzer-tumeninden-bir-askerin-anilari\/","title":{"rendered":"Vatan Ve F\u00fchrer \u0130\u00e7in &#8211; 1. SS Panzer T\u00fcmeni&#8217;nden Bir Askerin An\u0131lar\u0131"},"content":{"rendered":"<p>H\u0130TLER\u2019\u0130N SE\u00c7K\u0130N MUHAFIZ B\u0130RL\u0130\u011e\u0130\u2019NDEN B\u0130R ASKER\u0130N ANILARI Bir\u00e7ok Alman gibi, Berlinli okul \u00e7ocu\u011fu ErwinBartmann da Naziler taraf\u0131ndan k\u00f6r\u00fcklenen Zeitgeist\u2019\u0131n cazibesine kap\u0131ld\u0131. D\u00fcnyan\u0131n en iyi \u00fclkesinde b\u00fcy\u00fcyor oldu\u011funa ikna olan Bartmann, Hitler\u2019in se\u00e7kin Waffen-SS birli\u011fi Leibstandarte\u2019ye kat\u0131lma hayali kurdu. Uzun boylu, sar\u0131\u015f\u0131n, mavi g\u00f6zl\u00fc ve sadece 17 ya\u015f\u0131nda olan Erwin\u2019in hayali, \u00e7\u0131rak olarak \u00e7al\u0131\u015ft\u0131\u011f\u0131 Memeler Strasse\u2019dekiGlaser f\u0131r\u0131n\u0131ndan ayr\u0131l\u0131p Berlin\u2019deki Lichterfelde k\u0131\u015flas\u0131na g\u00f6n\u00fcll\u00fc olarak ad\u0131m\u0131n\u0131 atmas\u0131yla 1 May\u0131s 1941\u2019de ger\u00e7ek oldu. 1941 yaz\u0131n\u0131n sonlar\u0131na do\u011fru Sovyet Cephesi\u2019ne varan Erwin, 4. B\u00f6l\u00fck\u2019e ba\u011fl\u0131 bir ileri muhabere mangas\u0131nda vazifelendirildi ve \u00e7ok ge\u00e7meden hayatta kalman\u0131n \u015fansa veya bir koruyucu mele\u011fin himayesine ba\u011fl\u0131 oldu\u011funu ke\u015ffetti. Bir \u015farapnel par\u00e7as\u0131n\u0131n destans\u0131 Kursk-Prohorovka Muharebesi s\u0131ras\u0131nda akci\u011ferine saplanmas\u0131yla iyi \u015fans\u0131 11 Temmuz 1943\u2019te son buldu. Bir nekahet d\u00f6neminin ve Unterscharf\u00fchrer\u2019li\u011fe yani astsubayl\u0131\u011fa terfiinin ard\u0131ndan, Berliner Ring Otoban\u0131\u2019n\u0131n do\u011fu k\u0131sm\u0131na yak\u0131n bir noktada konu\u015flanm\u0131\u015f olan E\u011fitim ve \u0130kmal Taburu\u2019nda makineli t\u00fcfek e\u011fitimcili\u011fiyle g\u00f6revlendirildi. K\u0131z\u0131l Ordu\u2019nun SeelowTepeleri\u2019ne y\u00f6nelik b\u00fcy\u00fck taarruzu ba\u015flad\u0131\u011f\u0131nda, art\u0131k RegimentFalke\u2019yle birle\u015ftirilmi\u015f olan Erwin\u2019in birli\u011fi, Oder Nehri\u2019nin yak\u0131nlar\u0131ndaki Berlin-Frankfurt Otoban\u2019\u0131n\u0131n g\u00fcney kanad\u0131na g\u00f6nderildi. Erwin, Alman savunmalar\u0131n\u0131n \u00e7ok ge\u00e7meden \u00e7\u00f6kmesi ve Hitler Almanyas\u0131\u2019n\u0131n sonunun ka\u00e7\u0131n\u0131lmaz h\u00e2le gelmesiyle, hayatta kalmak i\u00e7in m\u00fccadele etmek ile SS\u2019in \u201c\u00f6l\u00fcm\u00fcne sadakat\u201d yeminini ifa etmek aras\u0131nda tercih yapmak zorunda kalacakt\u0131. Hitler Almanyas\u0131\u2019nda b\u00fcy\u00fcyen s\u0131radan bir \u00e7ocu\u011fun ya\u015fant\u0131s\u0131ndan, Sovyet cephesindeki deh\u015fetengiz sava\u015fa ve bombalarla enkaz h\u00e2line d\u00f6nen Berlin\u2019e kadar uzanan bu samimi hat\u0131rat, politikaya ve askeri stratejilere bo\u011fulmadan; kar\u0131n, \u00e7amurun ve ya\u011fan mermilerin aras\u0131ndaki askerlerin ger\u00e7ek hik\u00e2yelerini bir roman ak\u0131c\u0131l\u0131\u011f\u0131yla anlat\u0131yor. Vatan ve F\u00fchrer \u0130\u00e7in, \u0130kinci D\u00fcnya Sava\u015f\u0131\u2019n\u0131 bu kez kazananlar\u0131n de\u011fil, kaybedenlerin g\u00f6z\u00fcnden g\u00f6rmek ve okumak isteyenler i\u00e7in benzersiz ve kimi zaman da \u015fa\u015f\u0131rt\u0131c\u0131 bir perspektif sunuyor. <\/p>\n","protected":false},"excerpt":{"rendered":"<p>H\u0130TLER\u2019\u0130N SE\u00c7K\u0130N MUHAFIZ B\u0130RL\u0130\u011e\u0130\u2019NDEN B\u0130R ASKER\u0130N ANILARI Bir\u00e7ok Alman gibi, Berlinli okul \u00e7ocu\u011fu ErwinBartmann da Naziler taraf\u0131ndan k\u00f6r\u00fcklenen Zeitgeist\u2019\u0131n cazibesine kap\u0131ld\u0131. D\u00fcnyan\u0131n en iyi \u00fclkesinde b\u00fcy\u00fcyor<span class=\"excerpt-hellip\"> [\u2026]<\/span><\/p>\n","protected":false},"featured_media":0,"template":"","meta":{"_monsterinsights_skip_tracking":false,"_monsterinsights_sitenote_active":false,"_monsterinsights_sitenote_note":"","_monsterinsights_sitenote_category":0},"product_brand":[],"product_cat":[12305,12304],"product_tag":[],"class_list":{"0":"post-713002","1":"product","2":"type-product","3":"status-publish","5":"product_cat-dunya-tarihi","6":"product_cat-tarih","7":"pa_cilt-ciltsiz","8":"pa_tur-kitap","9":"pa_yayinevi-kronik-kitap","10":"pa_yazar-erwin-bartmann","12":"first","13":"instock","14":"sale","15":"shipping-taxable","16":"purchasable","17":"product-type-simple"},"_links":{"self":[{"href":"https:\/\/roveyayinevi.com.tr\/index.php\/wp-json\/wp\/v2\/product\/713002","targetHints":{"allow":["GET"]}}],"collection":[{"href":"https:\/\/roveyayinevi.com.tr\/index.php\/wp-json\/wp\/v2\/product"}],"about":[{"href":"https:\/\/roveyayinevi.com.tr\/index.php\/wp-json\/wp\/v2\/types\/product"}],"wp:attachment":[{"href":"https:\/\/roveyayinevi.com.tr\/index.php\/wp-json\/wp\/v2\/media?parent=713002"}],"wp:term":[{"taxonomy":"product_brand","embeddable":true,"href":"https:\/\/roveyayinevi.com.tr\/index.php\/wp-json\/wp\/v2\/product_brand?post=713002"},{"taxonomy":"product_cat","embeddable":true,"href":"https:\/\/roveyayinevi.com.tr\/index.php\/wp-json\/wp\/v2\/product_cat?post=713002"},{"taxonomy":"product_tag","embeddable":true,"href":"https:\/\/roveyayinevi.com.tr\/index.php\/wp-json\/wp\/v2\/product_tag?post=713002"}],"curies":[{"name":"wp","href":"https:\/\/api.w.org\/{rel}","templated":true}]}}

Vatan Ve Führer İçin &#8211; 1. SS Panzer Tümeni&#8217;nden Bir Askerin Anıları

<p>HİTLER’İN SEÇKİN MUHAFIZ BİRLİĞİ’NDEN BİR ASKERİN ANILARI Birçok Alman gibi, Berlinli okul çocuğu ErwinBartmann da Naziler tarafından körüklenen Zeitgeist’ın cazibesine kapıldı. Dünyanın en iyi ülkesinde büyüyor olduğuna ikna olan Bartmann, Hitler’in seçkin Waffen-SS birliği Leibstandarte’ye katılma hayali kurdu. Uzun boylu, sarışın, mavi gözlü ve sadece 17 yaşında olan Erwin’in hayali, çırak olarak çalıştığı Memeler Strasse’dekiGlaser fırınından ayrılıp Berlin’deki Lichterfelde kışlasına gönüllü olarak adımını atmasıyla 1 Mayıs 1941’de gerçek oldu. 1941 yazının sonlarına doğru Sovyet Cephesi’ne varan Erwin, 4. Bölük’e bağlı bir ileri muhabere mangasında vazifelendirildi ve çok geçmeden hayatta kalmanın şansa veya bir koruyucu meleğin himayesine bağlı olduğunu keşfetti. Bir şarapnel parçasının destansı Kursk-Prohorovka Muharebesi sırasında akciğerine saplanmasıyla iyi şansı 11 Temmuz 1943’te son buldu. Bir nekahet döneminin ve Unterscharführer’liğe yani astsubaylığa terfiinin ardından, Berliner Ring Otobanı’nın doğu kısmına yakın bir noktada konuşlanmış olan Eğitim ve İkmal Taburu’nda makineli tüfek eğitimciliğiyle görevlendirildi. Kızıl Ordu’nun SeelowTepeleri’ne yönelik büyük taarruzu başladığında, artık RegimentFalke’yle birleştirilmiş olan Erwin’in birliği, Oder Nehri’nin yakınlarındaki Berlin-Frankfurt Otoban’ının güney kanadına gönderildi. Erwin, Alman savunmalarının çok geçmeden çökmesi ve Hitler Almanyası’nın sonunun kaçınılmaz hâle gelmesiyle, hayatta kalmak için mücadele etmek ile SS’in “ölümüne sadakat” yeminini ifa etmek arasında tercih yapmak zorunda kalacaktı. Hitler Almanyası’nda büyüyen sıradan bir çocuğun yaşantısından, Sovyet cephesindeki dehşetengiz savaşa ve bombalarla enkaz hâline dönen Berlin’e kadar uzanan bu samimi hatırat, politikaya ve askeri stratejilere boğulmadan; karın, çamurun ve yağan mermilerin arasındaki askerlerin gerçek hikâyelerini bir roman akıcılığıyla anlatıyor. Vatan ve Führer İçin, İkinci Dünya Savaşı’nı bu kez kazananların değil, kaybedenlerin gözünden görmek ve okumak isteyenler için benzersiz ve kimi zaman da şaşırtıcı bir perspektif sunuyor. </p>

<p>HİTLER’İN SEÇKİN MUHAFIZ BİRLİĞİ’NDEN BİR ASKERİN ANILARI Birçok Alman gibi, Berlinli okul çocuğu ErwinBartmann da Naziler tarafından körüklenen Zeitgeist’ın cazibesine kapıldı. Dünyanın en iyi ülkesinde büyüyor<span class="excerpt-hellip"> […]</span></p>
