{"id":712988,"date":"2025-08-27T17:02:27","date_gmt":"2025-08-27T14:02:27","guid":{"rendered":"https:\/\/roveyayinevi.com.tr\/index.php\/urun\/edebiyat-hayatimi-nasil-kurtardi\/"},"modified":"2026-04-16T02:21:39","modified_gmt":"2026-04-15T23:21:39","slug":"edebiyat-hayatimi-nasil-kurtardi","status":"publish","type":"product","link":"https:\/\/roveyayinevi.com.tr\/index.php\/urun\/edebiyat-hayatimi-nasil-kurtardi\/","title":{"rendered":"Edebiyat Hayat\u0131m\u0131 Nas\u0131l Kurtard\u0131"},"content":{"rendered":"<p>\u201cShields zarif, cazibeli ve \u00e7ok komik bir yazar\u2026 konusu kendisi olsa da, anlatt\u0131klar\u0131 b\u00fct\u00fcn okurlar ve yazarlar i\u00e7in faydal\u0131 hatta ilham verici.\u201d The Boston Globe \u201cG\u00fcn\u00fcm\u00fcz\u00fcn en i\u00e7ten denemecilerinden biri. K\u0131vrak zek\u00e2l\u0131 Shields, okunmaya de\u011fer bir yazar.\u201d Chicago Tribune   &#8220;Zekice, kendini ciddiye almayan, mizah dolu bir kitap.\u201d The Plain Dealer David Shields, t\u00fcm d\u00fcnyada tart\u0131\u015fmalar ba\u015flatan ve g\u00fcn\u00fcm\u00fczde edebiyat\u0131n nas\u0131l olmas\u0131 gerekti\u011fiyle ilgili bir\u00e7ok tabuyu y\u0131kan Ger\u00e7eklik A\u00e7l\u0131\u011f\u0131: Bir Manifesto\u2019dan sonra, Edebiyat Hayat\u0131m\u0131 Nas\u0131l Kurtard\u0131\u2019da gerek s\u0131rad\u0131\u015f\u0131 fikirleri gerekse t\u00fcrlerle oynayan farkl\u0131 tekni\u011fiyle bir kez daha yaz\u0131n\u0131n imk\u00e2nlar\u0131n\u0131 geni\u015fletiyor. Ele\u015ftiri ve otobiyografi t\u00fcrlerini ustal\u0131kla birle\u015ftiren David Shields, edebiyat\u0131n hayat\u0131 ya\u015famaya de\u011fer ya da en az\u0131ndan katlanabilir k\u0131lma g\u00fcc\u00fc \u00fczerine d\u00fc\u015f\u00fcn\u00fcyor. Okudu\u011fu kitaplar\u0131n insan\u0131n yaln\u0131zl\u0131\u011f\u0131na \u00e7are olup olamayaca\u011f\u0131n\u0131 sorgularken, bir yandan da kendi tutars\u0131zl\u0131klar\u0131n\u0131n, ki\u015filik kusurlar\u0131n\u0131n, kederlerinin ve derin umutsuzlu\u011funun labirentlerinde dola\u015f\u0131yor.   Nabokov\u2019dan magazin fig\u00fcrlerine, Proust\u2019tan \u00d6r\u00fcmcek Adam\u2019a uzanan farkl\u0131 \u00fcslubuyla Edebiyat Hayat\u0131m\u0131 Nas\u0131l Kurtard\u0131, okumak ve yazmak \u00fczerine ola\u011fan\u00fcst\u00fc zekice, benzersiz bir kolaj. <\/p>\n","protected":false},"excerpt":{"rendered":"<p>\u201cShields zarif, cazibeli ve \u00e7ok komik bir yazar\u2026 konusu kendisi olsa da, anlatt\u0131klar\u0131 b\u00fct\u00fcn okurlar ve yazarlar i\u00e7in faydal\u0131 hatta ilham verici.\u201d The Boston Globe \u201cG\u00fcn\u00fcm\u00fcz\u00fcn<span class=\"excerpt-hellip\"> [\u2026]<\/span><\/p>\n","protected":false},"featured_media":0,"template":"","meta":{"_monsterinsights_skip_tracking":false,"_monsterinsights_sitenote_active":false,"_monsterinsights_sitenote_note":"","_monsterinsights_sitenote_category":0},"product_brand":[],"product_cat":[12777,12291],"product_tag":[],"class_list":{"0":"post-712988","1":"product","2":"type-product","3":"status-publish","5":"product_cat-deneme","6":"product_cat-edebiyat","7":"pa_cilt-ciltsiz","8":"pa_tur-kitap","9":"pa_yayinevi-everest-yayinlari","10":"pa_yazar-david-shields","12":"first","13":"instock","14":"sale","15":"shipping-taxable","16":"purchasable","17":"product-type-simple"},"_links":{"self":[{"href":"https:\/\/roveyayinevi.com.tr\/index.php\/wp-json\/wp\/v2\/product\/712988","targetHints":{"allow":["GET"]}}],"collection":[{"href":"https:\/\/roveyayinevi.com.tr\/index.php\/wp-json\/wp\/v2\/product"}],"about":[{"href":"https:\/\/roveyayinevi.com.tr\/index.php\/wp-json\/wp\/v2\/types\/product"}],"wp:attachment":[{"href":"https:\/\/roveyayinevi.com.tr\/index.php\/wp-json\/wp\/v2\/media?parent=712988"}],"wp:term":[{"taxonomy":"product_brand","embeddable":true,"href":"https:\/\/roveyayinevi.com.tr\/index.php\/wp-json\/wp\/v2\/product_brand?post=712988"},{"taxonomy":"product_cat","embeddable":true,"href":"https:\/\/roveyayinevi.com.tr\/index.php\/wp-json\/wp\/v2\/product_cat?post=712988"},{"taxonomy":"product_tag","embeddable":true,"href":"https:\/\/roveyayinevi.com.tr\/index.php\/wp-json\/wp\/v2\/product_tag?post=712988"}],"curies":[{"name":"wp","href":"https:\/\/api.w.org\/{rel}","templated":true}]}}