{"id":712986,"date":"2025-08-27T17:02:26","date_gmt":"2025-08-27T14:02:26","guid":{"rendered":"https:\/\/roveyayinevi.com.tr\/index.php\/urun\/eskilerin-bilgeligi\/"},"modified":"2026-04-16T02:21:39","modified_gmt":"2026-04-15T23:21:39","slug":"eskilerin-bilgeligi","status":"publish","type":"product","link":"https:\/\/roveyayinevi.com.tr\/index.php\/urun\/eskilerin-bilgeligi\/","title":{"rendered":"Eskilerin Bilgeli\u011fi"},"content":{"rendered":"<p>Eskilerin Bilgeli\u011fi&#8217;ni Bacon 1609&#8217;da yay\u0131mlar. Bu kitapta Bacon&#8217;\u0131n ya\u015fad\u0131\u011f\u0131 \u00e7a\u011f\u0131 siyasi ve ahaki bak\u0131mdan de\u011ferlendirmesi s\u00f6zkonusudur. Bunu da \u00f6ylesine ustaca yapmaktad\u0131r ki bunlardan hangisinin daha \u00f6nemli oldu\u011funa karar vermek g\u00fc\u00e7le\u015fiyor. Bacon, siyaset ile ahlak\u0131n biraradal\u0131\u011f\u0131 zorunludur demektedir. Oi bu de\u011ferlendirmeleri yaparken de ge\u00e7mi\u015fin mitlerini kullan\u0131r. Ge\u00e7mi\u015fin mitlerini \u00f6rten pe\u00e7eyi aralar; bunlardaki allegorileri ortaya koymaya \u00e7al\u0131\u015f\u0131r. Bacon Eskilerin Bilgeli\u011fi&#8217;nde mitolojiyi kullanarak siyaset felsefesiyle ilgili d\u00fc\u015f\u00fcnd\u00fcklerini de kaleme alm\u0131\u015ft\u0131r. \ufffcTan\u0131t\u0131m Metni<\/p>\n","protected":false},"excerpt":{"rendered":"<p>Eskilerin Bilgeli\u011fi&#8217;ni Bacon 1609&#8217;da yay\u0131mlar. Bu kitapta Bacon&#8217;\u0131n ya\u015fad\u0131\u011f\u0131 \u00e7a\u011f\u0131 siyasi ve ahaki bak\u0131mdan de\u011ferlendirmesi s\u00f6zkonusudur. Bunu da \u00f6ylesine ustaca yapmaktad\u0131r ki bunlardan hangisinin daha \u00f6nemli<span class=\"excerpt-hellip\"> [\u2026]<\/span><\/p>\n","protected":false},"featured_media":0,"template":"","meta":{"_monsterinsights_skip_tracking":false,"_monsterinsights_sitenote_active":false,"_monsterinsights_sitenote_note":"","_monsterinsights_sitenote_category":0},"product_brand":[],"product_cat":[12388,15536],"product_tag":[],"class_list":{"0":"post-712986","1":"product","2":"type-product","3":"status-publish","5":"product_cat-felsefe","6":"product_cat-siyaset-felsefesi","7":"pa_cilt-ciltsiz","8":"pa_tur-kitap","9":"pa_yayinevi-bilgesu-yayincilik","10":"pa_yazar-francis-bacon","12":"first","13":"instock","14":"sale","15":"shipping-taxable","16":"purchasable","17":"product-type-simple"},"_links":{"self":[{"href":"https:\/\/roveyayinevi.com.tr\/index.php\/wp-json\/wp\/v2\/product\/712986","targetHints":{"allow":["GET"]}}],"collection":[{"href":"https:\/\/roveyayinevi.com.tr\/index.php\/wp-json\/wp\/v2\/product"}],"about":[{"href":"https:\/\/roveyayinevi.com.tr\/index.php\/wp-json\/wp\/v2\/types\/product"}],"wp:attachment":[{"href":"https:\/\/roveyayinevi.com.tr\/index.php\/wp-json\/wp\/v2\/media?parent=712986"}],"wp:term":[{"taxonomy":"product_brand","embeddable":true,"href":"https:\/\/roveyayinevi.com.tr\/index.php\/wp-json\/wp\/v2\/product_brand?post=712986"},{"taxonomy":"product_cat","embeddable":true,"href":"https:\/\/roveyayinevi.com.tr\/index.php\/wp-json\/wp\/v2\/product_cat?post=712986"},{"taxonomy":"product_tag","embeddable":true,"href":"https:\/\/roveyayinevi.com.tr\/index.php\/wp-json\/wp\/v2\/product_tag?post=712986"}],"curies":[{"name":"wp","href":"https:\/\/api.w.org\/{rel}","templated":true}]}}