{"id":712982,"date":"2025-08-27T17:02:24","date_gmt":"2025-08-27T14:02:24","guid":{"rendered":"https:\/\/roveyayinevi.com.tr\/index.php\/urun\/bizim-sokagin-cocuklari\/"},"modified":"2026-04-03T02:27:22","modified_gmt":"2026-04-02T23:27:22","slug":"bizim-sokagin-cocuklari","status":"publish","type":"product","link":"https:\/\/roveyayinevi.com.tr\/index.php\/urun\/bizim-sokagin-cocuklari\/","title":{"rendered":"Bizim Soka\u011f\u0131n \u00c7ocuklar\u0131"},"content":{"rendered":"<p>\u00c7ok sevgili okur!\u00c7ocuklu\u011fu unutulmaz yapan nedir? Arkada\u015fl\u0131k. Evet, evet arkada\u015fl\u0131k. Bu kitab\u0131n kahraman\u0131 Orhan\u2019\u0131n hem akranlar\u0131 hem de kitaplar arkada\u015flar\u0131 olmu\u015f. Akranlar\u0131 ve kitaplarla dostlu\u011fu ilk gen\u00e7lik \u00e7a\u011f\u0131na kadar s\u00fcr\u00fcp gitmi\u015f. Bu unutulmaz \u00e7ocukluk d\u00f6nemi arkada\u015fl\u0131\u011f\u0131 Bizim Soka\u011f\u0131n \u00c7ocuklar\u0131 ile ba\u015flam\u0131\u015f Yeni Soka\u011f\u0131n \u00c7ocuklar\u0131, Bizim Soka\u011f\u0131n Romeo ve J\u00fcliyeti kitaplar\u0131yla devam etmi\u015f. Necati Zekeriya\u2019n\u0131n yazd\u0131\u011f\u0131 bu \u00fc\u00e7lemenin ba\u015fkahramanlar\u0131 Orhan ile Sevil bu arkada\u015fl\u0131\u011f\u0131 ilk gen\u00e7lik \u00e7a\u011f\u0131nda mektupla s\u00fcrd\u00fcrm\u00fc\u015f y\u0131llarca. \u00dc\u00e7lemenin ilk kitab\u0131 Bizim Soka\u011f\u0131n \u00c7ocuklar\u0131\u2019n\u0131 Saadet Ceylan\u2019\u0131n resimleriyle daha \u00e7ok seveceksiniz.Necati Zekariya\u2019n\u0131n \u00e7ocuk edebiyat\u0131 alan\u0131nda bir \u00fc\u00e7lemesi var: Bizim Soka\u011f\u0131n \u00c7ocuklar\u0131, Yeni Soka\u011f\u0131n \u00c7ocuklar\u0131, Bizim Soka\u011f\u0131n Romeo ve J\u00fcliyeti. Bu \u00fc\u00e7lemenin ilk kitab\u0131 \u00dcsk\u00fcp\u2019te bir k\u00fct\u00fcphanede do\u011fmu\u015f. \u00dc\u00e7 kitap da \u00dcsk\u00fcp\u2019te ya\u015fam\u0131\u015f \u00e7ocuklar\u0131n hik\u00e2yelerinden olu\u015fuyor. \u00dc\u00e7lemenin iki kahraman\u0131 okul nedeniyle ayr\u0131 \u015fehirlerde ya\u015famaya ba\u015flay\u0131nca mektup arkada\u015fl\u0131\u011f\u0131na d\u00f6n\u00fc\u015fm\u00fc\u015f arkada\u015fl\u0131klar\u0131. Orhan, \u00dcsk\u00fcp\u2019ten g\u00f6nderdi\u011fi mektuplar\u0131 J\u00fcliyet, Sevil \u0130stanbul\u2019da yazd\u0131\u011f\u0131 mektuplar\u0131 Romeo olarak imzalam\u0131\u015f.Bu \u00fc\u00e7leme ile \u00e7ocuk ve \u00e7ocuklu\u011fun ne kadar h\u0131zl\u0131 de\u011fi\u015fti\u011fini fark etmeniz zor olmayacak. Bu \u00fc\u00e7leme T\u00fcrk \u00e7ocuk edebiyat\u0131n\u0131n Balkanlarda T\u00fcrk\u00e7e olarak boy atm\u0131\u015f en \u00f6nemli \u00fc\u00e7 \u00e7ocuk kitab\u0131d\u0131r. Bu \u00fc\u00e7leme, geleneksel \u00e7ocuklu\u011fu ya\u015fam\u0131\u015f \u00e7ocuklar\u0131n arkada\u015fl\u0131klar\u0131, sevgileri ve \u00e7ocukluk a\u015fklar\u0131 ile k\u0131sa \u00f6yk\u00fclerden olu\u015fan unutulmaz bir \u00e7ocuk roman\u0131d\u0131r. &#8211; Mustafa Ruhi \u015eirin <\/p>\n","protected":false},"excerpt":{"rendered":"<p>\u00c7ok sevgili okur!\u00c7ocuklu\u011fu unutulmaz yapan nedir? Arkada\u015fl\u0131k. Evet, evet arkada\u015fl\u0131k. Bu kitab\u0131n kahraman\u0131 Orhan\u2019\u0131n hem akranlar\u0131 hem de kitaplar arkada\u015flar\u0131 olmu\u015f. Akranlar\u0131 ve kitaplarla dostlu\u011fu ilk<span class=\"excerpt-hellip\"> [\u2026]<\/span><\/p>\n","protected":false},"featured_media":0,"template":"","meta":{"_monsterinsights_skip_tracking":false,"_monsterinsights_sitenote_active":false,"_monsterinsights_sitenote_note":"","_monsterinsights_sitenote_category":0},"product_brand":[],"product_cat":[12274,12284],"product_tag":[],"class_list":{"0":"post-712982","1":"product","2":"type-product","3":"status-publish","5":"product_cat-cocuk-ve-genclik-kitaplari","6":"product_cat-hikayeler","7":"pa_cilt-ciltsiz","8":"pa_tur-kitap","9":"pa_yayinevi-ucan-at","10":"pa_yazar-necati-zekeriya","12":"first","13":"instock","14":"sale","15":"shipping-taxable","16":"purchasable","17":"product-type-simple"},"_links":{"self":[{"href":"https:\/\/roveyayinevi.com.tr\/index.php\/wp-json\/wp\/v2\/product\/712982","targetHints":{"allow":["GET"]}}],"collection":[{"href":"https:\/\/roveyayinevi.com.tr\/index.php\/wp-json\/wp\/v2\/product"}],"about":[{"href":"https:\/\/roveyayinevi.com.tr\/index.php\/wp-json\/wp\/v2\/types\/product"}],"wp:attachment":[{"href":"https:\/\/roveyayinevi.com.tr\/index.php\/wp-json\/wp\/v2\/media?parent=712982"}],"wp:term":[{"taxonomy":"product_brand","embeddable":true,"href":"https:\/\/roveyayinevi.com.tr\/index.php\/wp-json\/wp\/v2\/product_brand?post=712982"},{"taxonomy":"product_cat","embeddable":true,"href":"https:\/\/roveyayinevi.com.tr\/index.php\/wp-json\/wp\/v2\/product_cat?post=712982"},{"taxonomy":"product_tag","embeddable":true,"href":"https:\/\/roveyayinevi.com.tr\/index.php\/wp-json\/wp\/v2\/product_tag?post=712982"}],"curies":[{"name":"wp","href":"https:\/\/api.w.org\/{rel}","templated":true}]}}