{"id":712978,"date":"2025-08-27T17:02:21","date_gmt":"2025-08-27T14:02:21","guid":{"rendered":"https:\/\/roveyayinevi.com.tr\/index.php\/urun\/turk-islam-tarihinde-yonetim-uygulamalari\/"},"modified":"2026-04-16T02:21:39","modified_gmt":"2026-04-15T23:21:39","slug":"turk-islam-tarihinde-yonetim-uygulamalari","status":"publish","type":"product","link":"https:\/\/roveyayinevi.com.tr\/index.php\/urun\/turk-islam-tarihinde-yonetim-uygulamalari\/","title":{"rendered":"T\u00fcrk-\u0130slam Tarihinde Y\u00f6netim Uygulamalar\u0131"},"content":{"rendered":"<p>\u0130\u00e7indekiler :     B\u0130R\u0130NC\u0130 B\u00d6L\u00dcM T\u00dcRKLERDE DEVLET ANLAYI\u015eI   \u0130K\u0130NC\u0130 B\u00d6L\u00dcM T\u00dcRK Y\u00d6NET\u0130M K\u00dcLT\u00dcR\u00dcNDE AHLAK, K\u00dcLT\u00dcR VE ADALET ANLAYI\u015eI   \u00dc\u00c7\u00dcNC\u00dc B\u00d6L\u00dcM T\u00dcRKLERDE C\u0130HAN H\u00c2K\u0130M\u0130YET\u0130 MEFK\u00dbRES\u0130N\u0130N ANLAMI VE ANAKRON\u0130K DE\u011eERLEND\u0130RMES\u0130   D\u00d6RD\u00dcNC\u00dc B\u00d6L\u00dcM T\u00dcRK Y\u00d6NET\u0130M K\u00dcLT\u00dcR\u00dcNDE ORDU   BE\u015e\u0130NC\u0130 B\u00d6L\u00dcM ENDERUN OKULU   ALTINCI B\u00d6L\u00dcM D\u0130VAN-I H\u00dcMAYUN   YED\u0130NC\u0130 B\u00d6L\u00dcM KANUN-I ESAS\u0130   SEK\u0130Z\u0130NC\u0130 B\u00d6L\u00dcM OSMANLI DEVLET\u0130N\u0130N MAL\u0130 YAPISI VE TIMAR S\u0130STEM\u0130   DOKUZUNCU B\u00d6L\u00dcM T\u00dcRK Y\u00d6NET\u0130M K\u00dcLT\u00dcR\u00dcNDE \u0130SLAM D\u0130N\u0130N\u0130N YER\u0130 VE ETK\u0130S\u0130   ONUNCU B\u00d6L\u00dcM \u0130NSAN ONURUNU KORUMA HEDEF\u0130NDE B\u0130R REFAH KURUMU: VAKIFLAR   ONB\u0130R\u0130NC\u0130 B\u00d6L\u00dcM AH\u0130 TE\u015eK\u0130LATI   ON\u0130K\u0130NC\u0130 B\u00d6L\u00dcM OSMANLI-T\u00dcRK MODERNLE\u015eMES\u0130   ON\u00dc\u00c7\u00dcNC\u00dc B\u00d6L\u00dcM T\u00dcRK-\u0130SL\u00c2M Y\u00d6NET\u0130M GELENE\u011e\u0130NDE S\u0130YASETNAMELER\u0130N YER\u0130   OND\u00d6RD\u00dcNC\u00dc B\u00d6L\u00dcM OSMANLI Y\u00d6NET\u0130M K\u00dcLT\u00dcR\u00dcNDE L\u0130DERL\u0130K <\/p>\n","protected":false},"excerpt":{"rendered":"<p>\u0130\u00e7indekiler : B\u0130R\u0130NC\u0130 B\u00d6L\u00dcM T\u00dcRKLERDE DEVLET ANLAYI\u015eI \u0130K\u0130NC\u0130 B\u00d6L\u00dcM T\u00dcRK Y\u00d6NET\u0130M K\u00dcLT\u00dcR\u00dcNDE AHLAK, K\u00dcLT\u00dcR VE ADALET ANLAYI\u015eI \u00dc\u00c7\u00dcNC\u00dc B\u00d6L\u00dcM T\u00dcRKLERDE C\u0130HAN H\u00c2K\u0130M\u0130YET\u0130 MEFK\u00dbRES\u0130N\u0130N ANLAMI VE ANAKRON\u0130K<span class=\"excerpt-hellip\"> [\u2026]<\/span><\/p>\n","protected":false},"featured_media":0,"template":"","meta":{"_monsterinsights_skip_tracking":false,"_monsterinsights_sitenote_active":false,"_monsterinsights_sitenote_note":"","_monsterinsights_sitenote_category":0},"product_brand":[],"product_cat":[12304,13650],"product_tag":[],"class_list":{"0":"post-712978","1":"product","2":"type-product","3":"status-publish","5":"product_cat-tarih","6":"product_cat-turk-tarihi-arastirmalari","7":"pa_cilt-ciltsiz","8":"pa_tur-kitap","9":"pa_yayinevi-gazi-kitabevi","10":"pa_yazar-murat-akcakaya","12":"first","13":"instock","14":"sale","15":"shipping-taxable","16":"purchasable","17":"product-type-simple"},"_links":{"self":[{"href":"https:\/\/roveyayinevi.com.tr\/index.php\/wp-json\/wp\/v2\/product\/712978","targetHints":{"allow":["GET"]}}],"collection":[{"href":"https:\/\/roveyayinevi.com.tr\/index.php\/wp-json\/wp\/v2\/product"}],"about":[{"href":"https:\/\/roveyayinevi.com.tr\/index.php\/wp-json\/wp\/v2\/types\/product"}],"wp:attachment":[{"href":"https:\/\/roveyayinevi.com.tr\/index.php\/wp-json\/wp\/v2\/media?parent=712978"}],"wp:term":[{"taxonomy":"product_brand","embeddable":true,"href":"https:\/\/roveyayinevi.com.tr\/index.php\/wp-json\/wp\/v2\/product_brand?post=712978"},{"taxonomy":"product_cat","embeddable":true,"href":"https:\/\/roveyayinevi.com.tr\/index.php\/wp-json\/wp\/v2\/product_cat?post=712978"},{"taxonomy":"product_tag","embeddable":true,"href":"https:\/\/roveyayinevi.com.tr\/index.php\/wp-json\/wp\/v2\/product_tag?post=712978"}],"curies":[{"name":"wp","href":"https:\/\/api.w.org\/{rel}","templated":true}]}}