{"id":712971,"date":"2025-08-27T17:02:17","date_gmt":"2025-08-27T14:02:17","guid":{"rendered":"https:\/\/roveyayinevi.com.tr\/index.php\/urun\/adim-adim-62-corba\/"},"modified":"2026-04-16T02:21:39","modified_gmt":"2026-04-15T23:21:39","slug":"adim-adim-62-corba","status":"publish","type":"product","link":"https:\/\/roveyayinevi.com.tr\/index.php\/urun\/adim-adim-62-corba\/","title":{"rendered":"Ad\u0131m Ad\u0131m 62 \u00c7orba"},"content":{"rendered":"<p>1 tere \u00e7orbas\u0131 2 kuzukula\u011f\u0131 \u00e7orbas\u0131 3 \u0131spanak \u00e7orbas\u0131 4 paz\u0131 \u00e7orbas\u0131 5 karalahana \u00e7orbas\u0131 6 k\u0131rm\u0131z\u0131 lahana \u00e7orbas\u0131 7 yenibaharl\u0131 \u00e7orbas\u0131 8 br\u00fcksellahanas\u0131 \u00e7orbas\u0131 9 brokoli \u00e7orbas\u0131 10 kar\u0131nbahar \u00e7orbas\u0131 11 yerelmas\u0131 \u00e7orbas\u0131 12 \u0131s\u0131rgan otu \u00e7orbas\u0131 13 kimyonlu kabak \u00e7orbas\u0131 14 ac\u0131l\u0131 ek\u015fili kabak \u00e7orbas\u0131 15 mantar \u00e7orbas\u0131 16 p\u0131rasa \u00e7orbas\u0131 17 kereviz \u00e7orbas\u0131 18 patl\u0131can \u00e7orbas\u0131 19 pancar \u00e7orbas\u0131 20 rezene \u00e7orbas\u0131 21 andiv \u00e7orbas\u0131 22 taze fasulye \u00e7orbas\u0131 23 bezelye \u00e7orbas\u0131 24 sultaniye bezelye \u00e7orbas\u0131 25 taze bakla \u00e7orbas\u0131 26 balkaba\u011f\u0131 \u00e7orbas\u0131 27 tar\u00e7\u0131nl\u0131 havu\u00e7 \u00e7orbas\u0131 28 zencefil \u00e7orbas\u0131 29 enginar \u00e7orbas\u0131 30 muhlata \u00e7orbas\u0131 31 detox \u00e7orbas\u0131 32 zahter \u00e7orbas\u0131 33 sar\u0131 biber \u00e7orbas\u0131 34 ebeg\u00fcmeci \u00e7orbas\u0131 35 miso shiru \u00e7orbas\u0131 36 \u015falgam \u00e7orbas\u0131 37 wakame \u00e7orbas\u0131 40 b\u00f6r\u00fclce \u00e7orbas\u0131 41 ku\u015fkonmaz \u00e7orbas\u0131 42 ac\u0131l\u0131-ek\u015fili p\u0131rasa \u00e7orbas\u0131 48 radika \u00e7orbas\u0131 49 domates \u00e7orbas\u0131 50 kuru bakla \u00e7orbas\u0131 51 so\u011fuk kabak \u00e7orbas\u0131 52 gazpacho \u00e7orbas\u0131 53 so\u011fuk pancar \u00e7orbas\u0131 54 so\u011fuk yerelmas\u0131 \u00e7orbas\u0131 55 so\u011fuk ennginar \u00e7orbas\u0131 56 so\u011fuk brokoli \u00e7orbas\u0131 60 so\u011fuk patl\u0131can \u00e7orbas\u0131 61 so\u011fuk bezelye \u00e7orbas\u0131 62 so\u011fuk rezene \u00e7orbas\u0131 \ufffc<\/p>\n","protected":false},"excerpt":{"rendered":"<p>1 tere \u00e7orbas\u0131 2 kuzukula\u011f\u0131 \u00e7orbas\u0131 3 \u0131spanak \u00e7orbas\u0131 4 paz\u0131 \u00e7orbas\u0131 5 karalahana \u00e7orbas\u0131 6 k\u0131rm\u0131z\u0131 lahana \u00e7orbas\u0131 7 yenibaharl\u0131 \u00e7orbas\u0131 8 br\u00fcksellahanas\u0131 \u00e7orbas\u0131 9<span class=\"excerpt-hellip\"> [\u2026]<\/span><\/p>\n","protected":false},"featured_media":0,"template":"","meta":{"_monsterinsights_skip_tracking":false,"_monsterinsights_sitenote_active":false,"_monsterinsights_sitenote_note":"","_monsterinsights_sitenote_category":0},"product_brand":[],"product_cat":[12458,12457],"product_tag":[],"class_list":{"0":"post-712971","1":"product","2":"type-product","3":"status-publish","5":"product_cat-turk-mutfagi","6":"product_cat-yemek-kitaplari","7":"pa_cilt-ciltsiz","8":"pa_tur-kitap","9":"pa_yayinevi-yapi-kredi-yayinlari","10":"pa_yazar-burak-aziz-suruk-cengiz-cakit","12":"first","13":"instock","14":"sale","15":"shipping-taxable","16":"purchasable","17":"product-type-simple"},"_links":{"self":[{"href":"https:\/\/roveyayinevi.com.tr\/index.php\/wp-json\/wp\/v2\/product\/712971","targetHints":{"allow":["GET"]}}],"collection":[{"href":"https:\/\/roveyayinevi.com.tr\/index.php\/wp-json\/wp\/v2\/product"}],"about":[{"href":"https:\/\/roveyayinevi.com.tr\/index.php\/wp-json\/wp\/v2\/types\/product"}],"wp:attachment":[{"href":"https:\/\/roveyayinevi.com.tr\/index.php\/wp-json\/wp\/v2\/media?parent=712971"}],"wp:term":[{"taxonomy":"product_brand","embeddable":true,"href":"https:\/\/roveyayinevi.com.tr\/index.php\/wp-json\/wp\/v2\/product_brand?post=712971"},{"taxonomy":"product_cat","embeddable":true,"href":"https:\/\/roveyayinevi.com.tr\/index.php\/wp-json\/wp\/v2\/product_cat?post=712971"},{"taxonomy":"product_tag","embeddable":true,"href":"https:\/\/roveyayinevi.com.tr\/index.php\/wp-json\/wp\/v2\/product_tag?post=712971"}],"curies":[{"name":"wp","href":"https:\/\/api.w.org\/{rel}","templated":true}]}}