{"id":712969,"date":"2025-08-27T17:02:16","date_gmt":"2025-08-27T14:02:16","guid":{"rendered":"https:\/\/roveyayinevi.com.tr\/index.php\/urun\/hopalupa-kardesler\/"},"modified":"2026-04-16T02:21:39","modified_gmt":"2026-04-15T23:21:39","slug":"hopalupa-kardesler","status":"publish","type":"product","link":"https:\/\/roveyayinevi.com.tr\/index.php\/urun\/hopalupa-kardesler\/","title":{"rendered":"Hopalupa Karde\u015fler"},"content":{"rendered":"<p>\u201cHopalupa Karde\u015fler yolculuk haz\u0131rl\u0131klar\u0131na ba\u015flad\u0131. B\u00fct\u00fcn malzemeleri balonun sepetine y\u00fcklediler. Sonra da vakit kaybetmeden balona atlay\u0131p havaland\u0131lar. Balonla yolculuk yapmak ger\u00e7ekten \u00e7ok iyi bir fikirdi. \u00c7in\u2019e giderken yol boyunca g\u00f6r\u00fclebilecek pek \u00e7ok yer vard\u0131. \u00dczerinden ge\u00e7tikleri da\u011flar, g\u00f6ller, nehirler maceray\u0131 bir kat daha g\u00fczelle\u015ftirdi. \u00c7ok be\u011fendikleri baz\u0131 yerlerde balonlar\u0131n\u0131 indirip mola verdiler.\u201d \ufffcTan\u0131t\u0131m Metni<\/p>\n","protected":false},"excerpt":{"rendered":"<p>\u201cHopalupa Karde\u015fler yolculuk haz\u0131rl\u0131klar\u0131na ba\u015flad\u0131. B\u00fct\u00fcn malzemeleri balonun sepetine y\u00fcklediler. Sonra da vakit kaybetmeden balona atlay\u0131p havaland\u0131lar. Balonla yolculuk yapmak ger\u00e7ekten \u00e7ok iyi bir fikirdi. \u00c7in\u2019e<span class=\"excerpt-hellip\"> [\u2026]<\/span><\/p>\n","protected":false},"featured_media":0,"template":"","meta":{"_monsterinsights_skip_tracking":false,"_monsterinsights_sitenote_active":false,"_monsterinsights_sitenote_note":"","_monsterinsights_sitenote_category":0},"product_brand":[],"product_cat":[12275,12274],"product_tag":[],"class_list":{"0":"post-712969","1":"product","2":"type-product","3":"status-publish","5":"product_cat-6-12-yas-kitaplari","6":"product_cat-cocuk-ve-genclik-kitaplari","7":"pa_cilt-ciltsiz","8":"pa_tur-kitap","9":"pa_yayinevi-yapi-kredi-yayinlari","10":"pa_yazar-arif-duzgun-akbayir","12":"first","13":"instock","14":"sale","15":"shipping-taxable","16":"purchasable","17":"product-type-simple"},"_links":{"self":[{"href":"https:\/\/roveyayinevi.com.tr\/index.php\/wp-json\/wp\/v2\/product\/712969","targetHints":{"allow":["GET"]}}],"collection":[{"href":"https:\/\/roveyayinevi.com.tr\/index.php\/wp-json\/wp\/v2\/product"}],"about":[{"href":"https:\/\/roveyayinevi.com.tr\/index.php\/wp-json\/wp\/v2\/types\/product"}],"wp:attachment":[{"href":"https:\/\/roveyayinevi.com.tr\/index.php\/wp-json\/wp\/v2\/media?parent=712969"}],"wp:term":[{"taxonomy":"product_brand","embeddable":true,"href":"https:\/\/roveyayinevi.com.tr\/index.php\/wp-json\/wp\/v2\/product_brand?post=712969"},{"taxonomy":"product_cat","embeddable":true,"href":"https:\/\/roveyayinevi.com.tr\/index.php\/wp-json\/wp\/v2\/product_cat?post=712969"},{"taxonomy":"product_tag","embeddable":true,"href":"https:\/\/roveyayinevi.com.tr\/index.php\/wp-json\/wp\/v2\/product_tag?post=712969"}],"curies":[{"name":"wp","href":"https:\/\/api.w.org\/{rel}","templated":true}]}}