{"id":712936,"date":"2025-08-27T17:01:56","date_gmt":"2025-08-27T14:01:56","guid":{"rendered":"https:\/\/roveyayinevi.com.tr\/index.php\/urun\/insanlarin-cizimi-cizim-sanati-7\/"},"modified":"2026-04-16T02:21:38","modified_gmt":"2026-04-15T23:21:38","slug":"insanlarin-cizimi-cizim-sanati-7","status":"publish","type":"product","link":"https:\/\/roveyayinevi.com.tr\/index.php\/urun\/insanlarin-cizimi-cizim-sanati-7\/","title":{"rendered":"\u0130nsanlar\u0131n \u00c7izimi &#8211; \u00c7izim Sanat\u0131 7"},"content":{"rendered":"<p>* Malzemeler ve Ara\u00e7lar *Y\u00fczlerin Bir Repertuar\u0131 *Fig\u00fcrlerin Bir Repertuar\u0131 *Heykelleri \u00c7izmek : Paris, Rodin M\u00fczesi\u2019nden Heykeller <\/p>\n","protected":false},"excerpt":{"rendered":"<p>* Malzemeler ve Ara\u00e7lar *Y\u00fczlerin Bir Repertuar\u0131 *Fig\u00fcrlerin Bir Repertuar\u0131 *Heykelleri \u00c7izmek : Paris, Rodin M\u00fczesi\u2019nden Heykeller<\/p>\n","protected":false},"featured_media":0,"template":"","meta":{"_monsterinsights_skip_tracking":false,"_monsterinsights_sitenote_active":false,"_monsterinsights_sitenote_note":"","_monsterinsights_sitenote_category":0},"product_brand":[],"product_cat":[15733,12408],"product_tag":[],"class_list":{"0":"post-712936","1":"product","2":"type-product","3":"status-publish","5":"product_cat-resim","6":"product_cat-sanat","7":"pa_cilt-ciltsiz","8":"pa_tur-kitap","9":"pa_yayinevi-beta-kitap","10":"pa_yazar-giovanni-civardi","12":"first","13":"instock","14":"sale","15":"shipping-taxable","16":"purchasable","17":"product-type-simple"},"_links":{"self":[{"href":"https:\/\/roveyayinevi.com.tr\/index.php\/wp-json\/wp\/v2\/product\/712936","targetHints":{"allow":["GET"]}}],"collection":[{"href":"https:\/\/roveyayinevi.com.tr\/index.php\/wp-json\/wp\/v2\/product"}],"about":[{"href":"https:\/\/roveyayinevi.com.tr\/index.php\/wp-json\/wp\/v2\/types\/product"}],"wp:attachment":[{"href":"https:\/\/roveyayinevi.com.tr\/index.php\/wp-json\/wp\/v2\/media?parent=712936"}],"wp:term":[{"taxonomy":"product_brand","embeddable":true,"href":"https:\/\/roveyayinevi.com.tr\/index.php\/wp-json\/wp\/v2\/product_brand?post=712936"},{"taxonomy":"product_cat","embeddable":true,"href":"https:\/\/roveyayinevi.com.tr\/index.php\/wp-json\/wp\/v2\/product_cat?post=712936"},{"taxonomy":"product_tag","embeddable":true,"href":"https:\/\/roveyayinevi.com.tr\/index.php\/wp-json\/wp\/v2\/product_tag?post=712936"}],"curies":[{"name":"wp","href":"https:\/\/api.w.org\/{rel}","templated":true}]}}