{"id":712935,"date":"2025-08-27T17:01:55","date_gmt":"2025-08-27T14:01:55","guid":{"rendered":"https:\/\/roveyayinevi.com.tr\/index.php\/urun\/nile-hayat-dersleri\/"},"modified":"2026-04-16T02:21:38","modified_gmt":"2026-04-15T23:21:38","slug":"nile-hayat-dersleri","status":"publish","type":"product","link":"https:\/\/roveyayinevi.com.tr\/index.php\/urun\/nile-hayat-dersleri\/","title":{"rendered":"Nil&#8217;e Hayat Dersleri"},"content":{"rendered":"<p>Hik\u00e2yenin pe\u015fini b\u0131rakma\u2026 \u201cHayat bu, bazen olur. Durur. D\u00fc\u015fer. Yuvarlan\u0131r. Tepetaklak olur. Ayaklar\u0131n\u0131 havada, ba\u015f\u0131n\u0131 yerde, kollar\u0131n\u0131 d\u00fc\u011f\u00fcm bulursun. Baz\u0131 \u015feyler noktalan\u0131r. B\u00f6yle zamanlarda, sana s\u00f6yledi\u011fim o i\u00e7indeki ate\u015fi yakacaks\u0131n. Ba\u015f\u0131na oturacaks\u0131n, ba\u011fda\u015f kuracaks\u0131n. Ellerini ate\u015fine tutup \u0131s\u0131nacaks\u0131n biraz. Hik\u00e2yeni dinlemek isteyecek, i\u00e7indeki t\u00fcm canl\u0131lar; ku\u015flar\u0131n, kurtlar\u0131n, b\u00f6ceklerin. Onlara taaa en ba\u015ftan anlatacaks\u0131n. B\u00f6ylece sen de hat\u0131rlam\u0131\u015f olacaks\u0131n. Nereden geldin, nereye gidiyordun. En \u00e7ok nelere g\u00fcl\u00fcyordun. Dinleyince hat\u0131rlay\u0131p, hemen atlar\u0131 haz\u0131rlay\u0131n sabah erkenden yola \u00e7\u0131k\u0131yoruz diyeceksin. Kovboy filmlerindeki gibi. M\u00fczi\u011fin ba\u015flayacak. Hah, diyeceksin i\u015fte \u015fimdi oldu. Kalbinin ritmiyle yola koyulacaks\u0131n tekrar. Anlayamayacaklar i\u00e7lerindeki ate\u015fi unutanlar. Anlam veremeyecekler hik\u00e2yelerini \u00e7abucak unutanlar. Hatta k\u0131zacaklar bile sana, g\u00fclmeyi kolayca b\u0131rakanlar. Sen ellerinde ate\u015finin s\u0131cakl\u0131\u011f\u0131, kulaklar\u0131nda kalbinin m\u00fczi\u011fi, alt\u0131nda at\u0131n, hik\u00e2yenin devam\u0131na do\u011fru yol alacaks\u0131n. Hayat unutturamam\u0131\u015f olacak sana seni. Hazinenin yerini. Hazinen bug\u00fcn, hazinen \u015fimdi, hazinen sahip oldu\u011fun tek hayat.\u201d (Hik\u00e2yenin Pe\u015fini B\u0131rakma, s. 13) Modern zaman filozofu bir kad\u0131n. \u201cDaha iyi nas\u0131l ya\u015fan\u0131r\u201d diyen bir hayatsanat\u00e7\u0131s\u0131. \u201cTek ta\u015f\u0131m\u0131 kendim ald\u0131m\u201d diyen bir neo-feminist. Nil Karaibrahimgil sadece g\u00fcn\u00fcm\u00fcz\u00fcn en sevilen pop m\u00fczik sanat\u00e7\u0131lar\u0131ndan biri de\u011fil, tam 14 y\u0131ld\u0131r her pazartesi H\u00fcrriyet-Kelebek\u2019teki k\u00f6\u015fesiyle hayat\u0131m\u0131za yeni pencereler a\u00e7an,  kitaplar\u0131n\u0131n sat\u0131\u015f\u0131 y\u00fcz binleri bulan bir yazar ayn\u0131 zamanda\u2026Nil\u2019e Hayat Dersleri onun \u00fc\u00e7\u00fcnc\u00fc kitab\u0131. Tekrar tekrar okumak, sevdi\u011finiz herkesle payla\u015fmak isteyece\u011finiz bir hayat bilgisi kayna\u011f\u0131. <\/p>\n","protected":false},"excerpt":{"rendered":"<p>Hik\u00e2yenin pe\u015fini b\u0131rakma\u2026 \u201cHayat bu, bazen olur. Durur. D\u00fc\u015fer. Yuvarlan\u0131r. Tepetaklak olur. Ayaklar\u0131n\u0131 havada, ba\u015f\u0131n\u0131 yerde, kollar\u0131n\u0131 d\u00fc\u011f\u00fcm bulursun. Baz\u0131 \u015feyler noktalan\u0131r. B\u00f6yle zamanlarda, sana s\u00f6yledi\u011fim<span class=\"excerpt-hellip\"> [\u2026]<\/span><\/p>\n","protected":false},"featured_media":0,"template":"","meta":{"_monsterinsights_skip_tracking":false,"_monsterinsights_sitenote_active":false,"_monsterinsights_sitenote_note":"","_monsterinsights_sitenote_category":0},"product_brand":[],"product_cat":[12777,12291],"product_tag":[],"class_list":{"0":"post-712935","1":"product","2":"type-product","3":"status-publish","5":"product_cat-deneme","6":"product_cat-edebiyat","7":"pa_cilt-ciltsiz","8":"pa_tur-kitap","9":"pa_yayinevi-dogan-novus","10":"pa_yazar-nil-karaibrahimgil","12":"first","13":"instock","14":"sale","15":"shipping-taxable","16":"purchasable","17":"product-type-simple"},"_links":{"self":[{"href":"https:\/\/roveyayinevi.com.tr\/index.php\/wp-json\/wp\/v2\/product\/712935","targetHints":{"allow":["GET"]}}],"collection":[{"href":"https:\/\/roveyayinevi.com.tr\/index.php\/wp-json\/wp\/v2\/product"}],"about":[{"href":"https:\/\/roveyayinevi.com.tr\/index.php\/wp-json\/wp\/v2\/types\/product"}],"wp:attachment":[{"href":"https:\/\/roveyayinevi.com.tr\/index.php\/wp-json\/wp\/v2\/media?parent=712935"}],"wp:term":[{"taxonomy":"product_brand","embeddable":true,"href":"https:\/\/roveyayinevi.com.tr\/index.php\/wp-json\/wp\/v2\/product_brand?post=712935"},{"taxonomy":"product_cat","embeddable":true,"href":"https:\/\/roveyayinevi.com.tr\/index.php\/wp-json\/wp\/v2\/product_cat?post=712935"},{"taxonomy":"product_tag","embeddable":true,"href":"https:\/\/roveyayinevi.com.tr\/index.php\/wp-json\/wp\/v2\/product_tag?post=712935"}],"curies":[{"name":"wp","href":"https:\/\/api.w.org\/{rel}","templated":true}]}}