{"id":712925,"date":"2025-08-27T17:01:49","date_gmt":"2025-08-27T14:01:49","guid":{"rendered":"https:\/\/roveyayinevi.com.tr\/index.php\/urun\/hayat-yeni-basliyordu\/"},"modified":"2026-04-16T02:21:38","modified_gmt":"2026-04-15T23:21:38","slug":"hayat-yeni-basliyordu","status":"publish","type":"product","link":"https:\/\/roveyayinevi.com.tr\/index.php\/urun\/hayat-yeni-basliyordu\/","title":{"rendered":"Hayat Yeni Ba\u015fl\u0131yordu"},"content":{"rendered":"<p>nank\u00f6r vefas\u0131z p\u0131s\u0131r\u0131k y\u0131l\u0131\u015f\u0131k&#8230; insanlarla araya mesafeler kurmakla yetinmedim gece demeden g\u00fcnd\u00fcz demeden dev duvarlar \u00f6rd\u00fcm \u00f6te yandan ben bana ya\u015fama sevinci veren o g\u00fczel insanlar\u0131 hi\u00e7 unutmad\u0131m kitap onlara           ith\u00e2f\u0131md\u0131r.<\/p>\n","protected":false},"excerpt":{"rendered":"<p>nank\u00f6r vefas\u0131z p\u0131s\u0131r\u0131k y\u0131l\u0131\u015f\u0131k&#8230; insanlarla araya mesafeler kurmakla yetinmedim gece demeden g\u00fcnd\u00fcz demeden dev duvarlar \u00f6rd\u00fcm \u00f6te yandan ben bana ya\u015fama sevinci veren o g\u00fczel insanlar\u0131<span class=\"excerpt-hellip\"> [\u2026]<\/span><\/p>\n","protected":false},"featured_media":0,"template":"","meta":{"_monsterinsights_skip_tracking":false,"_monsterinsights_sitenote_active":false,"_monsterinsights_sitenote_note":"","_monsterinsights_sitenote_category":0},"product_brand":[],"product_cat":[12291,12509],"product_tag":[],"class_list":{"0":"post-712925","1":"product","2":"type-product","3":"status-publish","5":"product_cat-edebiyat","6":"product_cat-siir","7":"pa_cilt-ciltsiz","8":"pa_tur-kitap","9":"pa_yayinevi-kultur-ajans-yayinlari","10":"pa_yazar-goktuna-rahmi","12":"first","13":"instock","14":"sale","15":"shipping-taxable","16":"purchasable","17":"product-type-simple"},"_links":{"self":[{"href":"https:\/\/roveyayinevi.com.tr\/index.php\/wp-json\/wp\/v2\/product\/712925","targetHints":{"allow":["GET"]}}],"collection":[{"href":"https:\/\/roveyayinevi.com.tr\/index.php\/wp-json\/wp\/v2\/product"}],"about":[{"href":"https:\/\/roveyayinevi.com.tr\/index.php\/wp-json\/wp\/v2\/types\/product"}],"wp:attachment":[{"href":"https:\/\/roveyayinevi.com.tr\/index.php\/wp-json\/wp\/v2\/media?parent=712925"}],"wp:term":[{"taxonomy":"product_brand","embeddable":true,"href":"https:\/\/roveyayinevi.com.tr\/index.php\/wp-json\/wp\/v2\/product_brand?post=712925"},{"taxonomy":"product_cat","embeddable":true,"href":"https:\/\/roveyayinevi.com.tr\/index.php\/wp-json\/wp\/v2\/product_cat?post=712925"},{"taxonomy":"product_tag","embeddable":true,"href":"https:\/\/roveyayinevi.com.tr\/index.php\/wp-json\/wp\/v2\/product_tag?post=712925"}],"curies":[{"name":"wp","href":"https:\/\/api.w.org\/{rel}","templated":true}]}}