{"id":712922,"date":"2025-08-27T17:01:47","date_gmt":"2025-08-27T14:01:47","guid":{"rendered":"https:\/\/roveyayinevi.com.tr\/index.php\/urun\/nerem-kanadiysa-seni-bastim-yaralarima\/"},"modified":"2026-04-16T02:21:38","modified_gmt":"2026-04-15T23:21:38","slug":"nerem-kanadiysa-seni-bastim-yaralarima","status":"publish","type":"product","link":"https:\/\/roveyayinevi.com.tr\/index.php\/urun\/nerem-kanadiysa-seni-bastim-yaralarima\/","title":{"rendered":"Nerem Kanad\u0131ysa Seni Bast\u0131m Yaralar\u0131ma"},"content":{"rendered":"<p>\u00c7ocuklu\u011fu, sevgiyi, vicdan\u0131, duyarl\u0131l\u0131\u011f\u0131 kaybetmemek, insan olabilmenin ilk ad\u0131mlar\u0131d\u0131r. Bunlara sar\u0131lmak, bunlarla sarma\u015f dola\u015f olup ya\u015fama tutunmak, tutunman\u0131n \u00f6tesinde ya\u015fam\u0131 de\u011fi\u015ftirmeye bilgisi, yetenene\u011fi, g\u00fcc\u00fc, etkinli\u011fi \u00f6l\u00e7\u00fcs\u00fcnde insanla\u015farak kat\u0131lmak\u2026 Bir \u015fiirden ba\u015fka ne istenir?.. \u0130mdat G\u00f6n\u00fclal\u2019\u0131n \u201cNerem Kanad\u0131ysa Seni Bast\u0131m Yaralar\u0131ma\u201d adl\u0131 \u015fiir kitab\u0131nda yer alan \u015fiirlerine bir b\u00fct\u00fcn olarak bakt\u0131\u011f\u0131mda bunlar\u0131 g\u00f6r\u00fcyorum. \u201cBen ku\u015flara ta\u015f atamam,\/ Ku\u015flar\u0131 sevdi\u011fimden\u201d (Sapan), \u201cBug\u00fcn pazar,\/ Ve ben seni\/ Di\u011fer g\u00fcnlerde\/ Sevdi\u011fim kadar seviyorum.\/ Ne eksik d\u00fcnden,\/ Ne fazla yar\u0131ndan&#8230;\u201d (Pazar), \u201cAkl\u0131m g\u00f6zlerinde kald\u0131,\/ Kal\u0131\u015f o kal\u0131\u015f&#8230;\u201d (Akl\u0131m G\u00f6zlerinde Kald\u0131), \u201cHer perdede bir t\u00fcrk\u00fc yanar,\/ Her notada bir \u015fiir,\/ Saz da yanarm\u0131\u015f g\u00f6rd\u00fck,\/ S\u00f6z de yanarm\u0131\u015f\/ Sivas ellerinde&#8230;\u201d (Sivas), \u201c\u015eimdi kim anlatacak\/ \u00c7ukurova\u2019n\u0131n\/ Keven dikenlerini,\/ Pamuk i\u015f\u00e7ilerini,\/ Kurdunu,\/ Ku\u015funu,\/ Adana ovas\u0131n\u0131,\/ Kim?\u201d (\u0130nce Memed), \u201cVe nerede zorda kald\u0131ysam, a\u015fkta, sevdada,\/ \u0130\u015fkencede, zul\u00fcmde, Hep yan\u0131mda siz vard\u0131n\u0131z.\u201d (Ahmed Arif) dizeleri g\u00f6steriyor bunlar\u0131. \u0130nsan ve yurt sevgisiyle b\u00fct\u00fcnle\u015fmi\u015f, \u00f6zlemlerle, t\u00fcrk\u00fclerle bezenmi\u015f bir i\u00e7d\u00f6k\u00fc\u015f, bir a\u011f\u0131t da diyebiliriz bu \u015fiirlere: \u201cT\u00fcrk\u00fcler size s\u0131\u011f\u0131n\u0131yorum,\/ Ayr\u0131l\u0131k t\u00fcrk\u00fcleri size,\/ Gidenlerin t\u00fcrk\u00fcleri size,\/ Her yan\u0131 \u00e7\u0131\u011fl\u0131k, her yan\u0131 isyan t\u00fcrk\u00fcler size.\/ Anadolu\u2019nun her yan\u0131ndan, her dilden s\u00fcz\u00fclen,\/ Sevda t\u00fcrk\u00fcleri, size s\u0131\u011f\u0131n\u0131yorum.\/ Devrimci t\u00fcrk\u00fcler size,\/ Metris\u2019te, Mamak\u2019ta, Diyarbak\u0131r\u2019da s\u00f6ylenen yolda\u015f t\u00fcrk\u00fcler,\/ Size s\u0131\u011f\u0131n\u0131yorum.\/ Bana da bir nefeslik yer verin y\u00fcre\u011finizde,\/ T\u00fcrk\u00fcler size s\u0131\u011f\u0131n\u0131yorum&#8230;\u201d \u00d6ner YA\u011eCI <\/p>\n","protected":false},"excerpt":{"rendered":"<p>\u00c7ocuklu\u011fu, sevgiyi, vicdan\u0131, duyarl\u0131l\u0131\u011f\u0131 kaybetmemek, insan olabilmenin ilk ad\u0131mlar\u0131d\u0131r. Bunlara sar\u0131lmak, bunlarla sarma\u015f dola\u015f olup ya\u015fama tutunmak, tutunman\u0131n \u00f6tesinde ya\u015fam\u0131 de\u011fi\u015ftirmeye bilgisi, yetenene\u011fi, g\u00fcc\u00fc, etkinli\u011fi \u00f6l\u00e7\u00fcs\u00fcnde<span class=\"excerpt-hellip\"> [\u2026]<\/span><\/p>\n","protected":false},"featured_media":0,"template":"","meta":{"_monsterinsights_skip_tracking":false,"_monsterinsights_sitenote_active":false,"_monsterinsights_sitenote_note":"","_monsterinsights_sitenote_category":0},"product_brand":[],"product_cat":[12291,12509],"product_tag":[],"class_list":{"0":"post-712922","1":"product","2":"type-product","3":"status-publish","5":"product_cat-edebiyat","6":"product_cat-siir","7":"pa_cilt-ciltsiz","8":"pa_tur-kitap","9":"pa_yayinevi-karina-yayinevi","10":"pa_yazar-imdat-gonulal","12":"first","13":"instock","14":"sale","15":"shipping-taxable","16":"purchasable","17":"product-type-simple"},"_links":{"self":[{"href":"https:\/\/roveyayinevi.com.tr\/index.php\/wp-json\/wp\/v2\/product\/712922","targetHints":{"allow":["GET"]}}],"collection":[{"href":"https:\/\/roveyayinevi.com.tr\/index.php\/wp-json\/wp\/v2\/product"}],"about":[{"href":"https:\/\/roveyayinevi.com.tr\/index.php\/wp-json\/wp\/v2\/types\/product"}],"wp:attachment":[{"href":"https:\/\/roveyayinevi.com.tr\/index.php\/wp-json\/wp\/v2\/media?parent=712922"}],"wp:term":[{"taxonomy":"product_brand","embeddable":true,"href":"https:\/\/roveyayinevi.com.tr\/index.php\/wp-json\/wp\/v2\/product_brand?post=712922"},{"taxonomy":"product_cat","embeddable":true,"href":"https:\/\/roveyayinevi.com.tr\/index.php\/wp-json\/wp\/v2\/product_cat?post=712922"},{"taxonomy":"product_tag","embeddable":true,"href":"https:\/\/roveyayinevi.com.tr\/index.php\/wp-json\/wp\/v2\/product_tag?post=712922"}],"curies":[{"name":"wp","href":"https:\/\/api.w.org\/{rel}","templated":true}]}}