{"id":712921,"date":"2025-08-27T17:01:46","date_gmt":"2025-08-27T14:01:46","guid":{"rendered":"https:\/\/roveyayinevi.com.tr\/index.php\/urun\/bir-cocugun-gozunden-ii-dunya-savasi\/"},"modified":"2025-12-30T10:13:03","modified_gmt":"2025-12-30T07:13:03","slug":"bir-cocugun-gozunden-ii-dunya-savasi","status":"publish","type":"product","link":"https:\/\/roveyayinevi.com.tr\/index.php\/urun\/bir-cocugun-gozunden-ii-dunya-savasi\/","title":{"rendered":"Bir \u00c7ocu\u011fun G\u00f6z\u00fcnden II. D\u00fcnya Sava\u015f\u0131"},"content":{"rendered":"<p>\u0130kinci D\u00fcnya Sava\u015f\u0131&#8217;na \u00e7ocuk ya\u015f\u0131nda tan\u0131k olmu\u015f, sava\u015f\u0131n kahreden ger\u00e7ekli\u011fiyle y\u00fczle\u015fmi\u015f, Nazi i\u015fgalini ya\u015fam\u0131\u015f, bombalanan \u015fehirlerde s\u0131n\u0131rlardan s\u0131n\u0131rlara \u00f6zg\u00fcrl\u00fc\u011fe yol aram\u0131\u015f, bir T\u00fcrk&#8217;\u00fcn ger\u00e7ek \u00f6yk\u00fcs\u00fcn\u00fc okumaya haz\u0131r m\u0131s\u0131n\u0131z? &#8220;Siren sesi&#8230; Al\u00e7al\u0131p y\u00fckselirken insan\u0131n i\u00e7ini t\u0131rmalayan o ses&#8230; Ard\u0131ndan gelen bomba sesleri, sars\u0131nt\u0131, i\u00e7ine b\u00fcz\u00fc\u015f\u00fclm\u00fc\u015f dar ve karanl\u0131k s\u0131\u011f\u0131nakta \u00e7atlayan kolonlarla birlikte korkusu bile da\u011flanan bir \u00e7ocuk&#8230; Emekli diplomat-yazar Daver Darende&#8217;nin anti-fa\u015fist ve ba\u011f\u0131ms\u0131zl\u0131k\u00e7\u0131 ruhuna eklenen sava\u015f kar\u015f\u0131tl\u0131\u011f\u0131 ta \u00e7ocukluk bilincinden gelir. 2. D\u00fcnya Sava\u015f\u0131 s\u0131ras\u0131na Bulgar ve Alman i\u015fgallerini g\u00f6rm\u00fc\u015f \u00dcsk\u00fcp&#8217;te ya\u015fad\u0131\u011f\u0131 kaba g\u00fcce ve hoyratl\u0131\u011fa dayal\u0131 h\u00fcz\u00fcnl\u00fc an\u0131lar, Darende&#8217;nin ki\u015fili\u011finin anakaras\u0131n\u0131 belirler&#8230;&#8221; I\u015f\u0131k Kansu <\/p>\n","protected":false},"excerpt":{"rendered":"<p>\u0130kinci D\u00fcnya Sava\u015f\u0131&#8217;na \u00e7ocuk ya\u015f\u0131nda tan\u0131k olmu\u015f, sava\u015f\u0131n kahreden ger\u00e7ekli\u011fiyle y\u00fczle\u015fmi\u015f, Nazi i\u015fgalini ya\u015fam\u0131\u015f, bombalanan \u015fehirlerde s\u0131n\u0131rlardan s\u0131n\u0131rlara \u00f6zg\u00fcrl\u00fc\u011fe yol aram\u0131\u015f, bir T\u00fcrk&#8217;\u00fcn ger\u00e7ek \u00f6yk\u00fcs\u00fcn\u00fc okumaya<span class=\"excerpt-hellip\"> [\u2026]<\/span><\/p>\n","protected":false},"featured_media":0,"template":"","meta":{"_monsterinsights_skip_tracking":false,"_monsterinsights_sitenote_active":false,"_monsterinsights_sitenote_note":"","_monsterinsights_sitenote_category":0},"product_brand":[],"product_cat":[13701,12291],"product_tag":[],"class_list":{"0":"post-712921","1":"product","2":"type-product","3":"status-publish","5":"product_cat-ani-mektup-gunluk","6":"product_cat-edebiyat","7":"pa_cilt-ciltsiz","8":"pa_tur-kitap","9":"pa_yayinevi-telgrafhane-yayinlari","10":"pa_yazar-daver-darende","12":"first","13":"instock","14":"sale","15":"shipping-taxable","16":"purchasable","17":"product-type-simple"},"_links":{"self":[{"href":"https:\/\/roveyayinevi.com.tr\/index.php\/wp-json\/wp\/v2\/product\/712921","targetHints":{"allow":["GET"]}}],"collection":[{"href":"https:\/\/roveyayinevi.com.tr\/index.php\/wp-json\/wp\/v2\/product"}],"about":[{"href":"https:\/\/roveyayinevi.com.tr\/index.php\/wp-json\/wp\/v2\/types\/product"}],"wp:attachment":[{"href":"https:\/\/roveyayinevi.com.tr\/index.php\/wp-json\/wp\/v2\/media?parent=712921"}],"wp:term":[{"taxonomy":"product_brand","embeddable":true,"href":"https:\/\/roveyayinevi.com.tr\/index.php\/wp-json\/wp\/v2\/product_brand?post=712921"},{"taxonomy":"product_cat","embeddable":true,"href":"https:\/\/roveyayinevi.com.tr\/index.php\/wp-json\/wp\/v2\/product_cat?post=712921"},{"taxonomy":"product_tag","embeddable":true,"href":"https:\/\/roveyayinevi.com.tr\/index.php\/wp-json\/wp\/v2\/product_tag?post=712921"}],"curies":[{"name":"wp","href":"https:\/\/api.w.org\/{rel}","templated":true}]}}

Bir Çocuğun Gözünden II. Dünya Savaşı

<p>İkinci Dünya Savaşı&#8217;na çocuk yaşında tanık olmuş, savaşın kahreden gerçekliğiyle yüzleşmiş, Nazi işgalini yaşamış, bombalanan şehirlerde sınırlardan sınırlara özgürlüğe yol aramış, bir Türk&#8217;ün gerçek öyküsünü okumaya hazır mısınız? &#8220;Siren sesi&#8230; Alçalıp yükselirken insanın içini tırmalayan o ses&#8230; Ardından gelen bomba sesleri, sarsıntı, içine büzüşülmüş dar ve karanlık sığınakta çatlayan kolonlarla birlikte korkusu bile dağlanan bir çocuk&#8230; Emekli diplomat-yazar Daver Darende&#8217;nin anti-faşist ve bağımsızlıkçı ruhuna eklenen savaş karşıtlığı ta çocukluk bilincinden gelir. 2. Dünya Savaşı sırasına Bulgar ve Alman işgallerini görmüş Üsküp&#8217;te yaşadığı kaba güce ve hoyratlığa dayalı hüzünlü anılar, Darende&#8217;nin kişiliğinin anakarasını belirler&#8230;&#8221; Işık Kansu </p>

<p>İkinci Dünya Savaşı&#8217;na çocuk yaşında tanık olmuş, savaşın kahreden gerçekliğiyle yüzleşmiş, Nazi işgalini yaşamış, bombalanan şehirlerde sınırlardan sınırlara özgürlüğe yol aramış, bir Türk&#8217;ün gerçek öyküsünü okumaya<span class="excerpt-hellip"> […]</span></p>
