{"id":712908,"date":"2025-08-27T17:01:38","date_gmt":"2025-08-27T14:01:38","guid":{"rendered":"https:\/\/roveyayinevi.com.tr\/index.php\/urun\/esrarengiz-sehir-asansorleri\/"},"modified":"2026-04-16T02:21:37","modified_gmt":"2026-04-15T23:21:37","slug":"esrarengiz-sehir-asansorleri","status":"publish","type":"product","link":"https:\/\/roveyayinevi.com.tr\/index.php\/urun\/esrarengiz-sehir-asansorleri\/","title":{"rendered":"Esrarengiz \u015eehir Asans\u00f6rleri"},"content":{"rendered":"<p>29 katl\u0131 bir apartman, apartmanda tuhaf bir asans\u00f6r, asans\u00f6rde iki \u00e7ocuk&#8230; Delal Arya, g\u00f6zleri bir orman\u0131n kuytular\u0131na benzeyen F\u00fbl ve y\u00fcz\u00fc kahverengi \u00e7illerle kapl\u0131 K\u00e2muran\u2019\u0131n esrarengiz hik\u00e2yesini anlat\u0131yor. Solucan deli\u011fine benzeyen mahallelerden b\u00fcy\u00fcleyici ormanlara a\u00e7\u0131lan etkileyici bir macera. <\/p>\n","protected":false},"excerpt":{"rendered":"<p>29 katl\u0131 bir apartman, apartmanda tuhaf bir asans\u00f6r, asans\u00f6rde iki \u00e7ocuk&#8230; Delal Arya, g\u00f6zleri bir orman\u0131n kuytular\u0131na benzeyen F\u00fbl ve y\u00fcz\u00fc kahverengi \u00e7illerle kapl\u0131 K\u00e2muran\u2019\u0131n esrarengiz<span class=\"excerpt-hellip\"> [\u2026]<\/span><\/p>\n","protected":false},"featured_media":0,"template":"","meta":{"_monsterinsights_skip_tracking":false,"_monsterinsights_sitenote_active":false,"_monsterinsights_sitenote_note":"","_monsterinsights_sitenote_category":0},"product_brand":[],"product_cat":[12275,12274],"product_tag":[],"class_list":{"0":"post-712908","1":"product","2":"type-product","3":"status-publish","5":"product_cat-6-12-yas-kitaplari","6":"product_cat-cocuk-ve-genclik-kitaplari","7":"pa_cilt-ciltsiz","8":"pa_tur-kitap","9":"pa_yayinevi-cinar-yayinlari","10":"pa_yazar-delal-arya","12":"first","13":"instock","14":"sale","15":"shipping-taxable","16":"purchasable","17":"product-type-simple"},"_links":{"self":[{"href":"https:\/\/roveyayinevi.com.tr\/index.php\/wp-json\/wp\/v2\/product\/712908","targetHints":{"allow":["GET"]}}],"collection":[{"href":"https:\/\/roveyayinevi.com.tr\/index.php\/wp-json\/wp\/v2\/product"}],"about":[{"href":"https:\/\/roveyayinevi.com.tr\/index.php\/wp-json\/wp\/v2\/types\/product"}],"wp:attachment":[{"href":"https:\/\/roveyayinevi.com.tr\/index.php\/wp-json\/wp\/v2\/media?parent=712908"}],"wp:term":[{"taxonomy":"product_brand","embeddable":true,"href":"https:\/\/roveyayinevi.com.tr\/index.php\/wp-json\/wp\/v2\/product_brand?post=712908"},{"taxonomy":"product_cat","embeddable":true,"href":"https:\/\/roveyayinevi.com.tr\/index.php\/wp-json\/wp\/v2\/product_cat?post=712908"},{"taxonomy":"product_tag","embeddable":true,"href":"https:\/\/roveyayinevi.com.tr\/index.php\/wp-json\/wp\/v2\/product_tag?post=712908"}],"curies":[{"name":"wp","href":"https:\/\/api.w.org\/{rel}","templated":true}]}}