{"id":712834,"date":"2025-08-27T17:00:07","date_gmt":"2025-08-27T14:00:07","guid":{"rendered":"https:\/\/roveyayinevi.com.tr\/index.php\/urun\/gelos-dagi-efsanesi\/"},"modified":"2026-04-16T02:21:08","modified_gmt":"2026-04-15T23:21:08","slug":"gelos-dagi-efsanesi","status":"publish","type":"product","link":"https:\/\/roveyayinevi.com.tr\/index.php\/urun\/gelos-dagi-efsanesi\/","title":{"rendered":"Gelo\u015f Da\u011f\u0131 Efsanesi"},"content":{"rendered":"<p>Bu kitapta neler var: Bir yanda Kral-Eli \u00fclkesinin kendini yery\u00fcz\u00fcn\u00fcn efendisi sanan, k\u00f6peklerini halk\u0131ndan \u00e7ok seven, sefas\u0131 i\u00e7in \u00fclkesinin topraklar\u0131n\u0131 satabilen zalim kral\u0131, \u00f6te yanda yoksul, sab\u0131rl\u0131, \u00e7al\u0131\u015fkan, d\u00fcr\u00fcst, yurtsever halk\u0131&#8230;  Bir yanda iki da\u011f\u0131n, bir ovan\u0131n, \u00fc\u00e7 yaylan\u0131n sahibi; g\u00f6z\u00fc doymak bilmeyen, zorba Fad\u0131l A\u011fa, \u00f6te yanda k\u00f6y\u00fcn ebesi, yoksullar\u0131n dostu, s\u0131cak y\u00fczl\u00fc Cennet Ana ve onun k\u00f6yl\u00fcleri&#8230; Bir yanda bir s\u00f6z\u00fc sekiz k\u00f6ye kumanda eden, a\u00e7g\u00f6zl\u00fc, \u00f6fke dolu, hain Pinco A\u011fa, \u00f6te yanda \u00e7al\u0131\u015fkan, yoksul ama g\u00f6nl\u00fc zengin, yard\u0131msever Gelo\u015f Usta ve onun k\u00f6yl\u00fcleri&#8230; F\u0131rat\u2019\u0131n Kar\u0131ncal\u0131 Kayas\u0131 ve ba\u015f\u0131na gelenler&#8230; Dicle K\u00f6y Enstit\u00fcs\u00fc\u2019nde okumaya gelmi\u015f; sa\u00e7\u0131 t\u0131ra\u015f makinesi, bedeni sabun, aya\u011f\u0131 postal g\u00f6rmemi\u015f; \u00e7ekingen, saf Z\u00fclk\u00fcf ve ya\u015fad\u0131klar\u0131&#8230;   S\u00f6z\u00fcn k\u0131sas\u0131 \u00f6yk\u00fc ustam\u0131z Osman \u015eahin\u2019den s\u0131ms\u0131cak ve umut y\u00fckl\u00fc \u00f6yk\u00fcler&#8230; <\/p>\n","protected":false},"excerpt":{"rendered":"<p>Bu kitapta neler var: Bir yanda Kral-Eli \u00fclkesinin kendini yery\u00fcz\u00fcn\u00fcn efendisi sanan, k\u00f6peklerini halk\u0131ndan \u00e7ok seven, sefas\u0131 i\u00e7in \u00fclkesinin topraklar\u0131n\u0131 satabilen zalim kral\u0131, \u00f6te yanda yoksul,<span class=\"excerpt-hellip\"> [\u2026]<\/span><\/p>\n","protected":false},"featured_media":0,"template":"","meta":{"_monsterinsights_skip_tracking":false,"_monsterinsights_sitenote_active":false,"_monsterinsights_sitenote_note":"","_monsterinsights_sitenote_category":0},"product_brand":[],"product_cat":[12274,12284],"product_tag":[],"class_list":{"0":"post-712834","1":"product","2":"type-product","3":"status-publish","5":"product_cat-cocuk-ve-genclik-kitaplari","6":"product_cat-hikayeler","7":"pa_cilt-ciltsiz","8":"pa_tur-kitap","9":"pa_yayinevi-boyalikus-yayinlari","10":"pa_yazar-osman-sahin","12":"first","13":"instock","14":"sale","15":"shipping-taxable","16":"purchasable","17":"product-type-simple"},"_links":{"self":[{"href":"https:\/\/roveyayinevi.com.tr\/index.php\/wp-json\/wp\/v2\/product\/712834","targetHints":{"allow":["GET"]}}],"collection":[{"href":"https:\/\/roveyayinevi.com.tr\/index.php\/wp-json\/wp\/v2\/product"}],"about":[{"href":"https:\/\/roveyayinevi.com.tr\/index.php\/wp-json\/wp\/v2\/types\/product"}],"wp:attachment":[{"href":"https:\/\/roveyayinevi.com.tr\/index.php\/wp-json\/wp\/v2\/media?parent=712834"}],"wp:term":[{"taxonomy":"product_brand","embeddable":true,"href":"https:\/\/roveyayinevi.com.tr\/index.php\/wp-json\/wp\/v2\/product_brand?post=712834"},{"taxonomy":"product_cat","embeddable":true,"href":"https:\/\/roveyayinevi.com.tr\/index.php\/wp-json\/wp\/v2\/product_cat?post=712834"},{"taxonomy":"product_tag","embeddable":true,"href":"https:\/\/roveyayinevi.com.tr\/index.php\/wp-json\/wp\/v2\/product_tag?post=712834"}],"curies":[{"name":"wp","href":"https:\/\/api.w.org\/{rel}","templated":true}]}}