{"id":712830,"date":"2025-08-27T17:00:05","date_gmt":"2025-08-27T14:00:05","guid":{"rendered":"https:\/\/roveyayinevi.com.tr\/index.php\/urun\/ataturkun-kaleminden-6-kurtler\/"},"modified":"2026-04-16T02:21:08","modified_gmt":"2026-04-15T23:21:08","slug":"ataturkun-kaleminden-6-kurtler","status":"publish","type":"product","link":"https:\/\/roveyayinevi.com.tr\/index.php\/urun\/ataturkun-kaleminden-6-kurtler\/","title":{"rendered":"Atat\u00fcrk\u2019\u00fcn Kaleminden 6 &#8211; K\u00fcrtler"},"content":{"rendered":"<p>Mustafa Kemal Pa\u015fa, daha Samsun&#8217;a \u00e7\u0131kmadan \u00f6nceKurtulu\u015f Sava\u015f\u0131&#8217;n\u0131n denklemini kurmu\u015ftur: &#8220;T\u00fcrk ve K\u00fcrt tekmil milleti birle\u015ftirmek.&#8221; Strateji de belirlenmi\u015ftir: Do\u011fuda bir dayanak yaratarak b\u00fct\u00fcn vatan\u0131 kurtarmak. \u0130stiklal Sava\u015f\u0131 d\u00f6neminde K\u00fcrt sorununa getirilen \u00e7\u00f6z\u00fcm, ortak \u00e7\u0131kar ve gelece\u011fe sahip olan T\u00fcrk ve K\u00fcrtlerin m\u00fc\u015fterek vatanlar\u0131nda, tek bir millet halinde birle\u015ferek, \u00f6zg\u00fcr iradeleriyle birlikte ya\u015famalar\u0131, ortak bir meclis ve h\u00fck\u00fcmet kurmalar\u0131, mill\u00ee haklara kar\u015f\u0131l\u0131kl\u0131 sayg\u0131 g\u00f6stermeleri ve karde\u015flik esaslar\u0131na dayanm\u0131\u015ft\u0131r. Kurtulu\u015f Sava\u015f\u0131&#8217;n\u0131n T\u00fcrk ve K\u00fcrd\u00fc emperyalizme kar\u015f\u0131 birle\u015ftiren, seferber eden, sava\u015f\u0131n ate\u015finde s\u0131nanm\u0131\u015f ve zafer kazanm\u0131\u015f siyaset ve prati\u011fi incelenmeli, ele\u015ftirilmeli, tart\u0131\u015f\u0131lmal\u0131 ve \u00f6n\u00fcm\u00fcze ili\u015fkin dersler \u00e7\u0131kar\u0131lmal\u0131d\u0131r. Tarihimizde b\u00f6yle \u00f6nemli bir esin kayna\u011f\u0131 bulunmaktad\u0131r. Atat\u00fcrk&#8217;\u00fcn o b\u00fcy\u00fck tecr\u00fcbeyi ifade eden yaz\u0131 ve konu\u015fmalar\u0131 en kapsaml\u0131 haliyle bu kitapta derlenmi\u015ftir. <\/p>\n","protected":false},"excerpt":{"rendered":"<p>Mustafa Kemal Pa\u015fa, daha Samsun&#8217;a \u00e7\u0131kmadan \u00f6nceKurtulu\u015f Sava\u015f\u0131&#8217;n\u0131n denklemini kurmu\u015ftur: &#8220;T\u00fcrk ve K\u00fcrt tekmil milleti birle\u015ftirmek.&#8221; Strateji de belirlenmi\u015ftir: Do\u011fuda bir dayanak yaratarak b\u00fct\u00fcn vatan\u0131 kurtarmak.<span class=\"excerpt-hellip\"> [\u2026]<\/span><\/p>\n","protected":false},"featured_media":0,"template":"","meta":{"_monsterinsights_skip_tracking":false,"_monsterinsights_sitenote_active":false,"_monsterinsights_sitenote_note":"","_monsterinsights_sitenote_category":0},"product_brand":[],"product_cat":[12530,12304],"product_tag":[],"class_list":{"0":"post-712830","1":"product","2":"type-product","3":"status-publish","5":"product_cat-mustafa-kemal-ataturk","6":"product_cat-tarih","7":"pa_cilt-ciltsiz","8":"pa_tur-kitap","9":"pa_yayinevi-kaynak-yayinlari","10":"pa_yazar-kollektif","12":"first","13":"instock","14":"sale","15":"shipping-taxable","16":"purchasable","17":"product-type-simple"},"_links":{"self":[{"href":"https:\/\/roveyayinevi.com.tr\/index.php\/wp-json\/wp\/v2\/product\/712830","targetHints":{"allow":["GET"]}}],"collection":[{"href":"https:\/\/roveyayinevi.com.tr\/index.php\/wp-json\/wp\/v2\/product"}],"about":[{"href":"https:\/\/roveyayinevi.com.tr\/index.php\/wp-json\/wp\/v2\/types\/product"}],"wp:attachment":[{"href":"https:\/\/roveyayinevi.com.tr\/index.php\/wp-json\/wp\/v2\/media?parent=712830"}],"wp:term":[{"taxonomy":"product_brand","embeddable":true,"href":"https:\/\/roveyayinevi.com.tr\/index.php\/wp-json\/wp\/v2\/product_brand?post=712830"},{"taxonomy":"product_cat","embeddable":true,"href":"https:\/\/roveyayinevi.com.tr\/index.php\/wp-json\/wp\/v2\/product_cat?post=712830"},{"taxonomy":"product_tag","embeddable":true,"href":"https:\/\/roveyayinevi.com.tr\/index.php\/wp-json\/wp\/v2\/product_tag?post=712830"}],"curies":[{"name":"wp","href":"https:\/\/api.w.org\/{rel}","templated":true}]}}

Atatürk’ün Kaleminden 6 &#8211; Kürtler

<p>Mustafa Kemal Paşa, daha Samsun&#8217;a çıkmadan önceKurtuluş Savaşı&#8217;nın denklemini kurmuştur: &#8220;Türk ve Kürt tekmil milleti birleştirmek.&#8221; Strateji de belirlenmiştir: Doğuda bir dayanak yaratarak bütün vatanı kurtarmak. İstiklal Savaşı döneminde Kürt sorununa getirilen çözüm, ortak çıkar ve geleceğe sahip olan Türk ve Kürtlerin müşterek vatanlarında, tek bir millet halinde birleşerek, özgür iradeleriyle birlikte yaşamaları, ortak bir meclis ve hükümet kurmaları, millî haklara karşılıklı saygı göstermeleri ve kardeşlik esaslarına dayanmıştır. Kurtuluş Savaşı&#8217;nın Türk ve Kürdü emperyalizme karşı birleştiren, seferber eden, savaşın ateşinde sınanmış ve zafer kazanmış siyaset ve pratiği incelenmeli, eleştirilmeli, tartışılmalı ve önümüze ilişkin dersler çıkarılmalıdır. Tarihimizde böyle önemli bir esin kaynağı bulunmaktadır. Atatürk&#8217;ün o büyük tecrübeyi ifade eden yazı ve konuşmaları en kapsamlı haliyle bu kitapta derlenmiştir. </p>

<p>Mustafa Kemal Paşa, daha Samsun&#8217;a çıkmadan önceKurtuluş Savaşı&#8217;nın denklemini kurmuştur: &#8220;Türk ve Kürt tekmil milleti birleştirmek.&#8221; Strateji de belirlenmiştir: Doğuda bir dayanak yaratarak bütün vatanı kurtarmak.<span class="excerpt-hellip"> […]</span></p>
