{"id":712828,"date":"2025-08-27T17:00:04","date_gmt":"2025-08-27T14:00:04","guid":{"rendered":"https:\/\/roveyayinevi.com.tr\/index.php\/urun\/endise-yengecleri-888-nusha\/"},"modified":"2026-04-16T02:21:08","modified_gmt":"2026-04-15T23:21:08","slug":"endise-yengecleri-888-nusha","status":"publish","type":"product","link":"https:\/\/roveyayinevi.com.tr\/index.php\/urun\/endise-yengecleri-888-nusha\/","title":{"rendered":"Endi\u015fe Yenge\u00e7leri &#8211; 888 N\u00fcsha"},"content":{"rendered":"<p>Nas\u0131l d\u00f6rt el i\u00e7in piyano eseri, ayn\u0131 anda (birlikte) iki -ayr\u0131- g\u00f6z i\u00e7in iki -farkl\u0131- elden tek bir kitap: 333 x 12 x 2 adet kelimelik bir yaz\u0131 ve yap\u0131 manifestosu. <\/p>\n","protected":false},"excerpt":{"rendered":"<p>Nas\u0131l d\u00f6rt el i\u00e7in piyano eseri, ayn\u0131 anda (birlikte) iki -ayr\u0131- g\u00f6z i\u00e7in iki -farkl\u0131- elden tek bir kitap: 333 x 12 x 2 adet kelimelik<span class=\"excerpt-hellip\"> [\u2026]<\/span><\/p>\n","protected":false},"featured_media":0,"template":"","meta":{"_monsterinsights_skip_tracking":false,"_monsterinsights_sitenote_active":false,"_monsterinsights_sitenote_note":"","_monsterinsights_sitenote_category":0},"product_brand":[],"product_cat":[12777,12291],"product_tag":[],"class_list":{"0":"post-712828","1":"product","2":"type-product","3":"status-publish","5":"product_cat-deneme","6":"product_cat-edebiyat","7":"pa_cilt-ciltsiz","8":"pa_tur-kitap","9":"pa_yayinevi-kirmizi-kedi-yayinevi","10":"pa_yazar-enis-batur-levent-senturk","12":"first","13":"instock","14":"sale","15":"shipping-taxable","16":"purchasable","17":"product-type-simple"},"_links":{"self":[{"href":"https:\/\/roveyayinevi.com.tr\/index.php\/wp-json\/wp\/v2\/product\/712828","targetHints":{"allow":["GET"]}}],"collection":[{"href":"https:\/\/roveyayinevi.com.tr\/index.php\/wp-json\/wp\/v2\/product"}],"about":[{"href":"https:\/\/roveyayinevi.com.tr\/index.php\/wp-json\/wp\/v2\/types\/product"}],"wp:attachment":[{"href":"https:\/\/roveyayinevi.com.tr\/index.php\/wp-json\/wp\/v2\/media?parent=712828"}],"wp:term":[{"taxonomy":"product_brand","embeddable":true,"href":"https:\/\/roveyayinevi.com.tr\/index.php\/wp-json\/wp\/v2\/product_brand?post=712828"},{"taxonomy":"product_cat","embeddable":true,"href":"https:\/\/roveyayinevi.com.tr\/index.php\/wp-json\/wp\/v2\/product_cat?post=712828"},{"taxonomy":"product_tag","embeddable":true,"href":"https:\/\/roveyayinevi.com.tr\/index.php\/wp-json\/wp\/v2\/product_tag?post=712828"}],"curies":[{"name":"wp","href":"https:\/\/api.w.org\/{rel}","templated":true}]}}