{"id":712811,"date":"2025-08-27T16:59:54","date_gmt":"2025-08-27T13:59:54","guid":{"rendered":"https:\/\/roveyayinevi.com.tr\/index.php\/urun\/satis-4-0\/"},"modified":"2026-04-16T02:21:08","modified_gmt":"2026-04-15T23:21:08","slug":"satis-4-0","status":"publish","type":"product","link":"https:\/\/roveyayinevi.com.tr\/index.php\/urun\/satis-4-0\/","title":{"rendered":"Sat\u0131\u015f 4.0"},"content":{"rendered":"<p>Sat\u0131\u015f Profesyonelinin Performans Yolculu\u011fu Bu Kitapta Sat\u0131\u015f 4.0, \u00e7\u0131kaca\u011f\u0131n\u0131z ba\u015far\u0131 yolculu\u011funda size bir yol g\u00f6sterici olacak ve de\u011fi\u015fim i\u00e7in gerekli olan tu\u0308m kaynaklar\u0131 emrinize sunacak.Ustal\u0131\u011fa giden bu yolda, d\u00f6rt ayr\u0131 kap\u0131dan ge\u00e7erken, her bir kap\u0131 sizi daha da gu\u0308\u00e7lendirecek. Ger\u00e7ek hayattan, somut ve uygulanabilir \u00f6rneklerle, bu ke\u015fif yolculu\u011fu sizin i\u00e7in bir deneyim yolculu\u011funa d\u00f6nu\u0308\u015fecek.Ve en \u00f6nemlisi ise varl\u0131k nedeninizi sorgulayarak; \u201cNeyi\u201d, \u201cNas\u0131l\u201d ve \u201cNeden\u201d yapt\u0131\u011f\u0131n\u0131z\u0131 ke\u015ffetmenizi sa\u011flayacak.Farkl\u0131 Ol! Fark Yarat&#8230; B\u00d6L\u00dcM 1: Sat\u0131\u015fta Ustal\u0131\u011fa A\u00e7\u0131lan D\u00f6rt Kap\u0131 B\u0130R\u0130NC\u0130 KAPI \/ Sat\u0131\u015f\u0131n Gizemli Du\u0308nyas\u0131n\u0131 Ke\u015ffet    Krallar\u0131n &amp; Krali\u00e7elerin Devri    De\u011fi\u015fen Paradigmalar, De\u011fi\u015fen Du\u0308nya ve Sat\u0131\u015f Stratejilerine Etkileri    Reklam Bombard\u0131man\u0131    Bugu\u0308nu\u0308n Tu\u0308keticisi    Neden Sat\u0131n Al\u0131r\u0131z?\u0130K\u0130NC\u0130 KAPI \/ Sat\u0131\u015f Profesyonelinin Kendini Ke\u015ffi    Paradigma, De\u011ferler &amp; Hedefler    Nedenini Bul    Motivasyon Kaynaklar\u0131n Neler?    Pozitif Bak\u0131\u015f A\u00e7\u0131s\u0131    \u00d6zgu\u0308ven    Bireysel Gu\u0308\u00e7 Analizi    K\u00f6r Noktalar\u0131n Ke\u015ffi    Sen Kimsin?\u00dc\u00c7\u00dcNC\u00dc KAPI \/ Mu\u0308\u015fterini Ke\u015ffet    Sat\u0131n Alma ve Karar Vermenin S\u0131rlar\u0131    Sor, Dinle ve Geri Bildirim Ver    Davran\u0131\u015f Modelleri    Profillerin Sat\u0131n Alma E\u011filimleri    \u00dcru\u0308n veya Hizmetin Ya\u015fam D\u00f6ngu\u0308su\u0308 ve Profil Davran\u0131\u015flar\u0131D\u00d6RD\u00dcNC\u00dc KAPI \/ Du\u0308nyay\u0131 ve Mu\u0308\u015fterini Bu\u0308yu\u0308leme Gu\u0308cu\u0308nu\u0308 Ke\u015ffet    \u0130ten misin? \u00c7eken misin?    \u0130lk \u201c\u0130z\u201dlenim    Usta Bir \u0130leti\u015fimci Ol    De\u011feri ve Fayday\u0131 Sun    Eski Beyne Hitap Et    Deneyim Ya\u015fat    Gu\u0308ven Al \u2013 Gu\u0308ven Ver    Networking    Duygulara Dokun    Kimliklere Sat\u0131\u015f    Problem \u00c7\u00f6zu\u0308cu\u0308 Ol    Sat\u0131\u015fta Karakter Oyunculu\u011fu    Sat\u0131\u015fta Hik\u00e2yele\u015ftirme ve Anlam Katma <\/p>\n","protected":false},"excerpt":{"rendered":"<p>Sat\u0131\u015f Profesyonelinin Performans Yolculu\u011fu Bu Kitapta Sat\u0131\u015f 4.0, \u00e7\u0131kaca\u011f\u0131n\u0131z ba\u015far\u0131 yolculu\u011funda size bir yol g\u00f6sterici olacak ve de\u011fi\u015fim i\u00e7in gerekli olan tu\u0308m kaynaklar\u0131 emrinize sunacak.Ustal\u0131\u011fa giden<span class=\"excerpt-hellip\"> [\u2026]<\/span><\/p>\n","protected":false},"featured_media":0,"template":"","meta":{"_monsterinsights_skip_tracking":false,"_monsterinsights_sitenote_active":false,"_monsterinsights_sitenote_note":"","_monsterinsights_sitenote_category":0},"product_brand":[],"product_cat":[13043,17492],"product_tag":[],"class_list":{"0":"post-712811","1":"product","2":"type-product","3":"status-publish","5":"product_cat-ekonomi","6":"product_cat-pazarlama-satis-reklam","7":"pa_cilt-ciltsiz","8":"pa_tur-kitap","9":"pa_yayinevi-abakus-kitap","10":"pa_yazar-koray-inan","12":"first","13":"instock","14":"sale","15":"shipping-taxable","16":"purchasable","17":"product-type-simple"},"_links":{"self":[{"href":"https:\/\/roveyayinevi.com.tr\/index.php\/wp-json\/wp\/v2\/product\/712811","targetHints":{"allow":["GET"]}}],"collection":[{"href":"https:\/\/roveyayinevi.com.tr\/index.php\/wp-json\/wp\/v2\/product"}],"about":[{"href":"https:\/\/roveyayinevi.com.tr\/index.php\/wp-json\/wp\/v2\/types\/product"}],"wp:attachment":[{"href":"https:\/\/roveyayinevi.com.tr\/index.php\/wp-json\/wp\/v2\/media?parent=712811"}],"wp:term":[{"taxonomy":"product_brand","embeddable":true,"href":"https:\/\/roveyayinevi.com.tr\/index.php\/wp-json\/wp\/v2\/product_brand?post=712811"},{"taxonomy":"product_cat","embeddable":true,"href":"https:\/\/roveyayinevi.com.tr\/index.php\/wp-json\/wp\/v2\/product_cat?post=712811"},{"taxonomy":"product_tag","embeddable":true,"href":"https:\/\/roveyayinevi.com.tr\/index.php\/wp-json\/wp\/v2\/product_tag?post=712811"}],"curies":[{"name":"wp","href":"https:\/\/api.w.org\/{rel}","templated":true}]}}