{"id":712795,"date":"2025-08-27T16:59:44","date_gmt":"2025-08-27T13:59:44","guid":{"rendered":"https:\/\/roveyayinevi.com.tr\/index.php\/urun\/iktidari-gormek-21-yuzyilda-sanat-ve-aktivizm\/"},"modified":"2026-04-16T02:21:07","modified_gmt":"2026-04-15T23:21:07","slug":"iktidari-gormek-21-yuzyilda-sanat-ve-aktivizm","status":"publish","type":"product","link":"https:\/\/roveyayinevi.com.tr\/index.php\/urun\/iktidari-gormek-21-yuzyilda-sanat-ve-aktivizm\/","title":{"rendered":"\u0130ktidar\u0131 G\u00f6rmek: 21. Y\u00fczy\u0131lda Sanat Ve Aktivizm"},"content":{"rendered":"<p>Reklamlar\u0131n, televizyonun ve sosyal medyan\u0131n \u00fcretti\u011fi, ard\u0131 arkas\u0131 kesilmeyen bir enformasyon ve g\u00f6r\u00fcnt\u00fc ak\u0131\u015f\u0131n\u0131n i\u00e7inde yolumuzu bulmaya \u00e7al\u0131\u015f\u0131yoruz. Her birimiz, birer \u015firket gibi sermayemizi art\u0131rman\u0131n pe\u015findeyiz; ama maddi de\u011fil toplumsal sermaye bu, sahip oldu\u011fumuz niteliklerden ve di\u011fer insanlarla kurdu\u011fumuz ili\u015fkilerden olu\u015fuyor. Her \u015fey pazarlan\u0131p sat\u0131labiliyor art\u0131k ve asl\u0131nda biz de s\u00fcrekli o nihai \u00fcr\u00fcn\u00fc satmaya \u00e7al\u0131\u015f\u0131yoruz: Kendimizi. K\u00fcrat\u00f6r ve ele\u015ftirmen Nato Thompson, b\u00fct\u00fcn bunlar\u0131n toplumsal meselelere angaje sanat\u00e7\u0131 ve aktivistler i\u00e7in ne anlama geldi\u011fini soruyor. D\u00fcnyay\u0131 bir g\u00f6r\u00fcnt\u00fc ve enformasyon seli basm\u0131\u015fken insan\u0131n kendine ait bir ses bulmas\u0131 m\u00fcmk\u00fcn m\u00fcd\u00fcr? Sanat tarihinden pek \u00e7ok \u015feyi ve yak\u0131n zamanlarda da siyasal taban \u00f6rg\u00fctlenmesinin \u00e7o\u011fu y\u00f6ntemini kendine mal etmi\u015f olan \u015fu t\u00fcketici kapitalizmi denen dev makineyle nas\u0131l ba\u015fa \u00e7\u0131k\u0131labilir? Thompson, g\u00fcn\u00fcm\u00fcz\u00fcn en yenilik\u00e7i sanat\u00e7\u0131 ve aktivistlerinin \u00e7al\u0131\u015fmalar\u0131na odaklanarak, kendi topluluklar\u0131n\u0131 iktidar\u0131 g\u00f6rmek ve ba\u015ftan hayal etmek i\u00e7in cesaretlendiren mek\u00e2n, kurum ve toplumsal hareketleri ele al\u0131yor. Alternatif sanat mek\u00e2nlar\u0131ndan kooperatif evlerine, Occupy hareketinden Arap Bahar\u0131\u2019na kadar, yak\u0131n zamanda ve h\u00e2l\u00e2 kitleler i\u00e7in iktidara meydan okuma yollar\u0131n\u0131 a\u00e7an mek\u00e2n ve pratiklerin nas\u0131l m\u00fcmk\u00fcn olabildi\u011fini g\u00f6steriyor. Nato Thompson, yazar ve k\u00fcrat\u00f6r. Ba\u011f\u0131ms\u0131z sanat platformu Philadelphia Contemporary\u2019nin sanat y\u00f6netmenli\u011fini y\u00fcr\u00fct\u00fcyor. <\/p>\n","protected":false},"excerpt":{"rendered":"<p>Reklamlar\u0131n, televizyonun ve sosyal medyan\u0131n \u00fcretti\u011fi, ard\u0131 arkas\u0131 kesilmeyen bir enformasyon ve g\u00f6r\u00fcnt\u00fc ak\u0131\u015f\u0131n\u0131n i\u00e7inde yolumuzu bulmaya \u00e7al\u0131\u015f\u0131yoruz. Her birimiz, birer \u015firket gibi sermayemizi art\u0131rman\u0131n pe\u015findeyiz;<span class=\"excerpt-hellip\"> [\u2026]<\/span><\/p>\n","protected":false},"featured_media":0,"template":"","meta":{"_monsterinsights_skip_tracking":false,"_monsterinsights_sitenote_active":false,"_monsterinsights_sitenote_note":"","_monsterinsights_sitenote_category":0},"product_brand":[],"product_cat":[12312,12304],"product_tag":[],"class_list":{"0":"post-712795","1":"product","2":"type-product","3":"status-publish","5":"product_cat-diger","6":"product_cat-tarih","7":"pa_cilt-ciltsiz","8":"pa_tur-kitap","9":"pa_yayinevi-koc-universitesi-yayinlari","10":"pa_yazar-nato-thompson","12":"first","13":"instock","14":"sale","15":"shipping-taxable","16":"purchasable","17":"product-type-simple"},"_links":{"self":[{"href":"https:\/\/roveyayinevi.com.tr\/index.php\/wp-json\/wp\/v2\/product\/712795","targetHints":{"allow":["GET"]}}],"collection":[{"href":"https:\/\/roveyayinevi.com.tr\/index.php\/wp-json\/wp\/v2\/product"}],"about":[{"href":"https:\/\/roveyayinevi.com.tr\/index.php\/wp-json\/wp\/v2\/types\/product"}],"wp:attachment":[{"href":"https:\/\/roveyayinevi.com.tr\/index.php\/wp-json\/wp\/v2\/media?parent=712795"}],"wp:term":[{"taxonomy":"product_brand","embeddable":true,"href":"https:\/\/roveyayinevi.com.tr\/index.php\/wp-json\/wp\/v2\/product_brand?post=712795"},{"taxonomy":"product_cat","embeddable":true,"href":"https:\/\/roveyayinevi.com.tr\/index.php\/wp-json\/wp\/v2\/product_cat?post=712795"},{"taxonomy":"product_tag","embeddable":true,"href":"https:\/\/roveyayinevi.com.tr\/index.php\/wp-json\/wp\/v2\/product_tag?post=712795"}],"curies":[{"name":"wp","href":"https:\/\/api.w.org\/{rel}","templated":true}]}}