{"id":712791,"date":"2025-08-27T16:59:42","date_gmt":"2025-08-27T13:59:42","guid":{"rendered":"https:\/\/roveyayinevi.com.tr\/index.php\/urun\/duino-bulusmasi\/"},"modified":"2026-04-16T02:21:07","modified_gmt":"2026-04-15T23:21:07","slug":"duino-bulusmasi","status":"publish","type":"product","link":"https:\/\/roveyayinevi.com.tr\/index.php\/urun\/duino-bulusmasi\/","title":{"rendered":"Duino Bulu\u015fmas\u0131"},"content":{"rendered":"<p>(19 Temmuz 1958) \u0130lkokulu Malatya\u2019da, liseyi Ankara\u2019da okudu. \u0130stanbul \u0130T\u0130A Siyasal Bilimler Fak\u00fcltesi\u2019ni \u00fc\u00e7\u00fcnc\u00fc s\u0131n\u0131fta b\u0131rakt\u0131 (1982). Yeni D\u00fc\u015f\u00fcn dergisi ve De Yay\u0131nevi\u2019nde yay\u0131nc\u0131l\u0131k (1984-1990), belgesel sinemac\u0131l\u0131k, reklamc\u0131l\u0131k ve pansiyon i\u015fletmecili\u011fi yapt\u0131 (1995); halen reklam yazar\u0131 olarak \u00e7al\u0131\u015f\u0131yor. \u0130lk yaz\u0131s\u0131 Varl\u0131k\u2019ta (1982), ilk \u015fiiri Yeni D\u00fc\u015f\u00fcn\u2019de (1986) yay\u0131mland\u0131. \u015eiir ve yaz\u0131lar\u0131n\u0131 Varl\u0131k, Yazko-Somut, Adam Sanat, Virg\u00fcl, Kitap-l\u0131k, Yasakmeyve ve \u015eiirat\u0131 dergilerinde yay\u0131mlamay\u0131 s\u00fcrd\u00fcrd\u00fc. Gece Dili (\u015fiir, 2004), daha sonra yay\u0131mlanm\u0131\u015f olmakla birlikte ilk kitab\u0131d\u0131r. Di\u011fer kitaplar\u0131: Anahtar \u00c2yini (\u015fiir, 1999), D\u00fcn G\u00f6rd\u00fcm Gece Bir R\u00fcya (roman, 2004 Selahattin Kaya Roman \u00d6d\u00fcl\u00fc), Fanfa (roman, 2005), K\u00f6pek ve \u015eairi (roman, 2006), Su Yaz\u0131s\u0131 (Tek Yakal\u0131 Irmak \/ Sonsuz \u0130\u00e7in \u00dc\u00e7 El Ate\u015f, \u015fiir, 2007), \u201cGnossiennes\u201d \/ Uykuyla Uyku Aras\u0131nda (\u015fiir, 2017). <\/p>\n","protected":false},"excerpt":{"rendered":"<p>(19 Temmuz 1958) \u0130lkokulu Malatya\u2019da, liseyi Ankara\u2019da okudu. \u0130stanbul \u0130T\u0130A Siyasal Bilimler Fak\u00fcltesi\u2019ni \u00fc\u00e7\u00fcnc\u00fc s\u0131n\u0131fta b\u0131rakt\u0131 (1982). Yeni D\u00fc\u015f\u00fcn dergisi ve De Yay\u0131nevi\u2019nde yay\u0131nc\u0131l\u0131k (1984-1990), belgesel<span class=\"excerpt-hellip\"> [\u2026]<\/span><\/p>\n","protected":false},"featured_media":0,"template":"","meta":{"_monsterinsights_skip_tracking":false,"_monsterinsights_sitenote_active":false,"_monsterinsights_sitenote_note":"","_monsterinsights_sitenote_category":0},"product_brand":[],"product_cat":[12291,12509],"product_tag":[],"class_list":{"0":"post-712791","1":"product","2":"type-product","3":"status-publish","5":"product_cat-edebiyat","6":"product_cat-siir","7":"pa_cilt-ciltsiz","8":"pa_tur-kitap","9":"pa_yayinevi-yapi-kredi-yayinlari","10":"pa_yazar-bedirhan-toprak","12":"first","13":"instock","14":"sale","15":"shipping-taxable","16":"purchasable","17":"product-type-simple"},"_links":{"self":[{"href":"https:\/\/roveyayinevi.com.tr\/index.php\/wp-json\/wp\/v2\/product\/712791","targetHints":{"allow":["GET"]}}],"collection":[{"href":"https:\/\/roveyayinevi.com.tr\/index.php\/wp-json\/wp\/v2\/product"}],"about":[{"href":"https:\/\/roveyayinevi.com.tr\/index.php\/wp-json\/wp\/v2\/types\/product"}],"wp:attachment":[{"href":"https:\/\/roveyayinevi.com.tr\/index.php\/wp-json\/wp\/v2\/media?parent=712791"}],"wp:term":[{"taxonomy":"product_brand","embeddable":true,"href":"https:\/\/roveyayinevi.com.tr\/index.php\/wp-json\/wp\/v2\/product_brand?post=712791"},{"taxonomy":"product_cat","embeddable":true,"href":"https:\/\/roveyayinevi.com.tr\/index.php\/wp-json\/wp\/v2\/product_cat?post=712791"},{"taxonomy":"product_tag","embeddable":true,"href":"https:\/\/roveyayinevi.com.tr\/index.php\/wp-json\/wp\/v2\/product_tag?post=712791"}],"curies":[{"name":"wp","href":"https:\/\/api.w.org\/{rel}","templated":true}]}}