{"id":712776,"date":"2025-08-27T16:59:33","date_gmt":"2025-08-27T13:59:33","guid":{"rendered":"https:\/\/roveyayinevi.com.tr\/index.php\/urun\/homo-semioticus-ve-genel-gostergebilim-sorunlari\/"},"modified":"2026-04-16T02:21:07","modified_gmt":"2026-04-15T23:21:07","slug":"homo-semioticus-ve-genel-gostergebilim-sorunlari","status":"publish","type":"product","link":"https:\/\/roveyayinevi.com.tr\/index.php\/urun\/homo-semioticus-ve-genel-gostergebilim-sorunlari\/","title":{"rendered":"Homo Semioticus ve Genel G\u00f6stergebilim Sorunlar\u0131"},"content":{"rendered":"<p>Bu kitapta birbirini b\u00fct\u00fcnleyen iki yap\u0131t yer al\u0131yor: Homo Semioticus, Mehmet Rifat&#8217;\u0131n g\u00f6stergebilimsel ara\u015ft\u0131rmalar\u0131n\u0131n ikinci evresini, Genel G\u00f6stergebilim Sorunlar\u0131&#8217;ysa birinci evresini yans\u0131t\u0131yor. &#8220;Homo semioticus okuyan, adland\u0131ran, anlamland\u0131ran ve b\u00fct\u00fcn bu i\u015flemleri bir &#8216;oyun&#8217; oynayarak, yani hem haz duyarak hem de haz vermeye \u00e7al\u0131\u015farak yapan insand\u0131r.&#8221; &#8220;Homo semioticus d\u00fcnyay\u0131 okur; b\u00fct\u00fcn duyu, duygu ve belle\u011fiyle okur. D\u00fcnya onun i\u00e7in hem sonlu bir &#8216;metin&#8217;dir hem de birbiriyle ili\u015fkili, sonsuza a\u00e7\u0131labilen bir &#8216;metinler toplam\u0131&#8217;d\u0131r.&#8221; Homo Semioticus&#8217;un kaynakland\u0131\u011f\u0131 genel g\u00f6stergebilim ise &#8220;bir anlaml\u0131 b\u00fct\u00fcn, s\u00f6zgelimi bir yaz\u0131nsal ya da bilimsel s\u00f6ylem, bir g\u00f6r\u00fcnt\u00fc, bir mimarl\u0131k yap\u0131s\u0131, bir tiyatro g\u00f6stergesi, bir m\u00fczik yap\u0131t\u0131, vb. hangi anlamsl katmanlardan olu\u015fuyor, bunu bir \u00fcstdil arac\u0131l\u0131\u011f\u0131yla dizgele\u015ftirerek sunmay\u0131 ama\u00e7lar. Anlamlar\u0131 de\u011fil, anmaln\u0131 eklemleni\u015f bi\u00e7imini ara\u015ft\u0131r\u0131r, anlam \u00fcretiminin s\u00fcre\u00e7lerini ortaya \u00e7\u0131karmaya \u00e7al\u0131\u015f\u0131r.&#8221; Genel G\u00f6stergebilim Sorunlar\u0131&#8217;n\u0131 yeniden de\u011ferlendirerek kendini ger\u00e7ekle\u015ftiren Homo Semioticus&#8217;un ara\u015ft\u0131rma ser\u00fcveni son a\u015famada &#8220;Metin Sesi&#8221;ni sorgulayan G\u00f6sterge Ele\u015ftirisi&#8217;ne y\u00f6nelmi\u015ftir. \ufffcTan\u0131t\u0131m Metni<\/p>\n","protected":false},"excerpt":{"rendered":"<p>Bu kitapta birbirini b\u00fct\u00fcnleyen iki yap\u0131t yer al\u0131yor: Homo Semioticus, Mehmet Rifat&#8217;\u0131n g\u00f6stergebilimsel ara\u015ft\u0131rmalar\u0131n\u0131n ikinci evresini, Genel G\u00f6stergebilim Sorunlar\u0131&#8217;ysa birinci evresini yans\u0131t\u0131yor. &#8220;Homo semioticus okuyan, adland\u0131ran,<span class=\"excerpt-hellip\"> [\u2026]<\/span><\/p>\n","protected":false},"featured_media":0,"template":"","meta":{"_monsterinsights_skip_tracking":false,"_monsterinsights_sitenote_active":false,"_monsterinsights_sitenote_note":"","_monsterinsights_sitenote_category":0},"product_brand":[],"product_cat":[12312,12304],"product_tag":[],"class_list":{"0":"post-712776","1":"product","2":"type-product","3":"status-publish","5":"product_cat-diger","6":"product_cat-tarih","7":"pa_cilt-ciltsiz","8":"pa_tur-kitap","9":"pa_yayinevi-yapi-kredi-yayinlari","10":"pa_yazar-mehmet-rifat","12":"first","13":"instock","14":"sale","15":"shipping-taxable","16":"purchasable","17":"product-type-simple"},"_links":{"self":[{"href":"https:\/\/roveyayinevi.com.tr\/index.php\/wp-json\/wp\/v2\/product\/712776","targetHints":{"allow":["GET"]}}],"collection":[{"href":"https:\/\/roveyayinevi.com.tr\/index.php\/wp-json\/wp\/v2\/product"}],"about":[{"href":"https:\/\/roveyayinevi.com.tr\/index.php\/wp-json\/wp\/v2\/types\/product"}],"wp:attachment":[{"href":"https:\/\/roveyayinevi.com.tr\/index.php\/wp-json\/wp\/v2\/media?parent=712776"}],"wp:term":[{"taxonomy":"product_brand","embeddable":true,"href":"https:\/\/roveyayinevi.com.tr\/index.php\/wp-json\/wp\/v2\/product_brand?post=712776"},{"taxonomy":"product_cat","embeddable":true,"href":"https:\/\/roveyayinevi.com.tr\/index.php\/wp-json\/wp\/v2\/product_cat?post=712776"},{"taxonomy":"product_tag","embeddable":true,"href":"https:\/\/roveyayinevi.com.tr\/index.php\/wp-json\/wp\/v2\/product_tag?post=712776"}],"curies":[{"name":"wp","href":"https:\/\/api.w.org\/{rel}","templated":true}]}}