{"id":712765,"date":"2025-08-27T16:59:27","date_gmt":"2025-08-27T13:59:27","guid":{"rendered":"https:\/\/roveyayinevi.com.tr\/index.php\/urun\/pisifosor-pisifosla-kediler-alemi\/"},"modified":"2026-04-16T02:21:07","modified_gmt":"2026-04-15T23:21:07","slug":"pisifosor-pisifosla-kediler-alemi","status":"publish","type":"product","link":"https:\/\/roveyayinevi.com.tr\/index.php\/urun\/pisifosor-pisifosla-kediler-alemi\/","title":{"rendered":"Pisifos\u00f6r Pisifos&#8217;la Kediler Alemi"},"content":{"rendered":"<p>Bu kitapta, kediler \u00e2leminin bilinen tek \u201cPisifos\u00f6r\u201d unvan\u0131 ta\u015f\u0131yan kedisi Pisifos, 2018 y\u0131l\u0131nda yazarl\u0131k ve \u00e7izerlik ser\u00fcvenindeki 40. y\u0131l\u0131 geride b\u0131rakan mizah ustas\u0131 Cihan Demirci\u2019nin elinden kalemi kap\u0131yor! Uzun y\u0131llard\u0131r insanlar\u0131n kediler hakk\u0131nda uydurdu\u011fu say\u0131s\u0131z s\u00f6ze, kedi karde\u015flerinin s\u00f6zc\u00fcs\u00fc olarak yan\u0131t veriyor. Ortal\u0131k kedi kitab\u0131ndan ge\u00e7ilmiyor ama bu kitaplar genellikle insanlar\u0131n g\u00f6z\u00fcnden yaz\u0131l\u0131yor. Oysa bu kez konusunun uzman\u0131 bir kedi; kedilere, insanlara ve hayata kedilerin g\u00f6z\u00fcnden bak\u0131yor. \u00c7ok iyi bildi\u011fimizi zannetti\u011fimiz kedilerin, asl\u0131nda pek bilmedi\u011fimiz d\u00fcnyas\u0131n\u0131, keskin g\u00f6zlem g\u00fcc\u00fcyle anlatan \u00e7okbilmi\u015f kedi Pisifos\u00f6r Pisifos\u2019la \u201cKediler \u00c2lemi\u201dne yap\u0131lacak bir yolculu\u011fa haz\u0131r olun! <\/p>\n","protected":false},"excerpt":{"rendered":"<p>Bu kitapta, kediler \u00e2leminin bilinen tek \u201cPisifos\u00f6r\u201d unvan\u0131 ta\u015f\u0131yan kedisi Pisifos, 2018 y\u0131l\u0131nda yazarl\u0131k ve \u00e7izerlik ser\u00fcvenindeki 40. y\u0131l\u0131 geride b\u0131rakan mizah ustas\u0131 Cihan Demirci\u2019nin elinden<span class=\"excerpt-hellip\"> [\u2026]<\/span><\/p>\n","protected":false},"featured_media":0,"template":"","meta":{"_monsterinsights_skip_tracking":false,"_monsterinsights_sitenote_active":false,"_monsterinsights_sitenote_note":"","_monsterinsights_sitenote_category":0},"product_brand":[],"product_cat":[12291,14825],"product_tag":[],"class_list":{"0":"post-712765","1":"product","2":"type-product","3":"status-publish","5":"product_cat-edebiyat","6":"product_cat-mizah","7":"pa_cilt-ciltsiz","8":"pa_tur-kitap","9":"pa_yayinevi-kirmizi-kedi-yayinevi","10":"pa_yazar-cihan-demirci","12":"first","13":"instock","14":"sale","15":"shipping-taxable","16":"purchasable","17":"product-type-simple"},"_links":{"self":[{"href":"https:\/\/roveyayinevi.com.tr\/index.php\/wp-json\/wp\/v2\/product\/712765","targetHints":{"allow":["GET"]}}],"collection":[{"href":"https:\/\/roveyayinevi.com.tr\/index.php\/wp-json\/wp\/v2\/product"}],"about":[{"href":"https:\/\/roveyayinevi.com.tr\/index.php\/wp-json\/wp\/v2\/types\/product"}],"wp:attachment":[{"href":"https:\/\/roveyayinevi.com.tr\/index.php\/wp-json\/wp\/v2\/media?parent=712765"}],"wp:term":[{"taxonomy":"product_brand","embeddable":true,"href":"https:\/\/roveyayinevi.com.tr\/index.php\/wp-json\/wp\/v2\/product_brand?post=712765"},{"taxonomy":"product_cat","embeddable":true,"href":"https:\/\/roveyayinevi.com.tr\/index.php\/wp-json\/wp\/v2\/product_cat?post=712765"},{"taxonomy":"product_tag","embeddable":true,"href":"https:\/\/roveyayinevi.com.tr\/index.php\/wp-json\/wp\/v2\/product_tag?post=712765"}],"curies":[{"name":"wp","href":"https:\/\/api.w.org\/{rel}","templated":true}]}}