{"id":712756,"date":"2025-08-27T16:59:22","date_gmt":"2025-08-27T13:59:22","guid":{"rendered":"https:\/\/roveyayinevi.com.tr\/index.php\/urun\/bay-lemoncellonun-kutuphane-olimpiyatlari\/"},"modified":"2026-04-16T02:21:06","modified_gmt":"2026-04-15T23:21:06","slug":"bay-lemoncellonun-kutuphane-olimpiyatlari","status":"publish","type":"product","link":"https:\/\/roveyayinevi.com.tr\/index.php\/urun\/bay-lemoncellonun-kutuphane-olimpiyatlari\/","title":{"rendered":"Bay Lemoncello&#8217;nun K\u00fct\u00fcphane Olimpiyatlar\u0131"},"content":{"rendered":"<p>Bay Lemoncello, yetenekli \u00e7ocuklar\u0131 d\u00fcnyan\u0131n ilk K\u00fct\u00fcphane Olimpiyatlar\u0131\u2019nda yar\u0131\u015fmak i\u00e7in davet ediyor. E\u011flenceli olacak m\u0131 diye soruyorsan\u0131z, \u015f\u00f6yle diyelim: Dalga m\u0131 ge\u00e7iyorsunuz? Bay Lemoncello\u2019nun ne yapaca\u011f\u0131 hi\u00e7 belli olmaz! Ama yine de i\u00e7eride neler olup bitecek k\u0131saca anlatal\u0131m. Bay Lemoncello yar\u0131\u015fman\u0131n b\u00fcy\u00fcs\u00fcne kap\u0131ld\u0131\u011f\u0131 i\u00e7in k\u00fct\u00fcphanede geli\u015fen tuhaf olaylar\u0131n fark\u0131na varamaz. Bir anda kitaplar ortadan kaybolur, \u00e7ocuklar ak\u0131lalmaz zorluklarla kar\u015f\u0131la\u015f\u0131rlar. Ya\u015fanan b\u00fct\u00fcn bu g\u00fc\u00e7l\u00fcklere ra\u011fmen tak\u0131mlar birbirinden ho\u015flanmasa da k\u00fct\u00fcphanedeki gizemi \u00e7\u00f6zmek i\u00e7in bir araya gelmek zorundad\u0131rlar. Art\u0131k bu s\u0131radan bir oyun de\u011fildir. Bu, Bay Lemoncello K\u00fct\u00fcphanesi\u2019nin ger\u00e7ek \u015fampiyonlar\u0131n\u0131 bulma \u00e7abas\u0131d\u0131r. <\/p>\n","protected":false},"excerpt":{"rendered":"<p>Bay Lemoncello, yetenekli \u00e7ocuklar\u0131 d\u00fcnyan\u0131n ilk K\u00fct\u00fcphane Olimpiyatlar\u0131\u2019nda yar\u0131\u015fmak i\u00e7in davet ediyor. E\u011flenceli olacak m\u0131 diye soruyorsan\u0131z, \u015f\u00f6yle diyelim: Dalga m\u0131 ge\u00e7iyorsunuz? Bay Lemoncello\u2019nun ne yapaca\u011f\u0131<span class=\"excerpt-hellip\"> [\u2026]<\/span><\/p>\n","protected":false},"featured_media":0,"template":"","meta":{"_monsterinsights_skip_tracking":false,"_monsterinsights_sitenote_active":false,"_monsterinsights_sitenote_note":"","_monsterinsights_sitenote_category":0},"product_brand":[],"product_cat":[12275,12274],"product_tag":[],"class_list":{"0":"post-712756","1":"product","2":"type-product","3":"status-publish","5":"product_cat-6-12-yas-kitaplari","6":"product_cat-cocuk-ve-genclik-kitaplari","7":"pa_cilt-ciltsiz","8":"pa_tur-kitap","9":"pa_yayinevi-altin-kitaplar-cocuk-kitaplari","10":"pa_yazar-chris-grabenstein","12":"first","13":"instock","14":"sale","15":"shipping-taxable","16":"purchasable","17":"product-type-simple"},"_links":{"self":[{"href":"https:\/\/roveyayinevi.com.tr\/index.php\/wp-json\/wp\/v2\/product\/712756","targetHints":{"allow":["GET"]}}],"collection":[{"href":"https:\/\/roveyayinevi.com.tr\/index.php\/wp-json\/wp\/v2\/product"}],"about":[{"href":"https:\/\/roveyayinevi.com.tr\/index.php\/wp-json\/wp\/v2\/types\/product"}],"wp:attachment":[{"href":"https:\/\/roveyayinevi.com.tr\/index.php\/wp-json\/wp\/v2\/media?parent=712756"}],"wp:term":[{"taxonomy":"product_brand","embeddable":true,"href":"https:\/\/roveyayinevi.com.tr\/index.php\/wp-json\/wp\/v2\/product_brand?post=712756"},{"taxonomy":"product_cat","embeddable":true,"href":"https:\/\/roveyayinevi.com.tr\/index.php\/wp-json\/wp\/v2\/product_cat?post=712756"},{"taxonomy":"product_tag","embeddable":true,"href":"https:\/\/roveyayinevi.com.tr\/index.php\/wp-json\/wp\/v2\/product_tag?post=712756"}],"curies":[{"name":"wp","href":"https:\/\/api.w.org\/{rel}","templated":true}]}}