{"id":712745,"date":"2025-08-27T16:59:16","date_gmt":"2025-08-27T13:59:16","guid":{"rendered":"https:\/\/roveyayinevi.com.tr\/index.php\/urun\/icimizdeki-evren-kuantumdan-kozmosa\/"},"modified":"2026-04-16T02:21:06","modified_gmt":"2026-04-15T23:21:06","slug":"icimizdeki-evren-kuantumdan-kozmosa","status":"publish","type":"product","link":"https:\/\/roveyayinevi.com.tr\/index.php\/urun\/icimizdeki-evren-kuantumdan-kozmosa\/","title":{"rendered":"\u0130\u00e7imizdeki Evren: Kuantumdan Kozmosa"},"content":{"rendered":"<p>D\u00fcnyan\u0131n \u00f6nde gelen kuramsal fizik\u00e7ilerinden Neil Turok \u0130\u00e7imizdeki Evren\u2019de geride b\u0131rakt\u0131\u011f\u0131m\u0131z \u00fc\u00e7 y\u00fcz y\u0131l\u0131n klasik mekanikten \u0131\u015f\u0131\u011f\u0131n do\u011fas\u0131na, kuantumun tuhaf d\u00fcnyas\u0131ndan kozmosun evrimine uzanan \u00e7\u0131\u011f\u0131r a\u00e7\u0131c\u0131 ke\u015fiflerini incelerken her yeni ke\u015ffin b\u00fcy\u00fck resimle ili\u015fkisine ve toplumun yap\u0131s\u0131nda radikal de\u011fi\u015fimlere yol a\u00e7an yeni teknolojilere nas\u0131l evrildi\u011fine tan\u0131k oluyoruz. Neil Turok ger\u00e7eklik ve evren alg\u0131m\u0131z\u0131n, anlama, ke\u015ffetme ve yaratma becerilerimizin, yani \u201ci\u00e7imizdeki evren\u201din y\u00fczy\u0131llar i\u00e7inde ne gibi de\u011fi\u015fimlerden ge\u00e7ti\u011finin hik\u00e2yesini anlat\u0131yor. Bizim kusurlu d\u00fcnyam\u0131zda oldu\u011fu gibi, y\u0131ld\u0131zlarda veya kozmosun herhangi bir yerinde de tamamen ayn\u0131 kanunlar\u0131n ge\u00e7erli oldu\u011funu g\u00f6rd\u00fc\u011f\u00fcm\u00fcz, k\u0131r\u0131lmalarla \u015fekillenen bir hik\u00e2ye bu. \u015eimdiyse ba\u015fka bir k\u0131r\u0131lman\u0131n e\u015fi\u011findeyiz: Bize \u201chayali bir ger\u00e7eklikte\u201d ya\u015fad\u0131\u011f\u0131m\u0131z\u0131 s\u00f6yleyen kuantum devrimi. \u201cKimiz ki biz? Rastlant\u0131sal mutasyonun ve do\u011fal se\u00e7ilimin yava\u015f yava\u015f miad\u0131n\u0131 dolduran bir sonucu mu, yoksa ya\u015fam\u0131 bamba\u015fka bir seviyeye ta\u015f\u0131yacak yeni bir evrimsel a\u015famay\u0131 ba\u015flatacak olanlar m\u0131?\u201d <\/p>\n","protected":false},"excerpt":{"rendered":"<p>D\u00fcnyan\u0131n \u00f6nde gelen kuramsal fizik\u00e7ilerinden Neil Turok \u0130\u00e7imizdeki Evren\u2019de geride b\u0131rakt\u0131\u011f\u0131m\u0131z \u00fc\u00e7 y\u00fcz y\u0131l\u0131n klasik mekanikten \u0131\u015f\u0131\u011f\u0131n do\u011fas\u0131na, kuantumun tuhaf d\u00fcnyas\u0131ndan kozmosun evrimine uzanan \u00e7\u0131\u011f\u0131r a\u00e7\u0131c\u0131<span class=\"excerpt-hellip\"> [\u2026]<\/span><\/p>\n","protected":false},"featured_media":0,"template":"","meta":{"_monsterinsights_skip_tracking":false,"_monsterinsights_sitenote_active":false,"_monsterinsights_sitenote_note":"","_monsterinsights_sitenote_category":0},"product_brand":[],"product_cat":[13005,15998],"product_tag":[],"class_list":{"0":"post-712745","1":"product","2":"type-product","3":"status-publish","5":"product_cat-bilim-muhendislik","6":"product_cat-bilim-tarihi","7":"pa_cilt-ciltsiz","8":"pa_tur-kitap","9":"pa_yayinevi-kolektif-kitap","10":"pa_yazar-neil-turok","12":"first","13":"instock","14":"sale","15":"shipping-taxable","16":"purchasable","17":"product-type-simple"},"_links":{"self":[{"href":"https:\/\/roveyayinevi.com.tr\/index.php\/wp-json\/wp\/v2\/product\/712745","targetHints":{"allow":["GET"]}}],"collection":[{"href":"https:\/\/roveyayinevi.com.tr\/index.php\/wp-json\/wp\/v2\/product"}],"about":[{"href":"https:\/\/roveyayinevi.com.tr\/index.php\/wp-json\/wp\/v2\/types\/product"}],"wp:attachment":[{"href":"https:\/\/roveyayinevi.com.tr\/index.php\/wp-json\/wp\/v2\/media?parent=712745"}],"wp:term":[{"taxonomy":"product_brand","embeddable":true,"href":"https:\/\/roveyayinevi.com.tr\/index.php\/wp-json\/wp\/v2\/product_brand?post=712745"},{"taxonomy":"product_cat","embeddable":true,"href":"https:\/\/roveyayinevi.com.tr\/index.php\/wp-json\/wp\/v2\/product_cat?post=712745"},{"taxonomy":"product_tag","embeddable":true,"href":"https:\/\/roveyayinevi.com.tr\/index.php\/wp-json\/wp\/v2\/product_tag?post=712745"}],"curies":[{"name":"wp","href":"https:\/\/api.w.org\/{rel}","templated":true}]}}