{"id":712740,"date":"2025-08-27T16:59:13","date_gmt":"2025-08-27T13:59:13","guid":{"rendered":"https:\/\/roveyayinevi.com.tr\/index.php\/urun\/bizans-imparatorlugu-tarihi-2\/"},"modified":"2026-04-16T02:21:06","modified_gmt":"2026-04-15T23:21:06","slug":"bizans-imparatorlugu-tarihi-2","status":"publish","type":"product","link":"https:\/\/roveyayinevi.com.tr\/index.php\/urun\/bizans-imparatorlugu-tarihi-2\/","title":{"rendered":"Bizans \u0130mparatorlu\u011fu Tarihi"},"content":{"rendered":"<p>\u201cBizans, Roma \u0130mparatorlu\u011fu\u2019nun devam\u0131 ve gerilemesi olarak g\u00f6r\u00fcl\u00fcyor. Bizler, y\u00fczy\u0131llar \u00f6ncesinden kalm\u0131\u015f h\u0131n\u00e7lar\u0131n getirdi\u011fi bilin\u00e7siz bir \u00e7abayla, kaybolmu\u015f dini tutkular\u0131n belli belirsiz \u015fekilde yeniden hat\u0131rlanmas\u0131yla, Orta\u00e7a\u011f Yunanlar\u0131n\u0131 h\u00e2l\u00e2, onlar\u0131 anlamam\u0131\u015f olan Ha\u00e7l\u0131lar\u0131n ve onlar\u0131 aforoz etmi\u015f papalar\u0131n yarg\u0131lad\u0131\u011f\u0131 gibi yarg\u0131l\u0131yoruz. Ger\u00e7ekte ise Bizans, bundan tamamen farkl\u0131yd\u0131. Her ne kadar kendisini Roma\u2019n\u0131n miras\u00e7\u0131s\u0131 ve s\u00fcrd\u00fcr\u00fcc\u00fcs\u00fc ilan etmi\u015fse de, imparatorlu\u011fun eski ve \u015fanl\u0131 ba\u015fkenti \u00fczerinde hak talep etmekten hi\u00e7bir zaman vazge\u00e7memi\u015flerse de, ger\u00e7ekte Bizans \u00e7ok h\u0131zl\u0131 bir \u015fekilde bir Do\u011fu monar\u015fisi haline gelmi\u015fti. Onu hi\u00e7bir \u015fekilde, Roma\u2019n\u0131n ezici an\u0131lar\u0131yla mukayese etmemek gerekir.\u201d Charles Diehl taraf\u0131ndan 1919\u2019da kaleme al\u0131nan Bizans \u0130mparatorlu\u011fu Tarihi, yay\u0131mlanmas\u0131n\u0131n \u00fczerinden neredeyse bir y\u00fczy\u0131l ge\u00e7mesine ra\u011fmen, h\u00e2l\u00e2 alan\u0131n\u0131n en yetkin eserlerinden biri olarak kabul ediliyor. Bizans \u0130mparatorlu\u011fu\u2019nu sava\u015flar\u0131, isyanlar\u0131, darbeleri, taht kavgalar\u0131, ekonomisi ve k\u00fclt\u00fcr\u00fcyle bir b\u00fct\u00fcn olarak ele alan kitap, efsaneler ve s\u00f6ylentilerle \u00f6r\u00fcl\u00fc biny\u0131ll\u0131k bir hakikatin kap\u0131s\u0131n\u0131 aral\u0131yor. <\/p>\n","protected":false},"excerpt":{"rendered":"<p>\u201cBizans, Roma \u0130mparatorlu\u011fu\u2019nun devam\u0131 ve gerilemesi olarak g\u00f6r\u00fcl\u00fcyor. Bizler, y\u00fczy\u0131llar \u00f6ncesinden kalm\u0131\u015f h\u0131n\u00e7lar\u0131n getirdi\u011fi bilin\u00e7siz bir \u00e7abayla, kaybolmu\u015f dini tutkular\u0131n belli belirsiz \u015fekilde yeniden hat\u0131rlanmas\u0131yla, Orta\u00e7a\u011f<span class=\"excerpt-hellip\"> [\u2026]<\/span><\/p>\n","protected":false},"featured_media":0,"template":"","meta":{"_monsterinsights_skip_tracking":false,"_monsterinsights_sitenote_active":false,"_monsterinsights_sitenote_note":"","_monsterinsights_sitenote_category":0},"product_brand":[],"product_cat":[12305,12304],"product_tag":[],"class_list":{"0":"post-712740","1":"product","2":"type-product","3":"status-publish","5":"product_cat-dunya-tarihi","6":"product_cat-tarih","7":"pa_cilt-ciltsiz","8":"pa_tur-kitap","9":"pa_yayinevi-inkilap-kitabevi","10":"pa_yazar-charles-diehl","12":"first","13":"instock","14":"sale","15":"shipping-taxable","16":"purchasable","17":"product-type-simple"},"_links":{"self":[{"href":"https:\/\/roveyayinevi.com.tr\/index.php\/wp-json\/wp\/v2\/product\/712740","targetHints":{"allow":["GET"]}}],"collection":[{"href":"https:\/\/roveyayinevi.com.tr\/index.php\/wp-json\/wp\/v2\/product"}],"about":[{"href":"https:\/\/roveyayinevi.com.tr\/index.php\/wp-json\/wp\/v2\/types\/product"}],"wp:attachment":[{"href":"https:\/\/roveyayinevi.com.tr\/index.php\/wp-json\/wp\/v2\/media?parent=712740"}],"wp:term":[{"taxonomy":"product_brand","embeddable":true,"href":"https:\/\/roveyayinevi.com.tr\/index.php\/wp-json\/wp\/v2\/product_brand?post=712740"},{"taxonomy":"product_cat","embeddable":true,"href":"https:\/\/roveyayinevi.com.tr\/index.php\/wp-json\/wp\/v2\/product_cat?post=712740"},{"taxonomy":"product_tag","embeddable":true,"href":"https:\/\/roveyayinevi.com.tr\/index.php\/wp-json\/wp\/v2\/product_tag?post=712740"}],"curies":[{"name":"wp","href":"https:\/\/api.w.org\/{rel}","templated":true}]}}