{"id":712733,"date":"2025-08-27T16:59:08","date_gmt":"2025-08-27T13:59:08","guid":{"rendered":"https:\/\/roveyayinevi.com.tr\/index.php\/urun\/incilerin-yildizi\/"},"modified":"2026-04-16T02:21:06","modified_gmt":"2026-04-15T23:21:06","slug":"incilerin-yildizi","status":"publish","type":"product","link":"https:\/\/roveyayinevi.com.tr\/index.php\/urun\/incilerin-yildizi\/","title":{"rendered":"\u0130ncilerin Y\u0131ld\u0131z\u0131"},"content":{"rendered":"<p>Elmas, efsanelerin ta\u015f\u0131d\u0131r. Tarih boyunca insanlar elmasa bir\u00e7ok anlam y\u00fcklemi\u015ftir. Kimilerine g\u00f6re d\u00fcnyan\u0131n bilgeli\u011fi ve hikmeti, kimilerine g\u00f6re de hastal\u0131klar\u0131n \u015fifas\u0131 elmaslar\u0131n i\u00e7inde sakl\u0131yd\u0131. Elmas, bir t\u0131ls\u0131md\u0131. Krallar, yenilmemek i\u00e7in sava\u015fta boyunlar\u0131nda elmas ta\u015f\u0131rd\u0131. Krali\u00e7eler, e\u015fsizliklerini g\u00f6stermek i\u00e7in elmas takard\u0131. Lakin bu e\u015fsiz ve yok edilemez nesneye en b\u00fcy\u00fck anlam\u0131 Yunanl\u0131lar y\u00fcklemi\u015fti. Onlar i\u00e7in elmaslar, tanr\u0131lar\u0131n g\u00f6zya\u015flar\u0131yd\u0131\u2026 Elmaslar i\u00e7inde e\u015fsiz yeri olanlardan biri de Ka\u015f\u0131k\u00e7\u0131 Elmas\u0131 idi. Osmanl\u0131lar ona \u201cKevkeb-i D\u00fcrri\u201d demi\u015flerdi. \u0130ncilerin Y\u0131ld\u0131z\u0131\u2026 Peki, Ka\u015f\u0131k\u00e7\u0131 Elmas\u0131\u2019n\u0131n ger\u00e7ek hik\u00e2yesi neydi? Ger\u00e7ekten bir \u00e7\u00f6pl\u00fckte bulunmu\u015f ve \u00fc\u00e7 ka\u015f\u0131k kar\u015f\u0131l\u0131\u011f\u0131nda m\u0131 sat\u0131lm\u0131\u015ft\u0131? Yoksa Hindistan\u2019dan Napolyon\u2019a, Napolyon\u2019dan Tepedelenli Ali Pa\u015fa\u2019ya uzanan ve en sonunda Topkap\u0131 Saray\u0131\u2019na varan ba\u015fka bir hik\u00e2yesi mi vard\u0131?Yahut hi\u00e7 bilinmeyen ba\u015fka bir maceran\u0131n ba\u011fr\u0131nda m\u0131 duruyordu? \u0130ncilerin Y\u0131ld\u0131z\u0131, Ka\u015f\u0131k\u00e7\u0131 Elmas\u0131\u2019n\u0131n efsunlu hik\u00e2yesinin g\u00f6lgesinde bir macera roman\u0131. Kaybettiklerimizi bulmak isteyen bir tarih\u00e7inin ilgin\u00e7 ser\u00fcveni\u2026 <\/p>\n","protected":false},"excerpt":{"rendered":"<p>Elmas, efsanelerin ta\u015f\u0131d\u0131r. Tarih boyunca insanlar elmasa bir\u00e7ok anlam y\u00fcklemi\u015ftir. Kimilerine g\u00f6re d\u00fcnyan\u0131n bilgeli\u011fi ve hikmeti, kimilerine g\u00f6re de hastal\u0131klar\u0131n \u015fifas\u0131 elmaslar\u0131n i\u00e7inde sakl\u0131yd\u0131. Elmas, bir<span class=\"excerpt-hellip\"> [\u2026]<\/span><\/p>\n","protected":false},"featured_media":0,"template":"","meta":{"_monsterinsights_skip_tracking":false,"_monsterinsights_sitenote_active":false,"_monsterinsights_sitenote_note":"","_monsterinsights_sitenote_category":0},"product_brand":[],"product_cat":[12291,12711],"product_tag":[],"class_list":{"0":"post-712733","1":"product","2":"type-product","3":"status-publish","5":"product_cat-edebiyat","6":"product_cat-roman-oyku","7":"pa_cilt-ciltsiz","8":"pa_tur-kitap","9":"pa_yayinevi-profil-kitap","10":"pa_yazar-m-yahya-coskun","12":"first","13":"instock","14":"sale","15":"shipping-taxable","16":"purchasable","17":"product-type-simple"},"_links":{"self":[{"href":"https:\/\/roveyayinevi.com.tr\/index.php\/wp-json\/wp\/v2\/product\/712733","targetHints":{"allow":["GET"]}}],"collection":[{"href":"https:\/\/roveyayinevi.com.tr\/index.php\/wp-json\/wp\/v2\/product"}],"about":[{"href":"https:\/\/roveyayinevi.com.tr\/index.php\/wp-json\/wp\/v2\/types\/product"}],"wp:attachment":[{"href":"https:\/\/roveyayinevi.com.tr\/index.php\/wp-json\/wp\/v2\/media?parent=712733"}],"wp:term":[{"taxonomy":"product_brand","embeddable":true,"href":"https:\/\/roveyayinevi.com.tr\/index.php\/wp-json\/wp\/v2\/product_brand?post=712733"},{"taxonomy":"product_cat","embeddable":true,"href":"https:\/\/roveyayinevi.com.tr\/index.php\/wp-json\/wp\/v2\/product_cat?post=712733"},{"taxonomy":"product_tag","embeddable":true,"href":"https:\/\/roveyayinevi.com.tr\/index.php\/wp-json\/wp\/v2\/product_tag?post=712733"}],"curies":[{"name":"wp","href":"https:\/\/api.w.org\/{rel}","templated":true}]}}