{"id":712731,"date":"2025-08-27T16:59:07","date_gmt":"2025-08-27T13:59:07","guid":{"rendered":"https:\/\/roveyayinevi.com.tr\/index.php\/urun\/gitar-metodu\/"},"modified":"2026-04-16T02:21:06","modified_gmt":"2026-04-15T23:21:06","slug":"gitar-metodu","status":"publish","type":"product","link":"https:\/\/roveyayinevi.com.tr\/index.php\/urun\/gitar-metodu\/","title":{"rendered":"Gitar Metodu"},"content":{"rendered":"<p>Hem deneyimli m\u00fczisyenler hem de gitara yeni ba\u015flayanlar i\u00e7in gitar notalar\u0131, akorlar\u0131 ve ritimlerini t\u00fcm detaylar\u0131yla anlatan kapsaml\u0131 bir rehber. Bu kitap sayesinde b\u00fcy\u00fck gitaristlerin kullan\u0131ld\u0131\u011f\u0131 bir\u00e7ok temel tekni\u011fi \u00f6\u011frenecek ve tarz\u0131n\u0131za ola\u011fan\u00fcst\u00fc bir ustal\u0131k katacaks\u0131n\u0131z. \u00b7         Kitap boyunca konu konu ilerleyen anlat\u0131m tarz\u0131, \u00f6\u011frenmeyi kolayla\u015ft\u0131rarak gitar \u00e7alma becerilerinizi geli\u015ftirmenize yard\u0131m ediyor. \u00b7         Uygulama \u00c7al\u0131\u015fmalar\u0131 b\u00f6l\u00fcm\u00fc, \u00f6rnek \u015fark\u0131 d\u00fczenlemeleri ile akor ge\u00e7i\u015fleri, bare basma, r,t,m becerileri gibi teknikleri ayr\u0131nt\u0131l\u0131 ve kolay anla\u015f\u0131l\u0131r bir bi\u00e7imde a\u00e7\u0131kl\u0131yor. \u00b7         Uygulama b\u00f6l\u00fcm\u00fcnde g\u00f6sterilen t\u00fcm akorlar\u0131 bir arada bulman\u0131z\u0131 sa\u011flayan Akor Tablolar\u0131 b\u00f6l\u00fcm\u00fcndeki egzersizler sayesinde bolca pratik yapma olana\u011f\u0131 bulacaks\u0131n\u0131z. \u00b7         \u0130pucu b\u00f6l\u00fcmleri, s\u0131kl\u0131kla kar\u015f\u0131la\u015f\u0131lan sorunlar\u0131 \u00e7\u00f6zmenize ve tekni\u011finizi geli\u015ftirmenize yard\u0131mc\u0131 oluyor. \u00b7         TABLATURE ve akor tablolar\u0131 sayesinde parmaklar\u0131n\u0131z\u0131 gitar \u00fczerinde nereye yerle\u015ftirmeniz gerekti\u011fini \u00f6\u011freneceksiniz. Bu kitap, Nick Powlesland dan\u0131\u015fmanl\u0131\u011f\u0131nda uzman m\u00fczisyenler ve m\u00fczik \u00f6\u011fretmenleri taraf\u0131ndan haz\u0131rlanm\u0131\u015ft\u0131r. <\/p>\n","protected":false},"excerpt":{"rendered":"<p>Hem deneyimli m\u00fczisyenler hem de gitara yeni ba\u015flayanlar i\u00e7in gitar notalar\u0131, akorlar\u0131 ve ritimlerini t\u00fcm detaylar\u0131yla anlatan kapsaml\u0131 bir rehber. Bu kitap sayesinde b\u00fcy\u00fck gitaristlerin kullan\u0131ld\u0131\u011f\u0131<span class=\"excerpt-hellip\"> [\u2026]<\/span><\/p>\n","protected":false},"featured_media":0,"template":"","meta":{"_monsterinsights_skip_tracking":false,"_monsterinsights_sitenote_active":false,"_monsterinsights_sitenote_note":"","_monsterinsights_sitenote_category":0},"product_brand":[],"product_cat":[14556,14557],"product_tag":[],"class_list":{"0":"post-712731","1":"product","2":"type-product","3":"status-publish","5":"product_cat-muzik","6":"product_cat-nota-kitaplari","7":"pa_cilt-ciltsiz","8":"pa_tur-kitap","9":"pa_yayinevi-arkadas-yayinlari-muzik-kitaplari","10":"pa_yazar-kollektif","12":"first","13":"instock","14":"sale","15":"shipping-taxable","16":"purchasable","17":"product-type-simple"},"_links":{"self":[{"href":"https:\/\/roveyayinevi.com.tr\/index.php\/wp-json\/wp\/v2\/product\/712731","targetHints":{"allow":["GET"]}}],"collection":[{"href":"https:\/\/roveyayinevi.com.tr\/index.php\/wp-json\/wp\/v2\/product"}],"about":[{"href":"https:\/\/roveyayinevi.com.tr\/index.php\/wp-json\/wp\/v2\/types\/product"}],"wp:attachment":[{"href":"https:\/\/roveyayinevi.com.tr\/index.php\/wp-json\/wp\/v2\/media?parent=712731"}],"wp:term":[{"taxonomy":"product_brand","embeddable":true,"href":"https:\/\/roveyayinevi.com.tr\/index.php\/wp-json\/wp\/v2\/product_brand?post=712731"},{"taxonomy":"product_cat","embeddable":true,"href":"https:\/\/roveyayinevi.com.tr\/index.php\/wp-json\/wp\/v2\/product_cat?post=712731"},{"taxonomy":"product_tag","embeddable":true,"href":"https:\/\/roveyayinevi.com.tr\/index.php\/wp-json\/wp\/v2\/product_tag?post=712731"}],"curies":[{"name":"wp","href":"https:\/\/api.w.org\/{rel}","templated":true}]}}