{"id":712698,"date":"2025-08-27T16:58:48","date_gmt":"2025-08-27T13:58:48","guid":{"rendered":"https:\/\/roveyayinevi.com.tr\/index.php\/urun\/cerkes-ethem-puslu-hava\/"},"modified":"2026-04-16T02:21:05","modified_gmt":"2026-04-15T23:21:05","slug":"cerkes-ethem-puslu-hava","status":"publish","type":"product","link":"https:\/\/roveyayinevi.com.tr\/index.php\/urun\/cerkes-ethem-puslu-hava\/","title":{"rendered":"\u00c7erkes Ethem &#8211; Puslu Hava"},"content":{"rendered":"<p>\u00c7erke\u015f Ethem 12 \u015eubat 1919&#8217;da, hasm\u0131 ve eski \u0130zmir Valisi Rahmi Bey&#8217;in biricik o\u011flu Alparslan&#8217;\u0131 ka\u00e7\u0131rd\u0131. Fidye \u00f6denmeyecek olursa Ethem, Alparslan&#8217;\u0131n kesik ba\u015f\u0131n\u0131 \u00e7uval i\u00e7inde annesine g\u00f6nderecekti. \u0130stedi\u011fi kurtarmal\u0131k \u00f6denemeyecek gibidir. \u00dcstelik Rahmi Bey \u0130ttihat\u00e7\u0131 oldu\u011fu gerek\u00e7esiyle Bekira\u011fa B\u00f6l\u00fc\u011f\u00fc&#8217;nde hapistir. Eski Hareket Ordusu Kumandan\u0131 olan kay\u0131npederi H\u00fcseyin H\u00fcsn\u00fc Pa\u015fa ve \u00c7erke\u015f Ethem kadar naml\u0131 bir \u00c7erke\u015f olan Baki Bey&#8217;den telgrafla yard\u0131m ister.&#8221;Teslim olmak yok pa\u015fam. Siz \u00f6mr\u00fc hayat\u0131n\u0131zda d\u00fc\u015fmana teslim olmad\u0131n\u0131z, Hareket Ordusu&#8217;yla \u0130stanbul&#8217;a gelirken de teslim olmad\u0131n\u0131z, \u015fimdi mi teslim olacaks\u0131n\u0131z?&#8221;H\u00fcseyin H\u00fcsn\u00fc Pa\u015fa&#8217;n\u0131n kahve fincan\u0131n\u0131 tutan elleri titriyordu. &#8220;\u0130\u015fte orada yan\u0131ld\u0131n Baki Bey o\u011flum, Hareket Ordusu&#8217;yla Ayastefanos&#8217;a geldi\u011fimde ben teslim oldum, hareketten vazge\u00e7tim, vazge\u00e7meyen Mustafa Kemal&#8217;di.&#8221; <\/p>\n","protected":false},"excerpt":{"rendered":"<p>\u00c7erke\u015f Ethem 12 \u015eubat 1919&#8217;da, hasm\u0131 ve eski \u0130zmir Valisi Rahmi Bey&#8217;in biricik o\u011flu Alparslan&#8217;\u0131 ka\u00e7\u0131rd\u0131. Fidye \u00f6denmeyecek olursa Ethem, Alparslan&#8217;\u0131n kesik ba\u015f\u0131n\u0131 \u00e7uval i\u00e7inde annesine<span class=\"excerpt-hellip\"> [\u2026]<\/span><\/p>\n","protected":false},"featured_media":0,"template":"","meta":{"_monsterinsights_skip_tracking":false,"_monsterinsights_sitenote_active":false,"_monsterinsights_sitenote_note":"","_monsterinsights_sitenote_category":0},"product_brand":[],"product_cat":[12291,12745],"product_tag":[],"class_list":{"0":"post-712698","1":"product","2":"type-product","3":"status-publish","5":"product_cat-edebiyat","6":"product_cat-tarihi-roman","7":"pa_cilt-ciltsiz","8":"pa_tur-kitap","9":"pa_yayinevi-ilkim-ozan-yayinlari","10":"pa_yazar-halit-payza","12":"first","13":"instock","14":"sale","15":"shipping-taxable","16":"purchasable","17":"product-type-simple"},"_links":{"self":[{"href":"https:\/\/roveyayinevi.com.tr\/index.php\/wp-json\/wp\/v2\/product\/712698","targetHints":{"allow":["GET"]}}],"collection":[{"href":"https:\/\/roveyayinevi.com.tr\/index.php\/wp-json\/wp\/v2\/product"}],"about":[{"href":"https:\/\/roveyayinevi.com.tr\/index.php\/wp-json\/wp\/v2\/types\/product"}],"wp:attachment":[{"href":"https:\/\/roveyayinevi.com.tr\/index.php\/wp-json\/wp\/v2\/media?parent=712698"}],"wp:term":[{"taxonomy":"product_brand","embeddable":true,"href":"https:\/\/roveyayinevi.com.tr\/index.php\/wp-json\/wp\/v2\/product_brand?post=712698"},{"taxonomy":"product_cat","embeddable":true,"href":"https:\/\/roveyayinevi.com.tr\/index.php\/wp-json\/wp\/v2\/product_cat?post=712698"},{"taxonomy":"product_tag","embeddable":true,"href":"https:\/\/roveyayinevi.com.tr\/index.php\/wp-json\/wp\/v2\/product_tag?post=712698"}],"curies":[{"name":"wp","href":"https:\/\/api.w.org\/{rel}","templated":true}]}}